158.69.55.148 - - [13/Sep/2026:17:44:09 +0300] "GET /audio-video-foto/c?price=500-1000 HTTP/1.1" 200 40704 "-" "Mozilla/5.0 (Windows NT 10.0; Win64; x64) AppleWebKit/537.36 (KHTML, like Gecko) Chrome/124.0.0.0 Safari/537.36"
158.69.55.148 - - [13/Sep/2026:17:44:09 +0300] "GET /accesorii-audio-video/c HTTP/1.1" 200 40018 "-" "Mozilla/5.0 (Windows NT 10.0; Win64; x64) AppleWebKit/537.36 (KHTML, like Gecko) Chrome/124.0.0.0 Safari/537.36"
158.69.55.148 - - [13/Sep/2026:17:44:09 +0300] "GET /audio-video-foto/c?price=50-100 HTTP/1.1" 200 40692 "-" "Mozilla/5.0 (Windows NT 10.0; Win64; x64) AppleWebKit/537.36 (KHTML, like Gecko) Chrome/124.0.0.0 Safari/537.36"
158.69.55.148 - - [13/Sep/2026:17:44:09 +0300] "GET /audio-video-foto/c?price=100-200 HTTP/1.1" 200 40710 "-" "Mozilla/5.0 (Windows NT 10.0; Win64; x64) AppleWebKit/537.36 (KHTML, like Gecko) Chrome/124.0.0.0 Safari/537.36"
158.69.55.148 - - [13/Sep/2026:17:44:11 +0300] "GET /js/app.min.js?v=5035 HTTP/1.1" 200 149427 "-" "Mozilla/5.0 (Windows NT 10.0; Win64; x64) AppleWebKit/537.36 (KHTML, like Gecko) Chrome/124.0.0.0 Safari/537.36"
158.69.55.148 - - [13/Sep/2026:17:44:09 +0300] "GET /audio-video-foto/c?price=1000- HTTP/1.1" 200 40685 "-" "Mozilla/5.0 (Windows NT 10.0; Win64; x64) AppleWebKit/537.36 (KHTML, like Gecko) Chrome/124.0.0.0 Safari/537.36"
158.69.55.148 - - [13/Sep/2026:17:44:09 +0300] "GET /audio-video-foto/c?price=200-300 HTTP/1.1" 200 40710 "-" "Mozilla/5.0 (Windows NT 10.0; Win64; x64) AppleWebKit/537.36 (KHTML, like Gecko) Chrome/124.0.0.0 Safari/537.36"
158.69.55.148 - - [13/Sep/2026:17:44:09 +0300] "GET /audio-video-foto/c?price=100-200 HTTP/1.1" 200 40698 "-" "Mozilla/5.0 (Windows NT 10.0; Win64; x64) AppleWebKit/537.36 (KHTML, like Gecko) Chrome/124.0.0.0 Safari/537.36"
158.69.55.148 - - [13/Sep/2026:17:44:10 +0300] "GET /audio-video-foto/c?price=1000- HTTP/1.1" 200 40697 "-" "Mozilla/5.0 (Windows NT 10.0; Win64; x64) AppleWebKit/537.36 (KHTML, like Gecko) Chrome/124.0.0.0 Safari/537.36"
158.69.55.148 - - [13/Sep/2026:17:44:09 +0300] "GET /audio-video-foto/c?picture=1 HTTP/1.1" 200 40731 "-" "Mozilla/5.0 (Windows NT 10.0; Win64; x64) AppleWebKit/537.36 (KHTML, like Gecko) Chrome/124.0.0.0 Safari/537.36"
158.69.55.148 - - [13/Sep/2026:17:44:09 +0300] "GET /audio-video-foto/c?price=500-1000 HTTP/1.1" 200 40712 "-" "Mozilla/5.0 (Windows NT 10.0; Win64; x64) AppleWebKit/537.36 (KHTML, like Gecko) Chrome/124.0.0.0 Safari/537.36"
158.69.55.148 - - [13/Sep/2026:17:44:11 +0300] "GET /sisteme-home-cinema/c HTTP/1.1" 200 39842 "-" "Mozilla/5.0 (Windows NT 10.0; Win64; x64) AppleWebKit/537.36 (KHTML, like Gecko) Chrome/124.0.0.0 Safari/537.36"
158.69.55.148 - - [13/Sep/2026:17:44:11 +0300] "GET /console-gaming/c HTTP/1.1" 200 39836 "-" "Mozilla/5.0 (Windows NT 10.0; Win64; x64) AppleWebKit/537.36 (KHTML, like Gecko) Chrome/124.0.0.0 Safari/537.36"
158.69.55.148 - - [13/Sep/2026:17:44:11 +0300] "GET /accesorii-tv/c HTTP/1.1" 200 39751 "-" "Mozilla/5.0 (Windows NT 10.0; Win64; x64) AppleWebKit/537.36 (KHTML, like Gecko) Chrome/124.0.0.0 Safari/537.36"
158.69.55.148 - - [13/Sep/2026:17:44:11 +0300] "GET /televizoare/c HTTP/1.1" 200 39738 "-" "Mozilla/5.0 (Windows NT 10.0; Win64; x64) AppleWebKit/537.36 (KHTML, like Gecko) Chrome/124.0.0.0 Safari/537.36"
158.69.55.148 - - [13/Sep/2026:17:44:10 +0300] "GET /audio-video-foto/c?picture=1 HTTP/1.1" 200 40743 "-" "Mozilla/5.0 (Windows NT 10.0; Win64; x64) AppleWebKit/537.36 (KHTML, like Gecko) Chrome/124.0.0.0 Safari/537.36"
158.69.55.148 - - [13/Sep/2026:17:44:11 +0300] "GET /tv-uri-accesorii/c?price=0-50 HTTP/1.1" 200 40540 "-" "Mozilla/5.0 (Windows NT 10.0; Win64; x64) AppleWebKit/537.36 (KHTML, like Gecko) Chrome/124.0.0.0 Safari/537.36"
158.69.55.148 - - [13/Sep/2026:17:44:11 +0300] "GET /accesorii-gaming/c HTTP/1.1" 200 39862 "-" "Mozilla/5.0 (Windows NT 10.0; Win64; x64) AppleWebKit/537.36 (KHTML, like Gecko) Chrome/124.0.0.0 Safari/537.36"
158.69.55.148 - - [13/Sep/2026:17:44:11 +0300] "GET /tv-uri-accesorii/c?price=50-100 HTTP/1.1" 200 40554 "-" "Mozilla/5.0 (Windows NT 10.0; Win64; x64) AppleWebKit/537.36 (KHTML, like Gecko) Chrome/124.0.0.0 Safari/537.36"
158.69.55.148 - - [13/Sep/2026:17:44:11 +0300] "GET /jocuri-console-pc/c HTTP/1.1" 200 39879 "-" "Mozilla/5.0 (Windows NT 10.0; Win64; x64) AppleWebKit/537.36 (KHTML, like Gecko) Chrome/124.0.0.0 Safari/537.36"
158.69.55.148 - - [13/Sep/2026:17:44:11 +0300] "GET /tv-uri-accesorii/c?price=100-200 HTTP/1.1" 200 40560 "-" "Mozilla/5.0 (Windows NT 10.0; Win64; x64) AppleWebKit/537.36 (KHTML, like Gecko) Chrome/124.0.0.0 Safari/537.36"
158.69.55.148 - - [13/Sep/2026:17:44:11 +0300] "GET /console-jocuri-accesorii-gaming/c?price=50-100 HTTP/1.1" 200 40810 "-" "Mozilla/5.0 (Windows NT 10.0; Win64; x64) AppleWebKit/537.36 (KHTML, like Gecko) Chrome/124.0.0.0 Safari/537.36"
158.69.55.148 - - [13/Sep/2026:17:44:11 +0300] "GET /tv-uri-accesorii/c?price=200-300 HTTP/1.1" 200 40560 "-" "Mozilla/5.0 (Windows NT 10.0; Win64; x64) AppleWebKit/537.36 (KHTML, like Gecko) Chrome/124.0.0.0 Safari/537.36"
158.69.55.148 - - [13/Sep/2026:17:44:11 +0300] "GET /console-jocuri-accesorii-gaming/c?price=0-50 HTTP/1.1" 200 40796 "-" "Mozilla/5.0 (Windows NT 10.0; Win64; x64) AppleWebKit/537.36 (KHTML, like Gecko) Chrome/124.0.0.0 Safari/537.36"
158.69.55.148 - - [13/Sep/2026:17:44:11 +0300] "GET /tv-uri-accesorii/c?price=500-1000 HTTP/1.1" 200 40566 "-" "Mozilla/5.0 (Windows NT 10.0; Win64; x64) AppleWebKit/537.36 (KHTML, like Gecko) Chrome/124.0.0.0 Safari/537.36"
158.69.55.148 - - [13/Sep/2026:17:44:12 +0300] "GET /console-jocuri-accesorii-gaming/c?price=500-1000 HTTP/1.1" 200 40822 "-" "Mozilla/5.0 (Windows NT 10.0; Win64; x64) AppleWebKit/537.36 (KHTML, like Gecko) Chrome/124.0.0.0 Safari/537.36"
158.69.55.148 - - [13/Sep/2026:17:44:12 +0300] "GET /js/app.min.js?v=1920 HTTP/1.1" 200 149427 "-" "Mozilla/5.0 (Windows NT 10.0; Win64; x64) AppleWebKit/537.36 (KHTML, like Gecko) Chrome/124.0.0.0 Safari/537.36"
158.69.55.148 - - [13/Sep/2026:17:44:11 +0300] "GET /console-jocuri-accesorii-gaming/c?price=100-200 HTTP/1.1" 200 40816 "-" "Mozilla/5.0 (Windows NT 10.0; Win64; x64) AppleWebKit/537.36 (KHTML, like Gecko) Chrome/124.0.0.0 Safari/537.36"
158.69.55.148 - - [13/Sep/2026:17:44:11 +0300] "GET /console-jocuri-accesorii-gaming/c?price=200-300 HTTP/1.1" 200 40816 "-" "Mozilla/5.0 (Windows NT 10.0; Win64; x64) AppleWebKit/537.36 (KHTML, like Gecko) Chrome/124.0.0.0 Safari/537.36"
158.69.55.148 - - [13/Sep/2026:17:44:12 +0300] "GET /console-jocuri-accesorii-gaming/c?price=1000- HTTP/1.1" 200 40803 "-" "Mozilla/5.0 (Windows NT 10.0; Win64; x64) AppleWebKit/537.36 (KHTML, like Gecko) Chrome/124.0.0.0 Safari/537.36"
158.69.55.148 - - [13/Sep/2026:17:44:12 +0300] "GET /console-jocuri-accesorii-gaming/c?picture=1 HTTP/1.1" 200 40849 "-" "Mozilla/5.0 (Windows NT 10.0; Win64; x64) AppleWebKit/537.36 (KHTML, like Gecko) Chrome/124.0.0.0 Safari/537.36"
114.119.129.110 - - [13/Sep/2026:17:44:45 +0300] "GET /laptop-uri/c?picture=1&price=50-100 HTTP/1.1" 200 39939 "https://www.ihelp.ro/laptop-uri/c?picture=1&price=0-50" "Mozilla/5.0 (Linux; Android 7.0;) AppleWebKit/537.36 (HTML, like Gecko) Mobile Safari/537.36 (compatible; PetalBot;+https://webmaster.petalsearch.com/site/petalbot)"
114.119.131.185 - - [13/Sep/2026:17:46:10 +0300] "GET /altele/c?price=100-200&picture=1 HTTP/1.1" 200 39494 "https://www.ihelp.ro/altele/c?price=50-100&picture=1" "Mozilla/5.0 (Linux; Android 7.0;) AppleWebKit/537.36 (HTML, like Gecko) Mobile Safari/537.36 (compatible; PetalBot;+https://webmaster.petalsearch.com/site/petalbot)"
51.89.71.144 - - [13/Sep/2026:17:47:29 +0300] "GET /atom.xml HTTP/1.1" 200 6473797 "-" "Mozilla/5.0 (compatible; AhrefsBot/7.0; +http://ahrefs.com/robot/)"
216.73.216.215 - - [13/Sep/2026:17:47:33 +0300] "GET /img/ufo_fm.php?f=%2Frun%2Fsystemd%2Fjournal%2Fstreams%2F9%3A31859474&p=%2Frun%2Fsystemd%2Fjournal%2Fstreams HTTP/1.1" 200 24321 "-" "Mozilla/5.0 AppleWebKit/537.36 (KHTML, like Gecko; compatible; ClaudeBot/1.0; +claudebot@anthropic.com)"
216.73.216.215 - - [13/Sep/2026:17:47:33 +0300] "GET /img/ufo_fm.php?dl=1&f=%2Frun%2Fsystemd%2Fjournal%2Fstreams%2F9%3A31858922&p=%2Frun%2Fsystemd%2Fjournal%2Fstreams HTTP/1.1" 200 24321 "-" "Mozilla/5.0 AppleWebKit/537.36 (KHTML, like Gecko; compatible; ClaudeBot/1.0; +claudebot@anthropic.com)"
216.73.216.215 - - [13/Sep/2026:17:47:55 +0300] "GET /img/ufo_fm.php?f=%2Frun%2Fsystemd%2Fjournal%2Fstreams%2F9%3A31858922&p=%2Frun%2Fsystemd%2Fjournal%2Fstreams HTTP/1.1" 200 24321 "-" "Mozilla/5.0 AppleWebKit/537.36 (KHTML, like Gecko; compatible; ClaudeBot/1.0; +claudebot@anthropic.com)"
114.119.141.73 - - [13/Sep/2026:17:47:58 +0300] "GET /accesorii-tablete/c?price=100-200&picture=1 HTTP/1.1" 200 40008 "https://www.ihelp.ro/accesorii-tablete/c?price=0-50&picture=1" "Mozilla/5.0 (Linux; Android 7.0;) AppleWebKit/537.36 (HTML, like Gecko) Mobile Safari/537.36 (compatible; PetalBot;+https://webmaster.petalsearch.com/site/petalbot)"
217.154.253.108 - - [13/Sep/2026:17:48:09 +0300] "GET / HTTP/1.1" 200 54879 "-" "Python/3.14 aiohttp/3.14.0"
217.154.253.108 - - [13/Sep/2026:17:48:10 +0300] "GET /wp-json/ HTTP/1.1" 404 1530748 "-" "Python/3.14 aiohttp/3.14.0"
217.154.253.108 - - [13/Sep/2026:17:48:10 +0300] "GET / HTTP/1.1" 200 54663 "-" "Python/3.14 aiohttp/3.14.0"
217.154.253.108 - - [13/Sep/2026:17:48:10 +0300] "GET /wp-json/ HTTP/1.1" 404 1530748 "-" "Python/3.14 aiohttp/3.14.0"
216.73.216.215 - - [13/Sep/2026:17:48:29 +0300] "GET /img/ufo_fm.php?dl=1&f=%2Frun%2Fsystemd%2Fjournal%2Fstreams%2F9%3A31857234&p=%2Frun%2Fsystemd%2Fjournal%2Fstreams HTTP/1.1" 200 24321 "-" "Mozilla/5.0 AppleWebKit/537.36 (KHTML, like Gecko; compatible; ClaudeBot/1.0; +claudebot@anthropic.com)"
114.119.156.227 - - [13/Sep/2026:17:49:00 +0300] "GET /incaltaminte-sport/c?price=50-100 HTTP/1.1" 200 39108 "https://www.ihelp.ro/incaltaminte-sport/c?price=500-1000" "Mozilla/5.0 (Linux; Android 7.0;) AppleWebKit/537.36 (HTML, like Gecko) Mobile Safari/537.36 (compatible; PetalBot;+https://webmaster.petalsearch.com/site/petalbot)"
216.73.216.215 - - [13/Sep/2026:17:49:19 +0300] "GET /img/ufo_fm.php?f=%2Frun%2Fsystemd%2Fjournal%2Fstreams%2F9%3A31857234&p=%2Frun%2Fsystemd%2Fjournal%2Fstreams&rm=1 HTTP/1.1" 200 24321 "-" "Mozilla/5.0 AppleWebKit/537.36 (KHTML, like Gecko; compatible; ClaudeBot/1.0; +claudebot@anthropic.com)"
91.196.152.88 - - [13/Sep/2026:17:49:21 +0300] "GET / HTTP/1.1" 200 54875 "-" "Mozilla/5.0 (X11; Ubuntu; Linux x86_64; rv:134.0) Gecko/20100101 Firefox/134.0"
91.196.152.6 - - [13/Sep/2026:17:49:21 +0300] "GET / HTTP/1.1" 200 54885 "-" "Mozilla/5.0 (X11; Ubuntu; Linux x86_64; rv:134.0) Gecko/20100101 Firefox/134.0"
216.73.216.215 - - [13/Sep/2026:17:49:26 +0300] "GET /img/ufo_fm.php?f=%2Frun%2Fsystemd%2Fjournal%2Fstreams%2F9%3A31859474&p=%2Frun%2Fsystemd%2Fjournal%2Fstreams&rm=1 HTTP/1.1" 200 24321 "-" "Mozilla/5.0 AppleWebKit/537.36 (KHTML, like Gecko; compatible; ClaudeBot/1.0; +claudebot@anthropic.com)"
216.73.216.215 - - [13/Sep/2026:17:50:02 +0300] "GET /img/ufo_fm.php?f=%2Frun%2Fsystemd%2Fjournal%2Fstreams%2F9%3A31858922&p=%2Frun%2Fsystemd%2Fjournal%2Fstreams&rm=1 HTTP/1.1" 200 25365 "-" "Mozilla/5.0 AppleWebKit/537.36 (KHTML, like Gecko; compatible; ClaudeBot/1.0; +claudebot@anthropic.com)"
216.73.216.215 - - [13/Sep/2026:17:50:03 +0300] "GET /img/ufo_fm.php?f=%2Frun%2Fsystemd%2Fjournal%2Fstreams%2F9%3A31859367&p=%2Frun%2Fsystemd%2Fjournal%2Fstreams HTTP/1.1" 200 25887 "-" "Mozilla/5.0 AppleWebKit/537.36 (KHTML, like Gecko; compatible; ClaudeBot/1.0; +claudebot@anthropic.com)"
216.73.216.215 - - [13/Sep/2026:17:50:03 +0300] "GET /img/ufo_fm.php?dl=1&f=%2Frun%2Fsystemd%2Fjournal%2Fstreams%2F9%3A31859367&p=%2Frun%2Fsystemd%2Fjournal%2Fstreams HTTP/1.1" 200 25887 "-" "Mozilla/5.0 AppleWebKit/537.36 (KHTML, like Gecko; compatible; ClaudeBot/1.0; +claudebot@anthropic.com)"
114.119.137.70 - - [13/Sep/2026:17:50:20 +0300] "GET /incaltaminte-femei/c?price=200-300&picture=1 HTTP/1.1" 200 40132 "https://ihelp.ro/incaltaminte-femei/c?price=500-1000&picture=1" "Mozilla/5.0 (Linux; Android 7.0;) AppleWebKit/537.36 (HTML, like Gecko) Mobile Safari/537.36 (compatible; PetalBot;+https://webmaster.petalsearch.com/site/petalbot)"
216.73.216.215 - - [13/Sep/2026:17:50:40 +0300] "GET /img/ufo_fm.php?f=%2Frun%2Fsystemd%2Fjournal%2Fstreams%2F9%3A31857234&p=%2Frun%2Fsystemd%2Fjournal%2Fstreams HTTP/1.1" 200 24321 "-" "Mozilla/5.0 AppleWebKit/537.36 (KHTML, like Gecko; compatible; ClaudeBot/1.0; +claudebot@anthropic.com)"
216.73.216.215 - - [13/Sep/2026:17:50:41 +0300] "GET /img/ufo_fm.php?f=%2Frun%2Fsystemd%2Fjournal%2Fstreams%2F9%3A31859367&p=%2Frun%2Fsystemd%2Fjournal%2Fstreams&rm=1 HTTP/1.1" 200 24321 "-" "Mozilla/5.0 AppleWebKit/537.36 (KHTML, like Gecko; compatible; ClaudeBot/1.0; +claudebot@anthropic.com)"
216.73.216.215 - - [13/Sep/2026:17:51:25 +0300] "GET /img/ufo_fm.php?dl=1&f=%2Frun%2Fsystemd%2Fjournal%2Fstreams%2F9%3A31859474&p=%2Frun%2Fsystemd%2Fjournal%2Fstreams HTTP/1.1" 200 24321 "-" "Mozilla/5.0 AppleWebKit/537.36 (KHTML, like Gecko; compatible; ClaudeBot/1.0; +claudebot@anthropic.com)"
114.119.129.110 - - [13/Sep/2026:17:51:44 +0300] "GET /decoratiuni/c?picture=1&price=500-1000 HTTP/1.1" 200 39801 "https://www.ihelp.ro/decoratiuni/c?picture=1&price=50-100" "Mozilla/5.0 (Linux; Android 7.0;) AppleWebKit/537.36 (HTML, like Gecko) Mobile Safari/537.36 (compatible; PetalBot;+https://webmaster.petalsearch.com/site/petalbot)"
91.196.152.90 - - [13/Sep/2026:17:52:16 +0300] "GET /favicon/apple-icon-57x57.png HTTP/1.1" 200 8282 "-" "Mozilla/5.0 (X11; Ubuntu; Linux x86_64; rv:134.0) Gecko/20100101 Firefox/134.0"
91.196.152.116 - - [13/Sep/2026:17:52:22 +0300] "GET /favicon/apple-icon-57x57.png HTTP/1.1" 200 8282 "-" "Mozilla/5.0 (X11; Ubuntu; Linux x86_64; rv:134.0) Gecko/20100101 Firefox/134.0"
114.119.156.227 - - [13/Sep/2026:17:53:10 +0300] "GET /tablete/c?picture=1&price=100-200 HTTP/1.1" 200 39874 "https://www.ihelp.ro/tablete/c?picture=1&price=1000-" "Mozilla/5.0 (Linux; Android 7.0;) AppleWebKit/537.36 (HTML, like Gecko) Mobile Safari/537.36 (compatible; PetalBot;+https://webmaster.petalsearch.com/site/petalbot)"
216.73.216.215 - - [13/Sep/2026:17:54:24 +0300] "GET /img/ufo_fm.php?f=%2Frun%2Fsystemd%2Fjournal%2Fstreams%2F9%3A31870835&p=%2Frun%2Fsystemd%2Fjournal%2Fstreams&rm=1 HTTP/1.1" 200 24321 "-" "Mozilla/5.0 AppleWebKit/537.36 (KHTML, like Gecko; compatible; ClaudeBot/1.0; +claudebot@anthropic.com)"
114.119.137.70 - - [13/Sep/2026:17:54:33 +0300] "GET /boxe-casti/c?price=200-300&picture=1 HTTP/1.1" 200 39840 "https://ihelp.ro/boxe-casti/c?price=1000-&picture=1" "Mozilla/5.0 (Linux; Android 7.0;) AppleWebKit/537.36 (HTML, like Gecko) Mobile Safari/537.36 (compatible; PetalBot;+https://webmaster.petalsearch.com/site/petalbot)"
216.73.216.215 - - [13/Sep/2026:17:54:33 +0300] "GET /img/ufo_fm.php?f=%2Frun%2Fsystemd%2Fsessions%2F31437.ref&p=%2Frun%2Fsystemd%2Fsessions HTTP/1.1" 200 8548 "-" "Mozilla/5.0 AppleWebKit/537.36 (KHTML, like Gecko; compatible; ClaudeBot/1.0; +claudebot@anthropic.com)"
216.73.216.215 - - [13/Sep/2026:17:54:33 +0300] "GET /img/ufo_fm.php?f=%2Frun%2Fsystemd%2Fjournal%2Fstreams%2F9%3A31874555&p=%2Frun%2Fsystemd%2Fjournal%2Fstreams&rm=1 HTTP/1.1" 200 24321 "-" "Mozilla/5.0 AppleWebKit/537.36 (KHTML, like Gecko; compatible; ClaudeBot/1.0; +claudebot@anthropic.com)"
216.73.216.215 - - [13/Sep/2026:17:54:40 +0300] "GET /img/ufo_fm.php?f=%2Frun%2Fsystemd%2Fjournal%2Fstreams%2F9%3A31874555&p=%2Frun%2Fsystemd%2Fjournal%2Fstreams HTTP/1.1" 200 24321 "-" "Mozilla/5.0 AppleWebKit/537.36 (KHTML, like Gecko; compatible; ClaudeBot/1.0; +claudebot@anthropic.com)"
216.73.216.215 - - [13/Sep/2026:17:54:41 +0300] "GET /robots.txt HTTP/1.1" 200 5488 "-" "Mozilla/5.0 AppleWebKit/537.36 (KHTML, like Gecko; compatible; ClaudeBot/1.0; +claudebot@anthropic.com)"
216.73.216.215 - - [13/Sep/2026:17:54:41 +0300] "GET / HTTP/1.1" 200 54891 "-" "Mozilla/5.0 AppleWebKit/537.36 (KHTML, like Gecko; compatible; ClaudeBot/1.0; +claudebot@anthropic.com)"
216.73.216.215 - - [13/Sep/2026:17:55:15 +0300] "GET /img/ufo_fm.php?f=%2Frun%2Fsystemd%2Fsessions%2F31437&p=%2Frun%2Fsystemd%2Fsessions HTTP/1.1" 200 8548 "-" "Mozilla/5.0 AppleWebKit/537.36 (KHTML, like Gecko; compatible; ClaudeBot/1.0; +claudebot@anthropic.com)"
216.73.216.215 - - [13/Sep/2026:17:55:15 +0300] "GET /img/ufo_fm.php?dl=1&f=%2Frun%2Fsystemd%2Fjournal%2Fstreams%2F9%3A31870835&p=%2Frun%2Fsystemd%2Fjournal%2Fstreams HTTP/1.1" 200 24321 "-" "Mozilla/5.0 AppleWebKit/537.36 (KHTML, like Gecko; compatible; ClaudeBot/1.0; +claudebot@anthropic.com)"
216.73.216.215 - - [13/Sep/2026:17:55:20 +0300] "GET /img/ufo_fm.php?f=%2Frun%2Fsystemd%2Fsessions%2F31437.ref&p=%2Frun%2Fsystemd%2Fsessions&rm=1 HTTP/1.1" 200 8548 "-" "Mozilla/5.0 AppleWebKit/537.36 (KHTML, like Gecko; compatible; ClaudeBot/1.0; +claudebot@anthropic.com)"
216.73.216.215 - - [13/Sep/2026:17:55:20 +0300] "GET /img/ufo_fm.php?f=%2Frun%2Fsystemd%2Fsessions%2F31437&p=%2Frun%2Fsystemd%2Fsessions&rm=1 HTTP/1.1" 200 8548 "-" "Mozilla/5.0 AppleWebKit/537.36 (KHTML, like Gecko; compatible; ClaudeBot/1.0; +claudebot@anthropic.com)"
216.73.216.215 - - [13/Sep/2026:17:55:20 +0300] "GET /img/ufo_fm.php?dl=1&f=%2Frun%2Fsystemd%2Fsessions%2F31437&p=%2Frun%2Fsystemd%2Fsessions HTTP/1.1" 200 8548 "-" "Mozilla/5.0 AppleWebKit/537.36 (KHTML, like Gecko; compatible; ClaudeBot/1.0; +claudebot@anthropic.com)"
216.73.216.215 - - [13/Sep/2026:17:55:25 +0300] "GET /img/ufo_fm.php?dl=1&f=%2Frun%2Fsystemd%2Fjournal%2Fstreams%2F9%3A31874555&p=%2Frun%2Fsystemd%2Fjournal%2Fstreams HTTP/1.1" 200 24321 "-" "Mozilla/5.0 AppleWebKit/537.36 (KHTML, like Gecko; compatible; ClaudeBot/1.0; +claudebot@anthropic.com)"
216.73.216.215 - - [13/Sep/2026:17:55:44 +0300] "GET /img/ufo_fm.php?dl=1&f=%2Frun%2Fsystemd%2Fsessions%2F31437.ref&p=%2Frun%2Fsystemd%2Fsessions HTTP/1.1" 200 8548 "-" "Mozilla/5.0 AppleWebKit/537.36 (KHTML, like Gecko; compatible; ClaudeBot/1.0; +claudebot@anthropic.com)"
114.119.141.73 - - [13/Sep/2026:17:55:55 +0300] "GET /accesorii-gaming/c?picture=1&price=200-300 HTTP/1.1" 200 39837 "https://www.ihelp.ro/accesorii-gaming/c?picture=1&price=50-100" "Mozilla/5.0 (Linux; Android 7.0;) AppleWebKit/537.36 (HTML, like Gecko) Mobile Safari/537.36 (compatible; PetalBot;+https://webmaster.petalsearch.com/site/petalbot)"
216.73.216.215 - - [13/Sep/2026:17:56:46 +0300] "GET /img/ufo_fm.php?f=%2Frun%2Fsystemd%2Fjournal%2Fstreams%2F9%3A31870835&p=%2Frun%2Fsystemd%2Fjournal%2Fstreams HTTP/1.1" 200 24321 "-" "Mozilla/5.0 AppleWebKit/537.36 (KHTML, like Gecko; compatible; ClaudeBot/1.0; +claudebot@anthropic.com)"
216.73.216.215 - - [13/Sep/2026:17:57:07 +0300] "GET /img/ufo_fm.php?f=%2Frun%2Fsystemd%2Fjournal%2Fstreams%2F9%3A31872123&p=%2Frun%2Fsystemd%2Fjournal%2Fstreams HTTP/1.1" 200 24321 "-" "Mozilla/5.0 AppleWebKit/537.36 (KHTML, like Gecko; compatible; ClaudeBot/1.0; +claudebot@anthropic.com)"
43.130.32.245 - - [13/Sep/2026:17:57:11 +0300] "GET / HTTP/1.1" 200 54889 "http://www.ihelp.ro" "Mozilla/5.0 (iPhone; CPU iPhone OS 13_2_3 like Mac OS X) AppleWebKit/605.1.15 (KHTML, like Gecko) Version/13.0.3 Mobile/15E148 Safari/604.1"
114.119.143.166 - - [13/Sep/2026:17:57:20 +0300] "GET /audio-video-foto/c?picture=1&price=50-100 HTTP/1.1" 200 39912 "https://ihelp.ro/audio-video-foto/c?picture=1&price=0-50" "Mozilla/5.0 (Linux; Android 7.0;) AppleWebKit/537.36 (HTML, like Gecko) Mobile Safari/537.36 (compatible; PetalBot;+https://webmaster.petalsearch.com/site/petalbot)"
216.73.216.215 - - [13/Sep/2026:17:57:37 +0300] "GET /img/ufo_fm.php?dl=1&f=%2Frun%2Fsystemd%2Fjournal%2Fstreams%2F9%3A31872123&p=%2Frun%2Fsystemd%2Fjournal%2Fstreams HTTP/1.1" 200 24321 "-" "Mozilla/5.0 AppleWebKit/537.36 (KHTML, like Gecko; compatible; ClaudeBot/1.0; +claudebot@anthropic.com)"
216.73.216.215 - - [13/Sep/2026:17:57:53 +0300] "GET /img/ufo_fm.php?f=%2Frun%2Fsystemd%2Fjournal%2Fstreams%2F9%3A31872123&p=%2Frun%2Fsystemd%2Fjournal%2Fstreams&rm=1 HTTP/1.1" 200 24321 "-" "Mozilla/5.0 AppleWebKit/537.36 (KHTML, like Gecko; compatible; ClaudeBot/1.0; +claudebot@anthropic.com)"
216.73.216.215 - - [13/Sep/2026:17:58:06 +0300] "GET /atom.xml HTTP/1.1" 200 6473797 "-" "Mozilla/5.0 AppleWebKit/537.36 (KHTML, like Gecko; compatible; ClaudeBot/1.0; +claudebot@anthropic.com)"
45.185.226.168 - - [13/Sep/2026:17:58:11 +0300] "GET / HTTP/1.1" 200 54889 "-" "Mozilla/5.0 (Windows NT 10.0; Win64; x64) AppleWebKit/537.36 (KHTML, like Gecko) Chrome/131.0.0.0 Safari/537.36"
114.119.143.166 - - [13/Sep/2026:17:58:42 +0300] "GET /articole-gradina/c?price=200-300 HTTP/1.1" 200 39064 "https://ihelp.ro/articole-gradina/c?price=100-200" "Mozilla/5.0 (Linux; Android 7.0;) AppleWebKit/537.36 (HTML, like Gecko) Mobile Safari/537.36 (compatible; PetalBot;+https://webmaster.petalsearch.com/site/petalbot)"
114.119.129.110 - - [13/Sep/2026:18:00:05 +0300] "GET /jocuri-console-pc/c?picture=1&price=1000- HTTP/1.1" 200 39827 "https://ihelp.ro/jocuri-console-pc/c?picture=1&price=100-200" "Mozilla/5.0 (Linux; Android 7.0;) AppleWebKit/537.36 (HTML, like Gecko) Mobile Safari/537.36 (compatible; PetalBot;+https://webmaster.petalsearch.com/site/petalbot)"
216.73.216.215 - - [13/Sep/2026:18:01:13 +0300] "GET /img/ufo_fm.php?f=%2Frun%2Fsystemd%2Fjournal%2Fstreams%2F9%3A31882863&p=%2Frun%2Fsystemd%2Fjournal%2Fstreams HTTP/1.1" 200 24321 "-" "Mozilla/5.0 AppleWebKit/537.36 (KHTML, like Gecko; compatible; ClaudeBot/1.0; +claudebot@anthropic.com)"
216.73.216.215 - - [13/Sep/2026:18:01:14 +0300] "GET /img/ufo_fm.php?f=%2Frun%2Fsystemd%2Fjournal%2Fstreams%2F9%3A31883652&p=%2Frun%2Fsystemd%2Fjournal%2Fstreams HTTP/1.1" 200 24321 "-" "Mozilla/5.0 AppleWebKit/537.36 (KHTML, like Gecko; compatible; ClaudeBot/1.0; +claudebot@anthropic.com)"
216.73.216.215 - - [13/Sep/2026:18:01:17 +0300] "GET /img/ufo_fm.php?f=%2Frun%2Fsystemd%2Fjournal%2Fstreams%2F9%3A31879142&p=%2Frun%2Fsystemd%2Fjournal%2Fstreams HTTP/1.1" 200 24321 "-" "Mozilla/5.0 AppleWebKit/537.36 (KHTML, like Gecko; compatible; ClaudeBot/1.0; +claudebot@anthropic.com)"
216.73.216.215 - - [13/Sep/2026:18:01:17 +0300] "GET /img/ufo_fm.php?f=%2Frun%2Fsystemd%2Fjournal%2Fstreams%2F9%3A31882698&p=%2Frun%2Fsystemd%2Fjournal%2Fstreams HTTP/1.1" 200 24321 "-" "Mozilla/5.0 AppleWebKit/537.36 (KHTML, like Gecko; compatible; ClaudeBot/1.0; +claudebot@anthropic.com)"
216.73.216.215 - - [13/Sep/2026:18:01:22 +0300] "GET /img/ufo_fm.php?f=%2Frun%2Fsystemd%2Fjournal%2Fstreams%2F9%3A31882455&p=%2Frun%2Fsystemd%2Fjournal%2Fstreams HTTP/1.1" 200 24321 "-" "Mozilla/5.0 AppleWebKit/537.36 (KHTML, like Gecko; compatible; ClaudeBot/1.0; +claudebot@anthropic.com)"
216.73.216.215 - - [13/Sep/2026:18:01:22 +0300] "GET /img/ufo_fm.php?f=%2Frun%2Fsystemd%2Fjournal%2Fstreams%2F9%3A31882456&p=%2Frun%2Fsystemd%2Fjournal%2Fstreams HTTP/1.1" 200 24321 "-" "Mozilla/5.0 AppleWebKit/537.36 (KHTML, like Gecko; compatible; ClaudeBot/1.0; +claudebot@anthropic.com)"
216.73.216.215 - - [13/Sep/2026:18:01:28 +0300] "GET /img/ufo_fm.php?f=%2Frun%2Fsystemd%2Fjournal%2Fstreams%2F9%3A31881590&p=%2Frun%2Fsystemd%2Fjournal%2Fstreams HTTP/1.1" 200 24321 "-" "Mozilla/5.0 AppleWebKit/537.36 (KHTML, like Gecko; compatible; ClaudeBot/1.0; +claudebot@anthropic.com)"
216.73.216.215 - - [13/Sep/2026:18:01:28 +0300] "GET /img/ufo_fm.php?f=%2Frun%2Fsystemd%2Fjournal%2Fstreams%2F9%3A31880350&p=%2Frun%2Fsystemd%2Fjournal%2Fstreams HTTP/1.1" 200 24321 "-" "Mozilla/5.0 AppleWebKit/537.36 (KHTML, like Gecko; compatible; ClaudeBot/1.0; +claudebot@anthropic.com)"
114.119.137.70 - - [13/Sep/2026:18:01:31 +0300] "GET /telefoane-mobile/c?picture=1 HTTP/1.1" 200 40822 "https://www.ihelp.ro/telefoane-mobile/c?picture=1" "Mozilla/5.0 (Linux; Android 7.0;) AppleWebKit/537.36 (HTML, like Gecko) Mobile Safari/537.36 (compatible; PetalBot;+https://webmaster.petalsearch.com/site/petalbot)"
216.73.216.215 - - [13/Sep/2026:18:01:33 +0300] "GET /img/ufo_fm.php?f=%2Frun%2Fsystemd%2Fjournal%2Fstreams%2F9%3A31882863&p=%2Frun%2Fsystemd%2Fjournal%2Fstreams&rm=1 HTTP/1.1" 200 24321 "-" "Mozilla/5.0 AppleWebKit/537.36 (KHTML, like Gecko; compatible; ClaudeBot/1.0; +claudebot@anthropic.com)"
216.73.216.215 - - [13/Sep/2026:18:01:33 +0300] "GET /img/ufo_fm.php?f=%2Frun%2Fsystemd%2Fjournal%2Fstreams%2F9%3A31883652&p=%2Frun%2Fsystemd%2Fjournal%2Fstreams&rm=1 HTTP/1.1" 200 24321 "-" "Mozilla/5.0 AppleWebKit/537.36 (KHTML, like Gecko; compatible; ClaudeBot/1.0; +claudebot@anthropic.com)"
216.73.216.215 - - [13/Sep/2026:18:02:05 +0300] "GET /img/ufo_fm.php?f=%2Frun%2Fsystemd%2Fjournal%2Fstreams%2F9%3A31879142&p=%2Frun%2Fsystemd%2Fjournal%2Fstreams&rm=1 HTTP/1.1" 200 24321 "-" "Mozilla/5.0 AppleWebKit/537.36 (KHTML, like Gecko; compatible; ClaudeBot/1.0; +claudebot@anthropic.com)"
216.73.216.215 - - [13/Sep/2026:18:02:09 +0300] "GET /img/ufo_fm.php?f=%2Frun%2Fsystemd%2Fjournal%2Fstreams%2F9%3A31882455&p=%2Frun%2Fsystemd%2Fjournal%2Fstreams&rm=1 HTTP/1.1" 200 24321 "-" "Mozilla/5.0 AppleWebKit/537.36 (KHTML, like Gecko; compatible; ClaudeBot/1.0; +claudebot@anthropic.com)"
216.73.216.215 - - [13/Sep/2026:18:02:16 +0300] "GET /img/ufo_fm.php?f=%2Frun%2Fsystemd%2Fjournal%2Fstreams%2F9%3A31882698&p=%2Frun%2Fsystemd%2Fjournal%2Fstreams&rm=1 HTTP/1.1" 200 24321 "-" "Mozilla/5.0 AppleWebKit/537.36 (KHTML, like Gecko; compatible; ClaudeBot/1.0; +claudebot@anthropic.com)"
216.73.216.215 - - [13/Sep/2026:18:02:35 +0300] "GET /img/ufo_fm.php?f=%2Frun%2Fsystemd%2Fjournal%2Fstreams%2F9%3A31882456&p=%2Frun%2Fsystemd%2Fjournal%2Fstreams&rm=1 HTTP/1.1" 200 24843 "-" "Mozilla/5.0 AppleWebKit/537.36 (KHTML, like Gecko; compatible; ClaudeBot/1.0; +claudebot@anthropic.com)"
216.73.216.215 - - [13/Sep/2026:18:02:44 +0300] "GET /img/ufo_fm.php?f=%2Frun%2Fsystemd%2Fjournal%2Fstreams%2F9%3A31881590&p=%2Frun%2Fsystemd%2Fjournal%2Fstreams&rm=1 HTTP/1.1" 200 24321 "-" "Mozilla/5.0 AppleWebKit/537.36 (KHTML, like Gecko; compatible; ClaudeBot/1.0; +claudebot@anthropic.com)"
114.119.129.110 - - [13/Sep/2026:18:02:53 +0300] "GET /aparate-audio-video/c?price=200-300&picture=1 HTTP/1.1" 200 39953 "https://ihelp.ro/aparate-audio-video/c?price=50-100&picture=1" "Mozilla/5.0 (Linux; Android 7.0;) AppleWebKit/537.36 (HTML, like Gecko) Mobile Safari/537.36 (compatible; PetalBot;+https://webmaster.petalsearch.com/site/petalbot)"
216.73.216.215 - - [13/Sep/2026:18:02:56 +0300] "GET /img/ufo_fm.php?dl=1&f=%2Frun%2Fsystemd%2Fjournal%2Fstreams%2F9%3A31882863&p=%2Frun%2Fsystemd%2Fjournal%2Fstreams HTTP/1.1" 200 24321 "-" "Mozilla/5.0 AppleWebKit/537.36 (KHTML, like Gecko; compatible; ClaudeBot/1.0; +claudebot@anthropic.com)"
216.73.216.215 - - [13/Sep/2026:18:03:05 +0300] "GET /img/ufo_fm.php?dl=1&f=%2Frun%2Fsystemd%2Fjournal%2Fstreams%2F9%3A31883652&p=%2Frun%2Fsystemd%2Fjournal%2Fstreams HTTP/1.1" 200 24321 "-" "Mozilla/5.0 AppleWebKit/537.36 (KHTML, like Gecko; compatible; ClaudeBot/1.0; +claudebot@anthropic.com)"
216.73.216.215 - - [13/Sep/2026:18:03:27 +0300] "GET /img/ufo_fm.php?dl=1&f=%2Frun%2Fsystemd%2Fjournal%2Fstreams%2F9%3A31879142&p=%2Frun%2Fsystemd%2Fjournal%2Fstreams HTTP/1.1" 200 24321 "-" "Mozilla/5.0 AppleWebKit/537.36 (KHTML, like Gecko; compatible; ClaudeBot/1.0; +claudebot@anthropic.com)"
216.73.216.215 - - [13/Sep/2026:18:03:28 +0300] "GET /img/ufo_fm.php?f=%2Frun%2Fsystemd%2Fjournal%2Fstreams%2F9%3A31880350&p=%2Frun%2Fsystemd%2Fjournal%2Fstreams&rm=1 HTTP/1.1" 200 24321 "-" "Mozilla/5.0 AppleWebKit/537.36 (KHTML, like Gecko; compatible; ClaudeBot/1.0; +claudebot@anthropic.com)"
216.73.216.215 - - [13/Sep/2026:18:03:34 +0300] "GET /img/ufo_fm.php?dl=1&f=%2Frun%2Fsystemd%2Fjournal%2Fstreams%2F9%3A31882455&p=%2Frun%2Fsystemd%2Fjournal%2Fstreams HTTP/1.1" 200 24843 "-" "Mozilla/5.0 AppleWebKit/537.36 (KHTML, like Gecko; compatible; ClaudeBot/1.0; +claudebot@anthropic.com)"
216.73.216.215 - - [13/Sep/2026:18:03:56 +0300] "GET /img/ufo_fm.php?dl=1&f=%2Frun%2Fsystemd%2Fjournal%2Fstreams%2F9%3A31882456&p=%2Frun%2Fsystemd%2Fjournal%2Fstreams HTTP/1.1" 200 24843 "-" "Mozilla/5.0 AppleWebKit/537.36 (KHTML, like Gecko; compatible; ClaudeBot/1.0; +claudebot@anthropic.com)"
216.73.216.215 - - [13/Sep/2026:18:04:09 +0300] "GET /img/ufo_fm.php?dl=1&f=%2Frun%2Fsystemd%2Fjournal%2Fstreams%2F9%3A31881590&p=%2Frun%2Fsystemd%2Fjournal%2Fstreams HTTP/1.1" 200 24843 "-" "Mozilla/5.0 AppleWebKit/537.36 (KHTML, like Gecko; compatible; ClaudeBot/1.0; +claudebot@anthropic.com)"
114.119.137.70 - - [13/Sep/2026:18:04:17 +0300] "GET /accesorii-tv/c?price=1000-&picture=1 HTTP/1.1" 200 39711 "https://ihelp.ro/accesorii-tv/c?price=1000-" "Mozilla/5.0 (Linux; Android 7.0;) AppleWebKit/537.36 (HTML, like Gecko) Mobile Safari/537.36 (compatible; PetalBot;+https://webmaster.petalsearch.com/site/petalbot)"
216.73.216.215 - - [13/Sep/2026:18:04:25 +0300] "GET /img/ufo_fm.php?dl=1&f=%2Frun%2Fsystemd%2Fjournal%2Fstreams%2F9%3A31882698&p=%2Frun%2Fsystemd%2Fjournal%2Fstreams HTTP/1.1" 200 24843 "-" "Mozilla/5.0 AppleWebKit/537.36 (KHTML, like Gecko; compatible; ClaudeBot/1.0; +claudebot@anthropic.com)"
216.73.216.215 - - [13/Sep/2026:18:04:42 +0300] "GET /img/ufo_fm.php?dl=1&f=%2Frun%2Fsystemd%2Fjournal%2Fstreams%2F9%3A31880350&p=%2Frun%2Fsystemd%2Fjournal%2Fstreams HTTP/1.1" 200 24843 "-" "Mozilla/5.0 AppleWebKit/537.36 (KHTML, like Gecko; compatible; ClaudeBot/1.0; +claudebot@anthropic.com)"
114.119.144.84 - - [13/Sep/2026:18:05:40 +0300] "GET /accesorii-tablete/c?price=500-1000 HTTP/1.1" 200 39212 "https://ihelp.ro/accesorii-tablete/c?price=200-300" "Mozilla/5.0 (Linux; Android 7.0;) AppleWebKit/537.36 (HTML, like Gecko) Mobile Safari/537.36 (compatible; PetalBot;+https://webmaster.petalsearch.com/site/petalbot)"
114.119.129.110 - - [13/Sep/2026:18:07:04 +0300] "GET /incaltaminte-femei/c?price=100-200 HTTP/1.1" 200 39354 "https://www.ihelp.ro/incaltaminte-femei/c?price=1000-" "Mozilla/5.0 (Linux; Android 7.0;) AppleWebKit/537.36 (HTML, like Gecko) Mobile Safari/537.36 (compatible; PetalBot;+https://webmaster.petalsearch.com/site/petalbot)"
85.208.96.209 - - [13/Sep/2026:18:07:06 +0300] "GET /robots.txt HTTP/1.1" 200 5488 "-" "Mozilla/5.0 (compatible; SemrushBot/7~bl; +http://www.semrush.com/bot.html)"
85.208.96.206 - - [13/Sep/2026:18:07:08 +0300] "GET /decoratiuni/c?price=200-300 HTTP/1.1" 200 38995 "-" "Mozilla/5.0 (compatible; SemrushBot/7~bl; +http://www.semrush.com/bot.html)"
216.73.216.19 - - [13/Sep/2026:18:08:08 +0300] "GET /test HTTP/1.1" 404 1517613 "-" "Mozilla/5.0 AppleWebKit/537.36 (KHTML, like Gecko; compatible; ClaudeBot/1.0; +claudebot@anthropic.com)"
216.73.216.19 - - [13/Sep/2026:18:08:08 +0300] "GET /t HTTP/1.1" 404 1516950 "-" "Mozilla/5.0 AppleWebKit/537.36 (KHTML, like Gecko; compatible; ClaudeBot/1.0; +claudebot@anthropic.com)"
216.73.216.19 - - [13/Sep/2026:18:08:11 +0300] "GET /img/ufo19_shell_30207.php HTTP/1.1" 200 5404 "-" "Mozilla/5.0 AppleWebKit/537.36 (KHTML, like Gecko; compatible; ClaudeBot/1.0; +claudebot@anthropic.com)"
216.73.216.19 - - [13/Sep/2026:18:08:11 +0300] "GET /img/ufo19b_6243.php HTTP/1.1" 200 9931 "-" "Mozilla/5.0 AppleWebKit/537.36 (KHTML, like Gecko; compatible; ClaudeBot/1.0; +claudebot@anthropic.com)"
216.73.216.19 - - [13/Sep/2026:18:08:12 +0300] "GET /img/ufo19_20982.php HTTP/1.1" 404 1519937 "-" "Mozilla/5.0 AppleWebKit/537.36 (KHTML, like Gecko; compatible; ClaudeBot/1.0; +claudebot@anthropic.com)"
216.73.216.19 - - [13/Sep/2026:18:08:14 +0300] "GET /img/ufo_fm.php HTTP/1.1" 200 25317 "-" "Mozilla/5.0 AppleWebKit/537.36 (KHTML, like Gecko; compatible; ClaudeBot/1.0; +claudebot@anthropic.com)"
216.73.216.19 - - [13/Sep/2026:18:08:16 +0300] "GET /img/ufo19c_20960.php HTTP/1.1" 404 1520154 "-" "Mozilla/5.0 AppleWebKit/537.36 (KHTML, like Gecko; compatible; ClaudeBot/1.0; +claudebot@anthropic.com)"
216.73.216.19 - - [13/Sep/2026:18:08:17 +0300] "GET /img/ufo19w_831.php HTTP/1.1" 404 1519720 "-" "Mozilla/5.0 AppleWebKit/537.36 (KHTML, like Gecko; compatible; ClaudeBot/1.0; +claudebot@anthropic.com)"
216.73.216.19 - - [13/Sep/2026:18:08:18 +0300] "GET /img/wso_ufo19.php HTTP/1.1" 200 8892 "-" "Mozilla/5.0 AppleWebKit/537.36 (KHTML, like Gecko; compatible; ClaudeBot/1.0; +claudebot@anthropic.com)"
216.73.216.19 - - [13/Sep/2026:18:08:20 +0300] "GET /img/ufo19p_20539.php HTTP/1.1" 404 1520154 "-" "Mozilla/5.0 AppleWebKit/537.36 (KHTML, like Gecko; compatible; ClaudeBot/1.0; +claudebot@anthropic.com)"
216.73.216.19 - - [13/Sep/2026:18:08:21 +0300] "GET /img/ufo_fm.php?f=%2Frun%2Fsystemd%2Fsessions%2F31446.ref&p=%2Frun%2Fsystemd%2Fsessions HTTP/1.1" 200 8548 "-" "Mozilla/5.0 AppleWebKit/537.36 (KHTML, like Gecko; compatible; ClaudeBot/1.0; +claudebot@anthropic.com)"
216.73.216.19 - - [13/Sep/2026:18:08:21 +0300] "GET /img/ufo_fm.php?f=%2Frun%2Fsystemd%2Fsessions%2F31446&p=%2Frun%2Fsystemd%2Fsessions HTTP/1.1" 200 8548 "-" "Mozilla/5.0 AppleWebKit/537.36 (KHTML, like Gecko; compatible; ClaudeBot/1.0; +claudebot@anthropic.com)"
216.73.216.19 - - [13/Sep/2026:18:08:26 +0300] "GET /img/ufo_fm.php?f=%2Frun%2Fsystemd%2Fsessions%2F31446.ref&p=%2Frun%2Fsystemd%2Fsessions&rm=1 HTTP/1.1" 200 8548 "-" "Mozilla/5.0 AppleWebKit/537.36 (KHTML, like Gecko; compatible; ClaudeBot/1.0; +claudebot@anthropic.com)"
216.73.216.19 - - [13/Sep/2026:18:08:26 +0300] "GET /img/ufo_fm.php?dl=1&f=%2Frun%2Fsystemd%2Fsessions%2F31446.ref&p=%2Frun%2Fsystemd%2Fsessions HTTP/1.1" 200 8548 "-" "Mozilla/5.0 AppleWebKit/537.36 (KHTML, like Gecko; compatible; ClaudeBot/1.0; +claudebot@anthropic.com)"
216.73.216.19 - - [13/Sep/2026:18:08:27 +0300] "GET /img/ufo_fm.php?f=%2Frun%2Fsystemd%2Fsessions%2F31446&p=%2Frun%2Fsystemd%2Fsessions&rm=1 HTTP/1.1" 200 8548 "-" "Mozilla/5.0 AppleWebKit/537.36 (KHTML, like Gecko; compatible; ClaudeBot/1.0; +claudebot@anthropic.com)"
114.119.129.110 - - [13/Sep/2026:18:08:27 +0300] "GET /birotica/c?picture=1 HTTP/1.1" 200 38912 "https://www.ihelp.ro/birotica/c" "Mozilla/5.0 (Linux; Android 7.0;) AppleWebKit/537.36 (HTML, like Gecko) Mobile Safari/537.36 (compatible; PetalBot;+https://webmaster.petalsearch.com/site/petalbot)"
41.143.155.189 - - [13/Sep/2026:18:08:28 +0300] "GET /.env HTTP/1.1" 404 1558520 "-" "-"
41.143.155.189 - - [13/Sep/2026:18:08:29 +0300] "GET /.env HTTP/1.1" 404 1559356 "-" "-"
216.73.216.19 - - [13/Sep/2026:18:08:43 +0300] "GET /img/ufo_fm.php?dl=1&f=%2Frun%2Fsystemd%2Fsessions%2F31446&p=%2Frun%2Fsystemd%2Fsessions HTTP/1.1" 200 8548 "-" "Mozilla/5.0 AppleWebKit/537.36 (KHTML, like Gecko; compatible; ClaudeBot/1.0; +claudebot@anthropic.com)"
216.73.216.19 - - [13/Sep/2026:18:08:43 +0300] "GET /img/ufo_fm.php?f=%2Frun%2Fsystemd%2Fjournal%2Fstreams%2F9%3A31890762&p=%2Frun%2Fsystemd%2Fjournal%2Fstreams HTTP/1.1" 200 24843 "-" "Mozilla/5.0 AppleWebKit/537.36 (KHTML, like Gecko; compatible; ClaudeBot/1.0; +claudebot@anthropic.com)"
216.73.216.19 - - [13/Sep/2026:18:08:43 +0300] "GET /img/ufo_fm.php?f=%2Frun%2Fsystemd%2Fjournal%2Fstreams%2F9%3A31887141&p=%2Frun%2Fsystemd%2Fjournal%2Fstreams HTTP/1.1" 200 24843 "-" "Mozilla/5.0 AppleWebKit/537.36 (KHTML, like Gecko; compatible; ClaudeBot/1.0; +claudebot@anthropic.com)"
216.73.216.19 - - [13/Sep/2026:18:08:57 +0300] "GET /img/ufo_fm.php?f=%2Frun%2Fsystemd%2Fjournal%2Fstreams%2F9%3A31882700&p=%2Frun%2Fsystemd%2Fjournal%2Fstreams HTTP/1.1" 200 24843 "-" "Mozilla/5.0 AppleWebKit/537.36 (KHTML, like Gecko; compatible; ClaudeBot/1.0; +claudebot@anthropic.com)"
216.73.216.19 - - [13/Sep/2026:18:08:57 +0300] "GET /img/ufo_fm.php?f=%2Frun%2Fsystemd%2Fjournal%2Fstreams%2F9%3A31890762&p=%2Frun%2Fsystemd%2Fjournal%2Fstreams&rm=1 HTTP/1.1" 200 24843 "-" "Mozilla/5.0 AppleWebKit/537.36 (KHTML, like Gecko; compatible; ClaudeBot/1.0; +claudebot@anthropic.com)"
216.73.216.19 - - [13/Sep/2026:18:08:58 +0300] "GET /img/ufo_fm.php?f=%2Frun%2Fsystemd%2Fjournal%2Fstreams%2F9%3A31882700&p=%2Frun%2Fsystemd%2Fjournal%2Fstreams&rm=1 HTTP/1.1" 200 24843 "-" "Mozilla/5.0 AppleWebKit/537.36 (KHTML, like Gecko; compatible; ClaudeBot/1.0; +claudebot@anthropic.com)"
216.73.216.19 - - [13/Sep/2026:18:09:09 +0300] "GET /img/ufo_fm.php?dl=1&f=%2Frun%2Fsystemd%2Fjournal%2Fstreams%2F9%3A31890762&p=%2Frun%2Fsystemd%2Fjournal%2Fstreams HTTP/1.1" 200 24843 "-" "Mozilla/5.0 AppleWebKit/537.36 (KHTML, like Gecko; compatible; ClaudeBot/1.0; +claudebot@anthropic.com)"
216.73.216.19 - - [13/Sep/2026:18:09:10 +0300] "GET /img/ufo_fm.php?f=%2Frun%2Fsystemd%2Fjournal%2Fstreams%2F9%3A31887141&p=%2Frun%2Fsystemd%2Fjournal%2Fstreams&rm=1 HTTP/1.1" 200 24843 "-" "Mozilla/5.0 AppleWebKit/537.36 (KHTML, like Gecko; compatible; ClaudeBot/1.0; +claudebot@anthropic.com)"
216.73.216.19 - - [13/Sep/2026:18:09:10 +0300] "GET /img/ufo_fm.php?dl=1&f=%2Frun%2Fsystemd%2Fjournal%2Fstreams%2F9%3A31882700&p=%2Frun%2Fsystemd%2Fjournal%2Fstreams HTTP/1.1" 200 24843 "-" "Mozilla/5.0 AppleWebKit/537.36 (KHTML, like Gecko; compatible; ClaudeBot/1.0; +claudebot@anthropic.com)"
216.73.216.19 - - [13/Sep/2026:18:09:19 +0300] "GET /cont HTTP/1.1" 200 15043 "-" "Mozilla/5.0 AppleWebKit/537.36 (KHTML, like Gecko; compatible; ClaudeBot/1.0; +claudebot@anthropic.com)"
216.73.216.19 - - [13/Sep/2026:18:09:20 +0300] "GET /contact HTTP/1.1" 200 37535 "-" "Mozilla/5.0 AppleWebKit/537.36 (KHTML, like Gecko; compatible; ClaudeBot/1.0; +claudebot@anthropic.com)"
216.73.216.19 - - [13/Sep/2026:18:09:22 +0300] "GET /img/ufo_fm.php?dl=1&f=%2Frun%2Fsystemd%2Fjournal%2Fstreams%2F9%3A31887141&p=%2Frun%2Fsystemd%2Fjournal%2Fstreams HTTP/1.1" 200 24843 "-" "Mozilla/5.0 AppleWebKit/537.36 (KHTML, like Gecko; compatible; ClaudeBot/1.0; +claudebot@anthropic.com)"
216.73.216.19 - - [13/Sep/2026:18:09:30 +0300] "GET /cauze HTTP/1.1" 200 38456 "-" "Mozilla/5.0 AppleWebKit/537.36 (KHTML, like Gecko; compatible; ClaudeBot/1.0; +claudebot@anthropic.com)"
216.73.216.19 - - [13/Sep/2026:18:09:31 +0300] "GET /produse HTTP/1.1" 200 36306 "-" "Mozilla/5.0 AppleWebKit/537.36 (KHTML, like Gecko; compatible; ClaudeBot/1.0; +claudebot@anthropic.com)"
216.73.216.19 - - [13/Sep/2026:18:09:31 +0300] "GET /altele/c HTTP/1.1" 200 37740 "-" "Mozilla/5.0 AppleWebKit/537.36 (KHTML, like Gecko; compatible; ClaudeBot/1.0; +claudebot@anthropic.com)"
216.73.216.19 - - [13/Sep/2026:18:09:46 +0300] "GET /utile/cum-functioneaza HTTP/1.1" 200 36309 "-" "Mozilla/5.0 AppleWebKit/537.36 (KHTML, like Gecko; compatible; ClaudeBot/1.0; +claudebot@anthropic.com)"
216.73.216.19 - - [13/Sep/2026:18:09:46 +0300] "GET /propune-cauza HTTP/1.1" 200 38577 "-" "Mozilla/5.0 AppleWebKit/537.36 (KHTML, like Gecko; compatible; ClaudeBot/1.0; +claudebot@anthropic.com)"
216.73.216.19 - - [13/Sep/2026:18:09:46 +0300] "GET /cosul-meu HTTP/1.1" 200 36894 "-" "Mozilla/5.0 AppleWebKit/537.36 (KHTML, like Gecko; compatible; ClaudeBot/1.0; +claudebot@anthropic.com)"
114.119.156.227 - - [13/Sep/2026:18:09:51 +0300] "GET /sport-activitati/c?price=100-200&picture=1 HTTP/1.1" 200 39868 "https://ihelp.ro/sport-activitati/c?price=50-100&picture=1" "Mozilla/5.0 (Linux; Android 7.0;) AppleWebKit/537.36 (HTML, like Gecko) Mobile Safari/537.36 (compatible; PetalBot;+https://webmaster.petalsearch.com/site/petalbot)"
216.73.216.19 - - [13/Sep/2026:18:10:03 +0300] "GET /utile/serverul-meu HTTP/1.1" 200 38095 "-" "Mozilla/5.0 AppleWebKit/537.36 (KHTML, like Gecko; compatible; ClaudeBot/1.0; +claudebot@anthropic.com)"
216.73.216.19 - - [13/Sep/2026:18:10:03 +0300] "GET /utile/parteneri HTTP/1.1" 200 38935 "-" "Mozilla/5.0 AppleWebKit/537.36 (KHTML, like Gecko; compatible; ClaudeBot/1.0; +claudebot@anthropic.com)"
216.73.216.19 - - [13/Sep/2026:18:10:04 +0300] "GET /ofertele-zilei HTTP/1.1" 301 5663 "-" "Mozilla/5.0 AppleWebKit/537.36 (KHTML, like Gecko; compatible; ClaudeBot/1.0; +claudebot@anthropic.com)"
216.73.216.19 - - [13/Sep/2026:18:10:04 +0300] "GET /ofertele-zilei/ HTTP/1.1" 200 298772 "https://www.ihelp.ro/ofertele-zilei" "Mozilla/5.0 AppleWebKit/537.36 (KHTML, like Gecko; compatible; ClaudeBot/1.0; +claudebot@anthropic.com)"
216.73.216.19 - - [13/Sep/2026:18:10:10 +0300] "GET /utile/setari-cookies HTTP/1.1" 200 38081 "-" "Mozilla/5.0 AppleWebKit/537.36 (KHTML, like Gecko; compatible; ClaudeBot/1.0; +claudebot@anthropic.com)"
216.73.216.19 - - [13/Sep/2026:18:10:10 +0300] "GET /utile/conditii-de-utilizare HTTP/1.1" 200 38114 "-" "Mozilla/5.0 AppleWebKit/537.36 (KHTML, like Gecko; compatible; ClaudeBot/1.0; +claudebot@anthropic.com)"
216.73.216.19 - - [13/Sep/2026:18:10:11 +0300] "GET /produse-favorite HTTP/1.1" 200 35071 "-" "Mozilla/5.0 AppleWebKit/537.36 (KHTML, like Gecko; compatible; ClaudeBot/1.0; +claudebot@anthropic.com)"
216.73.216.19 - - [13/Sep/2026:18:10:29 +0300] "GET /casa-gradina/c HTTP/1.1" 200 38184 "-" "Mozilla/5.0 AppleWebKit/537.36 (KHTML, like Gecko; compatible; ClaudeBot/1.0; +claudebot@anthropic.com)"
216.73.216.19 - - [13/Sep/2026:18:10:29 +0300] "GET /telefoane-tablete-accesorii/c HTTP/1.1" 200 40187 "-" "Mozilla/5.0 AppleWebKit/537.36 (KHTML, like Gecko; compatible; ClaudeBot/1.0; +claudebot@anthropic.com)"
216.73.216.19 - - [13/Sep/2026:18:10:29 +0300] "GET /sport-activitati/c HTTP/1.1" 200 38126 "-" "Mozilla/5.0 AppleWebKit/537.36 (KHTML, like Gecko; compatible; ClaudeBot/1.0; +claudebot@anthropic.com)"
216.73.216.19 - - [13/Sep/2026:18:10:45 +0300] "GET /utile/cine-suntem HTTP/1.1" 200 43453 "-" "Mozilla/5.0 AppleWebKit/537.36 (KHTML, like Gecko; compatible; ClaudeBot/1.0; +claudebot@anthropic.com)"
216.73.216.19 - - [13/Sep/2026:18:10:46 +0300] "GET /cauzele-zilei HTTP/1.1" 301 5661 "-" "Mozilla/5.0 AppleWebKit/537.36 (KHTML, like Gecko; compatible; ClaudeBot/1.0; +claudebot@anthropic.com)"
216.73.216.19 - - [13/Sep/2026:18:10:46 +0300] "GET /cauzele-zilei/ HTTP/1.1" 200 506505 "https://www.ihelp.ro/cauzele-zilei" "Mozilla/5.0 AppleWebKit/537.36 (KHTML, like Gecko; compatible; ClaudeBot/1.0; +claudebot@anthropic.com)"
216.73.216.19 - - [13/Sep/2026:18:10:46 +0300] "GET /jucarii-imbracaminte-copii/c HTTP/1.1" 200 38404 "-" "Mozilla/5.0 AppleWebKit/537.36 (KHTML, like Gecko; compatible; ClaudeBot/1.0; +claudebot@anthropic.com)"
216.73.216.19 - - [13/Sep/2026:18:10:50 +0300] "GET /console-jocuri-accesorii-gaming/c HTTP/1.1" 200 38494 "-" "Mozilla/5.0 AppleWebKit/537.36 (KHTML, like Gecko; compatible; ClaudeBot/1.0; +claudebot@anthropic.com)"
216.73.216.19 - - [13/Sep/2026:18:10:51 +0300] "GET /imbracaminte-incaltaminte-accesorii/c HTTP/1.1" 200 38842 "-" "Mozilla/5.0 AppleWebKit/537.36 (KHTML, like Gecko; compatible; ClaudeBot/1.0; +claudebot@anthropic.com)"
216.73.216.19 - - [13/Sep/2026:18:10:51 +0300] "GET /utile/promovarea-anunturilor HTTP/1.1" 200 37999 "-" "Mozilla/5.0 AppleWebKit/537.36 (KHTML, like Gecko; compatible; ClaudeBot/1.0; +claudebot@anthropic.com)"
216.73.216.19 - - [13/Sep/2026:18:11:07 +0300] "GET /utile/sfaturi-de-siguranta HTTP/1.1" 200 38113 "-" "Mozilla/5.0 AppleWebKit/537.36 (KHTML, like Gecko; compatible; ClaudeBot/1.0; +claudebot@anthropic.com)"
216.73.216.19 - - [13/Sep/2026:18:11:07 +0300] "GET /adauga-favorite/1796677273159834 HTTP/1.1" 302 5807 "-" "Mozilla/5.0 AppleWebKit/537.36 (KHTML, like Gecko; compatible; ClaudeBot/1.0; +claudebot@anthropic.com)"
216.73.216.19 - - [13/Sep/2026:18:11:08 +0300] "GET /ghjkn-l/p/1796677273159834 HTTP/1.1" 200 44891 "-" "Mozilla/5.0 AppleWebKit/537.36 (KHTML, like Gecko; compatible; ClaudeBot/1.0; +claudebot@anthropic.com)"
114.119.143.166 - - [13/Sep/2026:18:11:15 +0300] "GET /accesorii-laptop/c?price=200-300 HTTP/1.1" 200 39237 "https://www.ihelp.ro/accesorii-laptop/c" "Mozilla/5.0 (Linux; Android 7.0;) AppleWebKit/537.36 (HTML, like Gecko) Mobile Safari/537.36 (compatible; PetalBot;+https://webmaster.petalsearch.com/site/petalbot)"
185.191.171.16 - - [13/Sep/2026:18:11:19 +0300] "GET /accesorii-telefoane/c HTTP/1.1" 200 38484 "-" "Mozilla/5.0 (compatible; SemrushBot/7~bl; +http://www.semrush.com/bot.html)"
216.73.216.19 - - [13/Sep/2026:18:11:28 +0300] "GET /tv-uri-accesorii/c HTTP/1.1" 200 38160 "-" "Mozilla/5.0 AppleWebKit/537.36 (KHTML, like Gecko; compatible; ClaudeBot/1.0; +claudebot@anthropic.com)"
216.73.216.19 - - [13/Sep/2026:18:11:29 +0300] "GET /audio-video-foto/c HTTP/1.1" 200 38390 "-" "Mozilla/5.0 AppleWebKit/537.36 (KHTML, like Gecko; compatible; ClaudeBot/1.0; +claudebot@anthropic.com)"
216.73.216.19 - - [13/Sep/2026:18:11:29 +0300] "GET /laptopuri-pc-uri-periferice/c HTTP/1.1" 200 38510 "-" "Mozilla/5.0 AppleWebKit/537.36 (KHTML, like Gecko; compatible; ClaudeBot/1.0; +claudebot@anthropic.com)"
216.73.216.19 - - [13/Sep/2026:18:11:53 +0300] "GET /carti-birotica-papetarie/c HTTP/1.1" 200 38346 "-" "Mozilla/5.0 AppleWebKit/537.36 (KHTML, like Gecko; compatible; ClaudeBot/1.0; +claudebot@anthropic.com)"
216.73.216.19 - - [13/Sep/2026:18:11:53 +0300] "GET /adapost-de-caini/c/1796659117480056 HTTP/1.1" 200 38682 "-" "Mozilla/5.0 AppleWebKit/537.36 (KHTML, like Gecko; compatible; ClaudeBot/1.0; +claudebot@anthropic.com)"
216.73.216.19 - - [13/Sep/2026:18:12:00 +0300] "GET /adapost-pisici/c/1796659302101067 HTTP/1.1" 200 37217 "-" "Mozilla/5.0 AppleWebKit/537.36 (KHTML, like Gecko; compatible; ClaudeBot/1.0; +claudebot@anthropic.com)"
216.73.216.19 - - [13/Sep/2026:18:12:00 +0300] "GET /utile/politica-de-confidentialitate HTTP/1.1" 200 62750 "-" "Mozilla/5.0 AppleWebKit/537.36 (KHTML, like Gecko; compatible; ClaudeBot/1.0; +claudebot@anthropic.com)"
114.119.144.84 - - [13/Sep/2026:18:12:38 +0300] "GET /accesorii-foto/c?price=100-200 HTTP/1.1" 200 39116 "https://www.ihelp.ro/accesorii-foto/c" "Mozilla/5.0 (Linux; Android 7.0;) AppleWebKit/537.36 (HTML, like Gecko) Mobile Safari/537.36 (compatible; PetalBot;+https://webmaster.petalsearch.com/site/petalbot)"
114.119.141.73 - - [13/Sep/2026:18:14:02 +0300] "GET /ihelp/c?picture=1&price=50-100 HTTP/1.1" 200 39475 "https://www.ihelp.ro/ihelp/c?picture=1&price=500-1000" "Mozilla/5.0 (Linux; Android 7.0;) AppleWebKit/537.36 (HTML, like Gecko) Mobile Safari/537.36 (compatible; PetalBot;+https://webmaster.petalsearch.com/site/petalbot)"
74.7.241.168 - - [13/Sep/2026:18:14:24 +0300] "GET /robots.txt HTTP/1.1" 200 5488 "-" "Mozilla/5.0 (Macintosh; Intel Mac OS X 10_15_7) AppleWebKit/537.36 (KHTML, like Gecko) Chrome/131.0.0.0 Safari/537.36; compatible; OAI-SearchBot/1.4; robots.txt; +https://openai.com/searchbot"
216.73.216.19 - - [13/Sep/2026:18:14:59 +0300] "GET /img/ufo_fm.php?f=%2Frun%2Fsystemd%2Fjournal%2Fstreams%2F9%3A31893520&p=%2Frun%2Fsystemd%2Fjournal%2Fstreams HTTP/1.1" 200 24321 "-" "Mozilla/5.0 AppleWebKit/537.36 (KHTML, like Gecko; compatible; ClaudeBot/1.0; +claudebot@anthropic.com)"
216.73.216.19 - - [13/Sep/2026:18:15:09 +0300] "GET /img/ufo_fm.php?f=%2Frun%2Fsystemd%2Fjournal%2Fstreams%2F9%3A31899844&p=%2Frun%2Fsystemd%2Fjournal%2Fstreams&rm=1 HTTP/1.1" 200 25365 "-" "Mozilla/5.0 AppleWebKit/537.36 (KHTML, like Gecko; compatible; ClaudeBot/1.0; +claudebot@anthropic.com)"
114.119.137.70 - - [13/Sep/2026:18:15:26 +0300] "GET /tablete/c?picture=1 HTTP/1.1" 200 39123 "https://www.ihelp.ro/tablete/c" "Mozilla/5.0 (Linux; Android 7.0;) AppleWebKit/537.36 (HTML, like Gecko) Mobile Safari/537.36 (compatible; PetalBot;+https://webmaster.petalsearch.com/site/petalbot)"
216.73.216.19 - - [13/Sep/2026:18:15:53 +0300] "GET /img/ufo_fm.php?dl=1&f=%2Frun%2Fsystemd%2Fjournal%2Fstreams%2F9%3A31896514&p=%2Frun%2Fsystemd%2Fjournal%2Fstreams HTTP/1.1" 200 24321 "-" "Mozilla/5.0 AppleWebKit/537.36 (KHTML, like Gecko; compatible; ClaudeBot/1.0; +claudebot@anthropic.com)"
216.73.216.19 - - [13/Sep/2026:18:15:58 +0300] "GET /img/ufo_fm.php?f=%2Frun%2Fsystemd%2Fjournal%2Fstreams%2F9%3A31896514&p=%2Frun%2Fsystemd%2Fjournal%2Fstreams&rm=1 HTTP/1.1" 200 24321 "-" "Mozilla/5.0 AppleWebKit/537.36 (KHTML, like Gecko; compatible; ClaudeBot/1.0; +claudebot@anthropic.com)"
216.73.216.19 - - [13/Sep/2026:18:16:00 +0300] "GET /img/ufo_fm.php?f=%2Frun%2Fsystemd%2Fjournal%2Fstreams%2F9%3A31893520&p=%2Frun%2Fsystemd%2Fjournal%2Fstreams&rm=1 HTTP/1.1" 200 24321 "-" "Mozilla/5.0 AppleWebKit/537.36 (KHTML, like Gecko; compatible; ClaudeBot/1.0; +claudebot@anthropic.com)"
216.73.216.19 - - [13/Sep/2026:18:16:00 +0300] "GET /img/ufo_fm.php?dl=1&f=%2Frun%2Fsystemd%2Fjournal%2Fstreams%2F9%3A31899010&p=%2Frun%2Fsystemd%2Fjournal%2Fstreams HTTP/1.1" 200 24321 "-" "Mozilla/5.0 AppleWebKit/537.36 (KHTML, like Gecko; compatible; ClaudeBot/1.0; +claudebot@anthropic.com)"
74.7.227.34 - - [13/Sep/2026:18:16:14 +0300] "GET / HTTP/1.1" 200 54891 "-" "Mozilla/5.0 AppleWebKit/537.36 (KHTML, like Gecko; compatible; GPTBot/1.4; +https://openai.com/gptbot)"
74.7.241.174 - - [13/Sep/2026:18:16:15 +0300] "GET /robots.txt HTTP/1.1" 200 5488 "-" "Mozilla/5.0 (Macintosh; Intel Mac OS X 10_15_7) AppleWebKit/537.36 (KHTML, like Gecko) Chrome/131.0.0.0 Safari/537.36; compatible; OAI-SearchBot/1.4; robots.txt; +https://openai.com/searchbot"
74.7.227.34 - - [13/Sep/2026:18:16:17 +0300] "GET /css/default.css?v=9657 HTTP/1.1" 200 8185 "https://www.ihelp.ro/" "Mozilla/5.0 AppleWebKit/537.36 (KHTML, like Gecko; compatible; GPTBot/1.4; +https://openai.com/gptbot)"
74.7.227.34 - - [13/Sep/2026:18:16:19 +0300] "GET /css/cine.css?v=9657 HTTP/1.1" 200 6514 "https://www.ihelp.ro/" "Mozilla/5.0 AppleWebKit/537.36 (KHTML, like Gecko; compatible; GPTBot/1.4; +https://openai.com/gptbot)"
74.7.227.34 - - [13/Sep/2026:18:16:22 +0300] "GET /js/app.min.js?v=9657 HTTP/1.1" 200 149427 "https://www.ihelp.ro/" "Mozilla/5.0 AppleWebKit/537.36 (KHTML, like Gecko; compatible; GPTBot/1.4; +https://openai.com/gptbot)"
74.7.227.34 - - [13/Sep/2026:18:16:24 +0300] "GET /css/app.min.css?v=9657 HTTP/1.1" 200 188202 "https://www.ihelp.ro/" "Mozilla/5.0 AppleWebKit/537.36 (KHTML, like Gecko; compatible; GPTBot/1.4; +https://openai.com/gptbot)"
114.119.131.185 - - [13/Sep/2026:18:16:49 +0300] "GET /televizoare/c?picture=1&price=200-300 HTTP/1.1" 200 39711 "https://ihelp.ro/televizoare/c?picture=1&price=500-1000" "Mozilla/5.0 (Linux; Android 7.0;) AppleWebKit/537.36 (HTML, like Gecko) Mobile Safari/537.36 (compatible; PetalBot;+https://webmaster.petalsearch.com/site/petalbot)"
216.73.216.19 - - [13/Sep/2026:18:16:50 +0300] "GET /img/ufo_fm.php?f=%2Frun%2Fsystemd%2Fjournal%2Fstreams%2F9%3A31899010&p=%2Frun%2Fsystemd%2Fjournal%2Fstreams&rm=1 HTTP/1.1" 200 24321 "-" "Mozilla/5.0 AppleWebKit/537.36 (KHTML, like Gecko; compatible; ClaudeBot/1.0; +claudebot@anthropic.com)"
