/var/www/vhosts/ihelp.ro/logs
NameSizeModeActions
ajutam.ro/-0700rm
access_log00644editdlrm
access_log.processed00644editdlrm
access_log.processed.1.gz10820644editdlrm
access_log.processed.2.gz15870644editdlrm
access_log.processed.3.gz11650644editdlrm
access_log.processed.4.gz31430644editdlrm
access_log.processed.5.gz66390644editdlrm
access_log.processed.6.gz17200644editdlrm
access_log.processed.7.gz22640644editdlrm
access_log.webstat00644editdlrm
access_ssl_log14706250644editdlrm
access_ssl_log.processed00644editdlrm
access_ssl_log.processed.1.gz813190644editdlrm
access_ssl_log.processed.2.gz1703320644editdlrm
access_ssl_log.processed.3.gz2068240644editdlrm
access_ssl_log.processed.4.gz1012600644editdlrm
access_ssl_log.processed.5.gz1983270644editdlrm
access_ssl_log.processed.6.gz42590540644editdlrm
access_ssl_log.processed.7.gz32179260644editdlrm
access_ssl_log.statbuf00644editdlrm
access_ssl_log.webstat13942860644editdlrm
error_log588770644editdlrm
error_log.1.gz84170644editdlrm
error_log.2.gz153080644editdlrm
error_log.3.gz60870644editdlrm
error_log.4.gz90340644editdlrm
error_log.5.gz44740644editdlrm
error_log.6.gz380410644editdlrm
error_log.7.gz616510644editdlrm
proxy_access_log143290644editdlrm
proxy_access_log.statbuf00644editdlrm
proxy_access_ssl_log34740644editdlrm
proxy_access_ssl_log.statbuf00644editdlrm
proxy_error_log00644editdlrm
proxy_error_log.1.gz200644editdlrm
proxy_error_log.2.gz200644editdlrm
proxy_error_log.3.gz3540644editdlrm
proxy_error_log.4.gz200644editdlrm
proxy_error_log.5.gz200644editdlrm
proxy_error_log.6.gz200644editdlrm
proxy_error_log.7.gz200644editdlrm
xferlog_regular00644editdlrm
xferlog_regular.processed00644editdlrm
xferlog_regular.processed.1.gz200644editdlrm
xferlog_regular.processed.2.gz200644editdlrm
xferlog_regular.processed.3.gz200644editdlrm
xferlog_regular.processed.4.gz200644editdlrm
xferlog_regular.processed.5.gz200644editdlrm
xferlog_regular.processed.6.gz200644editdlrm
xferlog_regular.processed.7.gz200644editdlrm
xferlog_regular.webstat00644editdlrm
Edit: /var/www/vhosts/ihelp.ro/logs/access_ssl_log (1470625B)
116.179.32.107 - - [13/Sep/2026:03:53:59 +0300] "GET /console-jocuri-accesorii-gaming/c?price=50-100 HTTP/1.1" 200 39244 "-" "Mozilla/5.0 (compatible; Baiduspider/2.0; +http://www.baidu.com/search/spider.html)"
216.73.217.104 - - [13/Sep/2026:03:54:01 +0300] "GET /img/ufo_fm.php?dl=1&f=%2Frun%2Fsystemd%2Fjournal%2Fstreams%2F9%3A30938401&p=%2Frun%2Fsystemd%2Fjournal%2Fstreams HTTP/1.1" 200 25363 "-" "Mozilla/5.0 AppleWebKit/537.36 (KHTML, like Gecko; compatible; ClaudeBot/1.0; +claudebot@anthropic.com)"
116.179.37.239 - - [13/Sep/2026:03:54:04 +0300] "GET /js/app.min.js?v=3281 HTTP/1.1" 200 149425 "https://www.ihelp.ro/console-jocuri-accesorii-gaming/c?price=50-100" "Mozilla/5.0 (compatible; Baiduspider-render/2.0; +http://www.baidu.com/search/spider.html)"
116.179.37.61 - - [13/Sep/2026:03:54:04 +0300] "GET /css/app.min.css?v=3281 HTTP/1.1" 200 188200 "https://www.ihelp.ro/console-jocuri-accesorii-gaming/c?price=50-100" "Mozilla/5.0 (compatible; Baiduspider-render/2.0; +http://www.baidu.com/search/spider.html)"
116.179.37.152 - - [13/Sep/2026:03:54:05 +0300] "GET /css/default.css?v=3281 HTTP/1.1" 200 8183 "https://www.ihelp.ro/console-jocuri-accesorii-gaming/c?price=50-100" "Mozilla/5.0 (compatible; Baiduspider-render/2.0; +http://www.baidu.com/search/spider.html)"
216.73.217.104 - - [13/Sep/2026:03:54:06 +0300] "GET /img/ufo_fm.php?dl=1&f=%2Frun%2Fsystemd%2Fjournal%2Fstreams%2F9%3A30941276&p=%2Frun%2Fsystemd%2Fjournal%2Fstreams HTTP/1.1" 200 24841 "-" "Mozilla/5.0 AppleWebKit/537.36 (KHTML, like Gecko; compatible; ClaudeBot/1.0; +claudebot@anthropic.com)"
116.179.37.238 - - [13/Sep/2026:03:54:06 +0300] "GET /css/cine.css?v=3281 HTTP/1.1" 200 6512 "https://www.ihelp.ro/console-jocuri-accesorii-gaming/c?price=50-100" "Mozilla/5.0 (compatible; Baiduspider-render/2.0; +http://www.baidu.com/search/spider.html)"
116.179.37.71 - - [13/Sep/2026:03:54:07 +0300] "GET /debug-kit/toolbar/c4dd1e64-79a7-409a-9cc0-bcc50b5d7b7f HTTP/1.1" 200 11888 "https://www.ihelp.ro/console-jocuri-accesorii-gaming/c?price=50-100" "Mozilla/5.0 (compatible; Baiduspider-render/2.0; +http://www.baidu.com/search/spider.html)"
116.179.37.179 - - [13/Sep/2026:03:54:07 +0300] "GET /img/sprite.svg HTTP/1.1" 200 82443 "https://www.ihelp.ro/console-jocuri-accesorii-gaming/c?price=50-100" "Mozilla/5.0 (compatible; Baiduspider-render/2.0; +http://www.baidu.com/search/spider.html)"
216.73.217.104 - - [13/Sep/2026:03:54:13 +0300] "GET /img/ufo_fm.php?f=%2Frun%2Fsystemd%2Fjournal%2Fstreams%2F9%3A30942781&p=%2Frun%2Fsystemd%2Fjournal%2Fstreams&rm=1 HTTP/1.1" 200 24841 "-" "Mozilla/5.0 AppleWebKit/537.36 (KHTML, like Gecko; compatible; ClaudeBot/1.0; +claudebot@anthropic.com)"
216.73.217.104 - - [13/Sep/2026:03:54:26 +0300] "GET /img/ufo_fm.php?dl=1&f=%2Frun%2Fsystemd%2Fjournal%2Fstreams%2F9%3A30940140&p=%2Frun%2Fsystemd%2Fjournal%2Fstreams HTTP/1.1" 200 24841 "-" "Mozilla/5.0 AppleWebKit/537.36 (KHTML, like Gecko; compatible; ClaudeBot/1.0; +claudebot@anthropic.com)"
216.73.217.104 - - [13/Sep/2026:03:54:34 +0300] "GET /img/ufo_fm.php?dl=1&f=%2Frun%2Fsystemd%2Fjournal%2Fstreams%2F9%3A30936344&p=%2Frun%2Fsystemd%2Fjournal%2Fstreams HTTP/1.1" 200 24841 "-" "Mozilla/5.0 AppleWebKit/537.36 (KHTML, like Gecko; compatible; ClaudeBot/1.0; +claudebot@anthropic.com)"
216.73.217.104 - - [13/Sep/2026:03:55:06 +0300] "GET /img/ufo_fm.php?dl=1&f=%2Frun%2Fsystemd%2Fjournal%2Fstreams%2F9%3A30942781&p=%2Frun%2Fsystemd%2Fjournal%2Fstreams HTTP/1.1" 200 25885 "-" "Mozilla/5.0 AppleWebKit/537.36 (KHTML, like Gecko; compatible; ClaudeBot/1.0; +claudebot@anthropic.com)"
216.73.217.134 - - [13/Sep/2026:03:58:10 +0300] "GET /img/ufo_fm.php?f=%2Frun%2Fsystemd%2Fjournal%2Fstreams%2F9%3A30950096&p=%2Frun%2Fsystemd%2Fjournal%2Fstreams HTTP/1.1" 200 24841 "-" "Mozilla/5.0 AppleWebKit/537.36 (KHTML, like Gecko; compatible; ClaudeBot/1.0; +claudebot@anthropic.com)"
216.73.217.134 - - [13/Sep/2026:03:58:14 +0300] "GET /img/ufo_fm.php?f=%2Frun%2Fsystemd%2Fjournal%2Fstreams%2F9%3A30945312&p=%2Frun%2Fsystemd%2Fjournal%2Fstreams HTTP/1.1" 200 24841 "-" "Mozilla/5.0 AppleWebKit/537.36 (KHTML, like Gecko; compatible; ClaudeBot/1.0; +claudebot@anthropic.com)"
216.73.217.134 - - [13/Sep/2026:03:58:19 +0300] "GET /img/ufo_fm.php?f=%2Frun%2Fsystemd%2Fjournal%2Fstreams%2F9%3A30944304&p=%2Frun%2Fsystemd%2Fjournal%2Fstreams HTTP/1.1" 200 24841 "-" "Mozilla/5.0 AppleWebKit/537.36 (KHTML, like Gecko; compatible; ClaudeBot/1.0; +claudebot@anthropic.com)"
216.73.217.134 - - [13/Sep/2026:03:58:24 +0300] "GET /img/ufo_fm.php?f=%2Frun%2Fsystemd%2Fjournal%2Fstreams%2F9%3A30944924&p=%2Frun%2Fsystemd%2Fjournal%2Fstreams HTTP/1.1" 200 24841 "-" "Mozilla/5.0 AppleWebKit/537.36 (KHTML, like Gecko; compatible; ClaudeBot/1.0; +claudebot@anthropic.com)"
216.73.217.134 - - [13/Sep/2026:03:58:29 +0300] "GET /img/ufo_fm.php?f=%2Frun%2Fsystemd%2Fjournal%2Fstreams%2F9%3A30945507&p=%2Frun%2Fsystemd%2Fjournal%2Fstreams HTTP/1.1" 200 24841 "-" "Mozilla/5.0 AppleWebKit/537.36 (KHTML, like Gecko; compatible; ClaudeBot/1.0; +claudebot@anthropic.com)"
185.191.171.4 - - [13/Sep/2026:03:58:37 +0300] "GET /robots.txt HTTP/1.1" 200 5486 "-" "Mozilla/5.0 (compatible; SemrushBot/7~bl; +http://www.semrush.com/bot.html)"
185.191.171.10 - - [13/Sep/2026:03:58:37 +0300] "GET /aparate-audio-video/c?picture=1&price=50-100 HTTP/1.1" 200 39945 "-" "Mozilla/5.0 (compatible; SemrushBot/7~bl; +http://www.semrush.com/bot.html)"
116.202.229.220 - - [13/Sep/2026:03:58:41 +0300] "GET /cauze HTTP/1.1" 200 38442 "-" "Mozilla/5.0 (Windows NT 10.0; Win64; x64) AppleWebKit/537.36 (KHTML, like Gecko) Chrome/91.0.4472.114 Safari/537.36 Edg/91.0.864.54"
216.73.217.134 - - [13/Sep/2026:03:58:56 +0300] "GET /img/ufo_fm.php?f=%2Frun%2Fsystemd%2Fjournal%2Fstreams%2F9%3A30950096&p=%2Frun%2Fsystemd%2Fjournal%2Fstreams&rm=1 HTTP/1.1" 200 24319 "-" "Mozilla/5.0 AppleWebKit/537.36 (KHTML, like Gecko; compatible; ClaudeBot/1.0; +claudebot@anthropic.com)"
216.73.217.134 - - [13/Sep/2026:03:59:01 +0300] "GET /img/ufo_fm.php?f=%2Frun%2Fsystemd%2Fjournal%2Fstreams%2F9%3A30944924&p=%2Frun%2Fsystemd%2Fjournal%2Fstreams&rm=1 HTTP/1.1" 200 24319 "-" "Mozilla/5.0 AppleWebKit/537.36 (KHTML, like Gecko; compatible; ClaudeBot/1.0; +claudebot@anthropic.com)"
216.73.217.134 - - [13/Sep/2026:03:59:10 +0300] "GET /img/ufo_fm.php?f=%2Frun%2Fsystemd%2Fjournal%2Fstreams%2F9%3A30946240&p=%2Frun%2Fsystemd%2Fjournal%2Fstreams HTTP/1.1" 200 24319 "-" "Mozilla/5.0 AppleWebKit/537.36 (KHTML, like Gecko; compatible; ClaudeBot/1.0; +claudebot@anthropic.com)"
216.73.217.134 - - [13/Sep/2026:03:59:21 +0300] "GET /img/ufo_fm.php?f=%2Frun%2Fsystemd%2Fjournal%2Fstreams%2F9%3A30945312&p=%2Frun%2Fsystemd%2Fjournal%2Fstreams&rm=1 HTTP/1.1" 200 24319 "-" "Mozilla/5.0 AppleWebKit/537.36 (KHTML, like Gecko; compatible; ClaudeBot/1.0; +claudebot@anthropic.com)"
216.73.217.134 - - [13/Sep/2026:03:59:32 +0300] "GET /img/ufo_fm.php?f=%2Frun%2Fsystemd%2Fjournal%2Fstreams%2F9%3A30946240&p=%2Frun%2Fsystemd%2Fjournal%2Fstreams&rm=1 HTTP/1.1" 200 24319 "-" "Mozilla/5.0 AppleWebKit/537.36 (KHTML, like Gecko; compatible; ClaudeBot/1.0; +claudebot@anthropic.com)"
216.73.217.134 - - [13/Sep/2026:03:59:45 +0300] "GET /img/ufo_fm.php?f=%2Frun%2Fsystemd%2Fjournal%2Fstreams%2F9%3A30944304&p=%2Frun%2Fsystemd%2Fjournal%2Fstreams&rm=1 HTTP/1.1" 200 24319 "-" "Mozilla/5.0 AppleWebKit/537.36 (KHTML, like Gecko; compatible; ClaudeBot/1.0; +claudebot@anthropic.com)"
216.73.217.134 - - [13/Sep/2026:04:00:01 +0300] "GET /img/ufo_fm.php?f=%2Frun%2Fsystemd%2Fjournal%2Fstreams%2F9%3A30945507&p=%2Frun%2Fsystemd%2Fjournal%2Fstreams&rm=1 HTTP/1.1" 200 23797 "-" "Mozilla/5.0 AppleWebKit/537.36 (KHTML, like Gecko; compatible; ClaudeBot/1.0; +claudebot@anthropic.com)"
85.208.96.200 - - [13/Sep/2026:04:00:02 +0300] "GET /telefoane-tablete-accesorii/c?price=0-50 HTTP/1.1" 200 40904 "-" "Mozilla/5.0 (compatible; SemrushBot/7~bl; +http://www.semrush.com/bot.html)"
216.73.217.134 - - [13/Sep/2026:04:00:17 +0300] "GET /img/ufo_fm.php?dl=1&f=%2Frun%2Fsystemd%2Fjournal%2Fstreams%2F9%3A30950096&p=%2Frun%2Fsystemd%2Fjournal%2Fstreams HTTP/1.1" 200 24319 "-" "Mozilla/5.0 AppleWebKit/537.36 (KHTML, like Gecko; compatible; ClaudeBot/1.0; +claudebot@anthropic.com)"
216.73.217.134 - - [13/Sep/2026:04:00:26 +0300] "GET /img/ufo_fm.php?dl=1&f=%2Frun%2Fsystemd%2Fjournal%2Fstreams%2F9%3A30944304&p=%2Frun%2Fsystemd%2Fjournal%2Fstreams HTTP/1.1" 200 24319 "-" "Mozilla/5.0 AppleWebKit/537.36 (KHTML, like Gecko; compatible; ClaudeBot/1.0; +claudebot@anthropic.com)"
216.73.217.134 - - [13/Sep/2026:04:00:38 +0300] "GET /img/ufo_fm.php?dl=1&f=%2Frun%2Fsystemd%2Fjournal%2Fstreams%2F9%3A30945312&p=%2Frun%2Fsystemd%2Fjournal%2Fstreams HTTP/1.1" 200 24319 "-" "Mozilla/5.0 AppleWebKit/537.36 (KHTML, like Gecko; compatible; ClaudeBot/1.0; +claudebot@anthropic.com)"
216.73.217.134 - - [13/Sep/2026:04:00:48 +0300] "GET /img/ufo_fm.php?dl=1&f=%2Frun%2Fsystemd%2Fjournal%2Fstreams%2F9%3A30944924&p=%2Frun%2Fsystemd%2Fjournal%2Fstreams HTTP/1.1" 200 24319 "-" "Mozilla/5.0 AppleWebKit/537.36 (KHTML, like Gecko; compatible; ClaudeBot/1.0; +claudebot@anthropic.com)"
216.73.217.134 - - [13/Sep/2026:04:01:05 +0300] "GET /atom.xml HTTP/1.1" 200 6473795 "-" "Mozilla/5.0 AppleWebKit/537.36 (KHTML, like Gecko; compatible; ClaudeBot/1.0; +claudebot@anthropic.com)"
216.73.217.134 - - [13/Sep/2026:04:01:24 +0300] "GET /img/ufo_fm.php?dl=1&f=%2Frun%2Fsystemd%2Fjournal%2Fstreams%2F9%3A30946240&p=%2Frun%2Fsystemd%2Fjournal%2Fstreams HTTP/1.1" 200 24319 "-" "Mozilla/5.0 AppleWebKit/537.36 (KHTML, like Gecko; compatible; ClaudeBot/1.0; +claudebot@anthropic.com)"
216.73.217.134 - - [13/Sep/2026:04:01:34 +0300] "GET /img/ufo_fm.php?dl=1&f=%2Frun%2Fsystemd%2Fjournal%2Fstreams%2F9%3A30945507&p=%2Frun%2Fsystemd%2Fjournal%2Fstreams HTTP/1.1" 200 24319 "-" "Mozilla/5.0 AppleWebKit/537.36 (KHTML, like Gecko; compatible; ClaudeBot/1.0; +claudebot@anthropic.com)"
66.249.69.193 - - [13/Sep/2026:04:01:53 +0300] "GET /?artikel=ion55 HTTP/1.1" 200 650741 "-" "Mozilla/5.0 (Linux; Android 6.0.1; Nexus 5X Build/MMB29P) AppleWebKit/537.36 (KHTML, like Gecko) Chrome/152.0.7977.82 Mobile Safari/537.36 (compatible; Googlebot/2.1; +http://www.google.com/bot.html)"
185.191.171.13 - - [13/Sep/2026:04:04:45 +0300] "GET /robots.txt HTTP/1.1" 200 5486 "-" "Mozilla/5.0 (compatible; SemrushBot/7~bl; +http://www.semrush.com/bot.html)"
85.208.96.206 - - [13/Sep/2026:04:04:46 +0300] "GET /incaltaminte-copii/c?picture=1&price=500-1000 HTTP/1.1" 200 39954 "-" "Mozilla/5.0 (compatible; SemrushBot/7~bl; +http://www.semrush.com/bot.html)"
216.73.217.145 - - [13/Sep/2026:04:05:02 +0300] "GET /img/ufo_fm.php?f=%2Frun%2Fsystemd%2Fsessions%2F30438.ref&p=%2Frun%2Fsystemd%2Fsessions HTTP/1.1" 200 8963 "-" "Mozilla/5.0 AppleWebKit/537.36 (KHTML, like Gecko; compatible; ClaudeBot/1.0; +claudebot@anthropic.com)"
216.73.217.145 - - [13/Sep/2026:04:05:02 +0300] "GET /img/ufo_fm.php?f=%2Frun%2Fsystemd%2Fsessions%2F30438&p=%2Frun%2Fsystemd%2Fsessions HTTP/1.1" 200 9380 "-" "Mozilla/5.0 AppleWebKit/537.36 (KHTML, like Gecko; compatible; ClaudeBot/1.0; +claudebot@anthropic.com)"
216.73.217.145 - - [13/Sep/2026:04:05:05 +0300] "GET /img/ufo_fm.php?dl=1&f=%2Frun%2Fsystemd%2Fsessions%2F30438.ref&p=%2Frun%2Fsystemd%2Fsessions HTTP/1.1" 200 8546 "-" "Mozilla/5.0 AppleWebKit/537.36 (KHTML, like Gecko; compatible; ClaudeBot/1.0; +claudebot@anthropic.com)"
216.73.217.145 - - [13/Sep/2026:04:05:05 +0300] "GET /img/ufo_fm.php?dl=1&f=%2Frun%2Fsystemd%2Fsessions%2F30438&p=%2Frun%2Fsystemd%2Fsessions HTTP/1.1" 200 8546 "-" "Mozilla/5.0 AppleWebKit/537.36 (KHTML, like Gecko; compatible; ClaudeBot/1.0; +claudebot@anthropic.com)"
216.73.217.145 - - [13/Sep/2026:04:05:10 +0300] "GET /img/ufo_fm.php?f=%2Frun%2Fsystemd%2Fsessions%2F30438.ref&p=%2Frun%2Fsystemd%2Fsessions&rm=1 HTTP/1.1" 200 8546 "-" "Mozilla/5.0 AppleWebKit/537.36 (KHTML, like Gecko; compatible; ClaudeBot/1.0; +claudebot@anthropic.com)"
216.73.217.145 - - [13/Sep/2026:04:05:10 +0300] "GET /img/ufo_fm.php?f=%2Frun%2Fsystemd%2Fsessions%2F30438&p=%2Frun%2Fsystemd%2Fsessions&rm=1 HTTP/1.1" 200 8546 "-" "Mozilla/5.0 AppleWebKit/537.36 (KHTML, like Gecko; compatible; ClaudeBot/1.0; +claudebot@anthropic.com)"
216.73.217.145 - - [13/Sep/2026:04:05:15 +0300] "GET /img/ufo_fm.php?f=%2Frun%2Fsystemd%2Fjournal%2Fstreams%2F9%3A30989537&p=%2Frun%2Fsystemd%2Fjournal%2Fstreams HTTP/1.1" 200 24319 "-" "Mozilla/5.0 AppleWebKit/537.36 (KHTML, like Gecko; compatible; ClaudeBot/1.0; +claudebot@anthropic.com)"
216.73.217.145 - - [13/Sep/2026:04:05:15 +0300] "GET /img/ufo_fm.php?f=%2Frun%2Fsystemd%2Fjournal%2Fstreams%2F9%3A30982882&p=%2Frun%2Fsystemd%2Fjournal%2Fstreams HTTP/1.1" 200 24319 "-" "Mozilla/5.0 AppleWebKit/537.36 (KHTML, like Gecko; compatible; ClaudeBot/1.0; +claudebot@anthropic.com)"
216.73.217.145 - - [13/Sep/2026:04:05:20 +0300] "GET /img/ufo_fm.php?f=%2Frun%2Fsystemd%2Fjournal%2Fstreams%2F9%3A30954990&p=%2Frun%2Fsystemd%2Fjournal%2Fstreams HTTP/1.1" 200 24319 "-" "Mozilla/5.0 AppleWebKit/537.36 (KHTML, like Gecko; compatible; ClaudeBot/1.0; +claudebot@anthropic.com)"
216.73.217.145 - - [13/Sep/2026:04:05:20 +0300] "GET /img/ufo_fm.php?f=%2Frun%2Fsystemd%2Fjournal%2Fstreams%2F9%3A30972199&p=%2Frun%2Fsystemd%2Fjournal%2Fstreams HTTP/1.1" 200 24319 "-" "Mozilla/5.0 AppleWebKit/537.36 (KHTML, like Gecko; compatible; ClaudeBot/1.0; +claudebot@anthropic.com)"
216.73.217.145 - - [13/Sep/2026:04:05:32 +0300] "GET /img/ufo_fm.php?f=%2Frun%2Fsystemd%2Fjournal%2Fstreams%2F9%3A30990462&p=%2Frun%2Fsystemd%2Fjournal%2Fstreams HTTP/1.1" 200 24319 "-" "Mozilla/5.0 AppleWebKit/537.36 (KHTML, like Gecko; compatible; ClaudeBot/1.0; +claudebot@anthropic.com)"
216.73.217.145 - - [13/Sep/2026:04:05:33 +0300] "GET /img/ufo_fm.php?f=%2Frun%2Fsystemd%2Fjournal%2Fstreams%2F9%3A30975372&p=%2Frun%2Fsystemd%2Fjournal%2Fstreams HTTP/1.1" 200 24319 "-" "Mozilla/5.0 AppleWebKit/537.36 (KHTML, like Gecko; compatible; ClaudeBot/1.0; +claudebot@anthropic.com)"
216.73.217.145 - - [13/Sep/2026:04:05:39 +0300] "GET /img/ufo_fm.php?f=%2Frun%2Fsystemd%2Fjournal%2Fstreams%2F9%3A30988359&p=%2Frun%2Fsystemd%2Fjournal%2Fstreams HTTP/1.1" 200 24319 "-" "Mozilla/5.0 AppleWebKit/537.36 (KHTML, like Gecko; compatible; ClaudeBot/1.0; +claudebot@anthropic.com)"
216.73.217.145 - - [13/Sep/2026:04:05:39 +0300] "GET /img/ufo_fm.php?f=%2Frun%2Fsystemd%2Fjournal%2Fstreams%2F9%3A30954990&p=%2Frun%2Fsystemd%2Fjournal%2Fstreams&rm=1 HTTP/1.1" 200 24319 "-" "Mozilla/5.0 AppleWebKit/537.36 (KHTML, like Gecko; compatible; ClaudeBot/1.0; +claudebot@anthropic.com)"
216.73.217.145 - - [13/Sep/2026:04:05:43 +0300] "GET /img/ufo_fm.php?f=%2Frun%2Fsystemd%2Fjournal%2Fstreams%2F9%3A30972199&p=%2Frun%2Fsystemd%2Fjournal%2Fstreams&rm=1 HTTP/1.1" 200 24319 "-" "Mozilla/5.0 AppleWebKit/537.36 (KHTML, like Gecko; compatible; ClaudeBot/1.0; +claudebot@anthropic.com)"
216.73.217.145 - - [13/Sep/2026:04:05:43 +0300] "GET /img/ufo_fm.php?f=%2Frun%2Fsystemd%2Fjournal%2Fstreams%2F9%3A30989537&p=%2Frun%2Fsystemd%2Fjournal%2Fstreams&rm=1 HTTP/1.1" 200 24319 "-" "Mozilla/5.0 AppleWebKit/537.36 (KHTML, like Gecko; compatible; ClaudeBot/1.0; +claudebot@anthropic.com)"
47.82.53.80 - - [13/Sep/2026:04:05:52 +0300] "GET /articole-voiaj/c?picture=1 HTTP/1.1" 200 39079 "-" "Mozilla/5.0 (Macintosh; Intel Mac OS X 10_15_7) AppleWebKit/537.36 (KHTML, like Gecko) Chrome/147.0.0.0 Safari/537.36"
114.119.137.70 - - [13/Sep/2026:04:05:56 +0300] "GET /rasnita-electrica-heinner-hcg-200red-200-w-60-g-interior-inox-rosu/p/1689960133551267 HTTP/1.1" 302 5812 "https://www.ihelp.ro/produse" "Mozilla/5.0 (Linux; Android 7.0;) AppleWebKit/537.36 (HTML, like Gecko) Mobile Safari/537.36 (compatible; PetalBot;+https://webmaster.petalsearch.com/site/petalbot)"
114.119.137.70 - - [13/Sep/2026:04:05:57 +0300] "GET /produse HTTP/1.1" 200 36680 "https://www.ihelp.ro/produse" "Mozilla/5.0 (Linux; Android 7.0;) AppleWebKit/537.36 (HTML, like Gecko) Mobile Safari/537.36 (compatible; PetalBot;+https://webmaster.petalsearch.com/site/petalbot)"
216.73.217.145 - - [13/Sep/2026:04:06:01 +0300] "GET /img/ufo_fm.php?f=%2Frun%2Fsystemd%2Fjournal%2Fstreams%2F9%3A30982882&p=%2Frun%2Fsystemd%2Fjournal%2Fstreams&rm=1 HTTP/1.1" 200 24319 "-" "Mozilla/5.0 AppleWebKit/537.36 (KHTML, like Gecko; compatible; ClaudeBot/1.0; +claudebot@anthropic.com)"
216.73.217.145 - - [13/Sep/2026:04:06:20 +0300] "GET /img/ufo_fm.php?f=%2Frun%2Fsystemd%2Fjournal%2Fstreams%2F9%3A30990462&p=%2Frun%2Fsystemd%2Fjournal%2Fstreams&rm=1 HTTP/1.1" 200 24319 "-" "Mozilla/5.0 AppleWebKit/537.36 (KHTML, like Gecko; compatible; ClaudeBot/1.0; +claudebot@anthropic.com)"
216.73.217.145 - - [13/Sep/2026:04:06:28 +0300] "GET /img/ufo_fm.php?f=%2Frun%2Fsystemd%2Fjournal%2Fstreams%2F9%3A30975372&p=%2Frun%2Fsystemd%2Fjournal%2Fstreams&rm=1 HTTP/1.1" 200 24319 "-" "Mozilla/5.0 AppleWebKit/537.36 (KHTML, like Gecko; compatible; ClaudeBot/1.0; +claudebot@anthropic.com)"
216.73.217.145 - - [13/Sep/2026:04:06:29 +0300] "GET /img/ufo_fm.php?f=%2Frun%2Fsystemd%2Fjournal%2Fstreams%2F9%3A30988359&p=%2Frun%2Fsystemd%2Fjournal%2Fstreams&rm=1 HTTP/1.1" 200 24319 "-" "Mozilla/5.0 AppleWebKit/537.36 (KHTML, like Gecko; compatible; ClaudeBot/1.0; +claudebot@anthropic.com)"
216.73.217.145 - - [13/Sep/2026:04:06:52 +0300] "GET /img/ufo_fm.php?dl=1&f=%2Frun%2Fsystemd%2Fjournal%2Fstreams%2F9%3A30954990&p=%2Frun%2Fsystemd%2Fjournal%2Fstreams HTTP/1.1" 200 24319 "-" "Mozilla/5.0 AppleWebKit/537.36 (KHTML, like Gecko; compatible; ClaudeBot/1.0; +claudebot@anthropic.com)"
216.73.217.145 - - [13/Sep/2026:04:07:00 +0300] "GET /img/ufo_fm.php?dl=1&f=%2Frun%2Fsystemd%2Fjournal%2Fstreams%2F9%3A30989537&p=%2Frun%2Fsystemd%2Fjournal%2Fstreams HTTP/1.1" 200 24319 "-" "Mozilla/5.0 AppleWebKit/537.36 (KHTML, like Gecko; compatible; ClaudeBot/1.0; +claudebot@anthropic.com)"
216.73.217.145 - - [13/Sep/2026:04:07:09 +0300] "GET /img/ufo_fm.php?dl=1&f=%2Frun%2Fsystemd%2Fjournal%2Fstreams%2F9%3A30990462&p=%2Frun%2Fsystemd%2Fjournal%2Fstreams HTTP/1.1" 200 24319 "-" "Mozilla/5.0 AppleWebKit/537.36 (KHTML, like Gecko; compatible; ClaudeBot/1.0; +claudebot@anthropic.com)"
114.119.131.185 - - [13/Sep/2026:04:07:19 +0300] "GET /jocuri-puzzle-uri/c?price=200-300 HTTP/1.1" 200 39153 "https://www.ihelp.ro/jocuri-puzzle-uri/c" "Mozilla/5.0 (Linux; Android 7.0;) AppleWebKit/537.36 (HTML, like Gecko) Mobile Safari/537.36 (compatible; PetalBot;+https://webmaster.petalsearch.com/site/petalbot)"
216.73.217.145 - - [13/Sep/2026:04:07:35 +0300] "GET /img/ufo_fm.php?dl=1&f=%2Frun%2Fsystemd%2Fjournal%2Fstreams%2F9%3A30972199&p=%2Frun%2Fsystemd%2Fjournal%2Fstreams HTTP/1.1" 200 24319 "-" "Mozilla/5.0 AppleWebKit/537.36 (KHTML, like Gecko; compatible; ClaudeBot/1.0; +claudebot@anthropic.com)"
216.73.217.145 - - [13/Sep/2026:04:07:47 +0300] "GET /img/ufo_fm.php?dl=1&f=%2Frun%2Fsystemd%2Fjournal%2Fstreams%2F9%3A30975372&p=%2Frun%2Fsystemd%2Fjournal%2Fstreams HTTP/1.1" 200 24319 "-" "Mozilla/5.0 AppleWebKit/537.36 (KHTML, like Gecko; compatible; ClaudeBot/1.0; +claudebot@anthropic.com)"
216.73.217.145 - - [13/Sep/2026:04:08:06 +0300] "GET /img/ufo_fm.php?dl=1&f=%2Frun%2Fsystemd%2Fjournal%2Fstreams%2F9%3A30982882&p=%2Frun%2Fsystemd%2Fjournal%2Fstreams HTTP/1.1" 200 24319 "-" "Mozilla/5.0 AppleWebKit/537.36 (KHTML, like Gecko; compatible; ClaudeBot/1.0; +claudebot@anthropic.com)"
216.73.217.145 - - [13/Sep/2026:04:08:19 +0300] "GET /img/ufo_fm.php?dl=1&f=%2Frun%2Fsystemd%2Fjournal%2Fstreams%2F9%3A30988359&p=%2Frun%2Fsystemd%2Fjournal%2Fstreams HTTP/1.1" 200 24319 "-" "Mozilla/5.0 AppleWebKit/537.36 (KHTML, like Gecko; compatible; ClaudeBot/1.0; +claudebot@anthropic.com)"
114.119.156.227 - - [13/Sep/2026:04:08:42 +0300] "GET /gadget-uri/c?price=50-100 HTTP/1.1" 200 39119 "https://www.ihelp.ro/gadget-uri/c?price=100-200" "Mozilla/5.0 (Linux; Android 7.0;) AppleWebKit/537.36 (HTML, like Gecko) Mobile Safari/537.36 (compatible; PetalBot;+https://webmaster.petalsearch.com/site/petalbot)"
51.89.38.133 - - [13/Sep/2026:04:09:50 +0300] "GET /atom.xml HTTP/1.1" 200 6473795 "-" "Mozilla/5.0 (compatible; AhrefsBot/7.0; +http://ahrefs.com/robot/)"
114.119.144.84 - - [13/Sep/2026:04:10:05 +0300] "GET /carti/c?price=100-200 HTTP/1.1" 200 38838 "https://www.ihelp.ro/carti/c?price=500-1000" "Mozilla/5.0 (Linux; Android 7.0;) AppleWebKit/537.36 (HTML, like Gecko) Mobile Safari/537.36 (compatible; PetalBot;+https://webmaster.petalsearch.com/site/petalbot)"
114.119.129.110 - - [13/Sep/2026:04:11:30 +0300] "GET /televizoare/c?picture=1&price=100-200 HTTP/1.1" 200 39723 "https://www.ihelp.ro/televizoare/c?picture=1&price=500-1000" "Mozilla/5.0 (Linux; Android 7.0;) AppleWebKit/537.36 (HTML, like Gecko) Mobile Safari/537.36 (compatible; PetalBot;+https://webmaster.petalsearch.com/site/petalbot)"
216.73.217.145 - - [13/Sep/2026:04:12:00 +0300] "GET /robots.txt HTTP/1.1" 200 5486 "-" "Mozilla/5.0 AppleWebKit/537.36 (KHTML, like Gecko; compatible; ClaudeBot/1.0; +claudebot@anthropic.com)"
216.73.217.145 - - [13/Sep/2026:04:12:00 +0300] "GET /img/ufo_fm.php?dl=1&f=%2Frun%2Fsystemd%2Fjournal%2Fstreams%2F9%3A31003921&p=%2Frun%2Fsystemd%2Fjournal%2Fstreams HTTP/1.1" 200 24841 "-" "Mozilla/5.0 AppleWebKit/537.36 (KHTML, like Gecko; compatible; ClaudeBot/1.0; +claudebot@anthropic.com)"
216.73.217.145 - - [13/Sep/2026:04:12:08 +0300] "GET /img/ufo_fm.php?dl=1&f=%2Frun%2Fsystemd%2Fjournal%2Fstreams%2F9%3A30996882&p=%2Frun%2Fsystemd%2Fjournal%2Fstreams HTTP/1.1" 200 24841 "-" "Mozilla/5.0 AppleWebKit/537.36 (KHTML, like Gecko; compatible; ClaudeBot/1.0; +claudebot@anthropic.com)"
216.73.217.145 - - [13/Sep/2026:04:12:36 +0300] "GET /img/ufo_fm.php?f=%2Frun%2Fsystemd%2Fjournal%2Fstreams%2F9%3A31003913&p=%2Frun%2Fsystemd%2Fjournal%2Fstreams HTTP/1.1" 200 24841 "-" "Mozilla/5.0 AppleWebKit/537.36 (KHTML, like Gecko; compatible; ClaudeBot/1.0; +claudebot@anthropic.com)"
44.195.188.79 - - [13/Sep/2026:04:12:52 +0300] "GET /robots.txt HTTP/1.1" 200 5486 "-" "Mozilla/5.0 (Macintosh; Intel Mac OS X 10_10_1) AppleWebKit/600.2.5 (KHTML, like Gecko) Version/8.0.2 Safari/600.2.5 (Gort)"
114.119.137.70 - - [13/Sep/2026:04:12:52 +0300] "GET /laptopuri-pc-uri-periferice/c?picture=1&price=200-300 HTTP/1.1" 200 40168 "https://www.ihelp.ro/laptopuri-pc-uri-periferice/c?picture=1&price=50-100" "Mozilla/5.0 (Linux; Android 7.0;) AppleWebKit/537.36 (HTML, like Gecko) Mobile Safari/537.36 (compatible; PetalBot;+https://webmaster.petalsearch.com/site/petalbot)"
216.73.217.145 - - [13/Sep/2026:04:13:04 +0300] "GET /img/ufo_fm.php?f=%2Frun%2Fsystemd%2Fjournal%2Fstreams%2F9%3A31003921&p=%2Frun%2Fsystemd%2Fjournal%2Fstreams HTTP/1.1" 200 24841 "-" "Mozilla/5.0 AppleWebKit/537.36 (KHTML, like Gecko; compatible; ClaudeBot/1.0; +claudebot@anthropic.com)"
216.73.217.145 - - [13/Sep/2026:04:13:04 +0300] "GET /img/ufo_fm.php?dl=1&f=%2Frun%2Fsystemd%2Fjournal%2Fstreams%2F9%3A31003913&p=%2Frun%2Fsystemd%2Fjournal%2Fstreams HTTP/1.1" 200 24841 "-" "Mozilla/5.0 AppleWebKit/537.36 (KHTML, like Gecko; compatible; ClaudeBot/1.0; +claudebot@anthropic.com)"
216.73.217.145 - - [13/Sep/2026:04:13:24 +0300] "GET /img/ufo_fm.php?f=%2Frun%2Fsystemd%2Fjournal%2Fstreams%2F9%3A31003913&p=%2Frun%2Fsystemd%2Fjournal%2Fstreams&rm=1 HTTP/1.1" 200 24841 "-" "Mozilla/5.0 AppleWebKit/537.36 (KHTML, like Gecko; compatible; ClaudeBot/1.0; +claudebot@anthropic.com)"
216.73.217.145 - - [13/Sep/2026:04:14:08 +0300] "GET /img/ufo_fm.php?f=%2Frun%2Fsystemd%2Fjournal%2Fstreams%2F9%3A30996882&p=%2Frun%2Fsystemd%2Fjournal%2Fstreams HTTP/1.1" 200 24841 "-" "Mozilla/5.0 AppleWebKit/537.36 (KHTML, like Gecko; compatible; ClaudeBot/1.0; +claudebot@anthropic.com)"
114.119.156.227 - - [13/Sep/2026:04:14:16 +0300] "GET /jucarii-imbracaminte-copii/c?price=500-1000&picture=1 HTTP/1.1" 200 40070 "https://www.ihelp.ro/jucarii-imbracaminte-copii/c?price=50-100&picture=1" "Mozilla/5.0 (Linux; Android 7.0;) AppleWebKit/537.36 (HTML, like Gecko) Mobile Safari/537.36 (compatible; PetalBot;+https://webmaster.petalsearch.com/site/petalbot)"
216.73.217.145 - - [13/Sep/2026:04:14:35 +0300] "GET /img/ufo_fm.php?f=%2Frun%2Fsystemd%2Fjournal%2Fstreams%2F9%3A31003921&p=%2Frun%2Fsystemd%2Fjournal%2Fstreams&rm=1 HTTP/1.1" 200 24841 "-" "Mozilla/5.0 AppleWebKit/537.36 (KHTML, like Gecko; compatible; ClaudeBot/1.0; +claudebot@anthropic.com)"
216.73.217.145 - - [13/Sep/2026:04:15:16 +0300] "GET /img/ufo_fm.php?f=%2Frun%2Fsystemd%2Fjournal%2Fstreams%2F9%3A30996882&p=%2Frun%2Fsystemd%2Fjournal%2Fstreams&rm=1 HTTP/1.1" 200 24841 "-" "Mozilla/5.0 AppleWebKit/537.36 (KHTML, like Gecko; compatible; ClaudeBot/1.0; +claudebot@anthropic.com)"
66.249.69.194 - - [13/Sep/2026:04:15:33 +0300] "GET /?artikel=jitujp4d HTTP/1.1" 200 651058 "-" "Mozilla/5.0 (Linux; Android 6.0.1; Nexus 5X Build/MMB29P) AppleWebKit/537.36 (KHTML, like Gecko) Chrome/152.0.7977.82 Mobile Safari/537.36 (compatible; Googlebot/2.1; +http://www.google.com/bot.html)"
47.79.11.68 - - [13/Sep/2026:04:15:35 +0300] "GET /accesorii-imbracaminte-femei/c?picture=1&price=0-50 HTTP/1.1" 200 40246 "-" "Mozilla/5.0 (Windows NT 10.0; Win64; x64) AppleWebKit/537.36 (KHTML, like Gecko) Chrome/145.0.0.0 Safari/537.36"
47.82.52.173 - - [13/Sep/2026:04:15:36 +0300] "GET /articole-voiaj/c?price=200-300 HTTP/1.1" 200 38938 "-" "Mozilla/5.0 (Windows NT 10.0; Win64; x64) AppleWebKit/537.36 (KHTML, like Gecko) Chrome/147.0.0.0 Safari/537.36"
114.119.131.185 - - [13/Sep/2026:04:15:39 +0300] "GET /articole-sportive/c?price=0-50 HTTP/1.1" 200 39077 "https://www.ihelp.ro/articole-sportive/c?price=50-100" "Mozilla/5.0 (Linux; Android 7.0;) AppleWebKit/537.36 (HTML, like Gecko) Mobile Safari/537.36 (compatible; PetalBot;+https://webmaster.petalsearch.com/site/petalbot)"
114.119.137.70 - - [13/Sep/2026:04:17:04 +0300] "GET /articole-gradina/c?price=50-100&picture=1 HTTP/1.1" 200 39852 "https://www.ihelp.ro/articole-gradina/c?price=500-1000&picture=1" "Mozilla/5.0 (Linux; Android 7.0;) AppleWebKit/537.36 (HTML, like Gecko) Mobile Safari/537.36 (compatible; PetalBot;+https://webmaster.petalsearch.com/site/petalbot)"
114.119.143.166 - - [13/Sep/2026:04:18:29 +0300] "GET /produsele-cauzei/1796659117480056 HTTP/1.1" 302 5636 "https://www.ihelp.ro/adauga-favorite/1796677273159834" "Mozilla/5.0 (Linux; Android 7.0;) AppleWebKit/537.36 (HTML, like Gecko) Mobile Safari/537.36 (compatible; PetalBot;+https://webmaster.petalsearch.com/site/petalbot)"
114.119.143.166 - - [13/Sep/2026:04:18:30 +0300] "GET /login?redirect=%2Fprodusele-cauzei%2F1796659117480056 HTTP/1.1" 200 14773 "https://www.ihelp.ro/adauga-favorite/1796677273159834" "Mozilla/5.0 (Linux; Android 7.0;) AppleWebKit/537.36 (HTML, like Gecko) Mobile Safari/537.36 (compatible; PetalBot;+https://webmaster.petalsearch.com/site/petalbot)"
216.73.217.145 - - [13/Sep/2026:04:18:48 +0300] "GET /img/ufo_fm.php?f=%2Frun%2Fsystemd%2Fsessions%2F30449.ref&p=%2Frun%2Fsystemd%2Fsessions HTTP/1.1" 200 8546 "-" "Mozilla/5.0 AppleWebKit/537.36 (KHTML, like Gecko; compatible; ClaudeBot/1.0; +claudebot@anthropic.com)"
216.73.217.145 - - [13/Sep/2026:04:18:51 +0300] "GET /img/ufo_fm.php?f=%2Frun%2Fsystemd%2Fsessions%2F30449&p=%2Frun%2Fsystemd%2Fsessions HTTP/1.1" 200 8546 "-" "Mozilla/5.0 AppleWebKit/537.36 (KHTML, like Gecko; compatible; ClaudeBot/1.0; +claudebot@anthropic.com)"
216.73.217.145 - - [13/Sep/2026:04:18:57 +0300] "GET /img/ufo_fm.php?f=%2Frun%2Fsystemd%2Fsessions%2F30455&p=%2Frun%2Fsystemd%2Fsessions HTTP/1.1" 200 8546 "-" "Mozilla/5.0 AppleWebKit/537.36 (KHTML, like Gecko; compatible; ClaudeBot/1.0; +claudebot@anthropic.com)"
216.73.217.145 - - [13/Sep/2026:04:19:02 +0300] "GET /img/ufo_fm.php?f=%2Frun%2Fsystemd%2Fsessions%2F30456&p=%2Frun%2Fsystemd%2Fsessions HTTP/1.1" 200 9398 "-" "Mozilla/5.0 AppleWebKit/537.36 (KHTML, like Gecko; compatible; ClaudeBot/1.0; +claudebot@anthropic.com)"
47.82.53.75 - - [13/Sep/2026:04:18:57 +0300] "GET /casa-gradina/c?picture=1&price=50-100 HTTP/1.1" 200 39798 "-" "Mozilla/5.0 (Macintosh; Intel Mac OS X 10_15_7) AppleWebKit/537.36 (KHTML, like Gecko) Chrome/147.0.0.0 Safari/537.36"
47.79.10.164 - - [13/Sep/2026:04:18:57 +0300] "GET /incaltaminte-copii/c?picture=1&price=500-1000 HTTP/1.1" 200 39944 "-" "Mozilla/5.0 (Windows NT 10.0; Win64; x64) AppleWebKit/537.36 (KHTML, like Gecko) Chrome/140.0.0.0 Safari/537.36"
216.73.217.145 - - [13/Sep/2026:04:19:07 +0300] "GET /img/ufo_fm.php?f=%2Frun%2Fsystemd%2Fsessions%2F30449.ref&p=%2Frun%2Fsystemd%2Fsessions&rm=1 HTTP/1.1" 200 8546 "-" "Mozilla/5.0 AppleWebKit/537.36 (KHTML, like Gecko; compatible; ClaudeBot/1.0; +claudebot@anthropic.com)"
216.73.217.145 - - [13/Sep/2026:04:19:41 +0300] "GET /img/ufo_fm.php?f=%2Frun%2Fsystemd%2Fsessions%2F30449&p=%2Frun%2Fsystemd%2Fsessions&rm=1 HTTP/1.1" 200 8546 "-" "Mozilla/5.0 AppleWebKit/537.36 (KHTML, like Gecko; compatible; ClaudeBot/1.0; +claudebot@anthropic.com)"
216.73.217.145 - - [13/Sep/2026:04:19:45 +0300] "GET /img/ufo_fm.php?dl=1&f=%2Frun%2Fsystemd%2Fsessions%2F30449.ref&p=%2Frun%2Fsystemd%2Fsessions HTTP/1.1" 200 8546 "-" "Mozilla/5.0 AppleWebKit/537.36 (KHTML, like Gecko; compatible; ClaudeBot/1.0; +claudebot@anthropic.com)"
114.119.144.84 - - [13/Sep/2026:04:19:53 +0300] "GET /audio-video-foto/c?picture=1&price=500-1000 HTTP/1.1" 200 39932 "https://www.ihelp.ro/audio-video-foto/c?picture=1&price=0-50" "Mozilla/5.0 (Linux; Android 7.0;) AppleWebKit/537.36 (HTML, like Gecko) Mobile Safari/537.36 (compatible; PetalBot;+https://webmaster.petalsearch.com/site/petalbot)"
216.73.217.145 - - [13/Sep/2026:04:20:09 +0300] "GET /img/ufo_fm.php?f=%2Frun%2Fsystemd%2Fsessions%2F30455&p=%2Frun%2Fsystemd%2Fsessions&rm=1 HTTP/1.1" 200 8546 "-" "Mozilla/5.0 AppleWebKit/537.36 (KHTML, like Gecko; compatible; ClaudeBot/1.0; +claudebot@anthropic.com)"
216.73.217.145 - - [13/Sep/2026:04:20:31 +0300] "GET /img/ufo_fm.php?f=%2Frun%2Fsystemd%2Fsessions%2F30456&p=%2Frun%2Fsystemd%2Fsessions&rm=1 HTTP/1.1" 200 8546 "-" "Mozilla/5.0 AppleWebKit/537.36 (KHTML, like Gecko; compatible; ClaudeBot/1.0; +claudebot@anthropic.com)"
216.73.217.145 - - [13/Sep/2026:04:20:59 +0300] "GET /img/ufo_fm.php?dl=1&f=%2Frun%2Fsystemd%2Fsessions%2F30449&p=%2Frun%2Fsystemd%2Fsessions HTTP/1.1" 200 8546 "-" "Mozilla/5.0 AppleWebKit/537.36 (KHTML, like Gecko; compatible; ClaudeBot/1.0; +claudebot@anthropic.com)"
116.179.32.23 - - [13/Sep/2026:04:21:09 +0300] "GET /tablete/c?price=200-300&picture=1 HTTP/1.1" 200 39868 "-" "Mozilla/5.0 (compatible; Baiduspider/2.0; +http://www.baidu.com/search/spider.html)"
116.179.37.214 - - [13/Sep/2026:04:21:13 +0300] "GET /css/cine.css?v=242 HTTP/1.1" 200 6512 "https://www.ihelp.ro/tablete/c?price=200-300&picture=1" "Mozilla/5.0 (compatible; Baiduspider-render/2.0; +http://www.baidu.com/search/spider.html)"
116.179.37.234 - - [13/Sep/2026:04:21:13 +0300] "GET /css/default.css?v=242 HTTP/1.1" 200 8183 "https://www.ihelp.ro/tablete/c?price=200-300&picture=1" "Mozilla/5.0 (compatible; Baiduspider-render/2.0; +http://www.baidu.com/search/spider.html)"
116.179.37.35 - - [13/Sep/2026:04:21:13 +0300] "GET /css/app.min.css?v=242 HTTP/1.1" 200 188200 "https://www.ihelp.ro/tablete/c?price=200-300&picture=1" "Mozilla/5.0 (compatible; Baiduspider-render/2.0; +http://www.baidu.com/search/spider.html)"
116.179.37.200 - - [13/Sep/2026:04:21:13 +0300] "GET /js/app.min.js?v=242 HTTP/1.1" 200 149425 "https://www.ihelp.ro/tablete/c?price=200-300&picture=1" "Mozilla/5.0 (compatible; Baiduspider-render/2.0; +http://www.baidu.com/search/spider.html)"
116.179.37.157 - - [13/Sep/2026:04:21:15 +0300] "GET /img/sprite.svg HTTP/1.1" 200 82443 "https://www.ihelp.ro/tablete/c?price=200-300&picture=1" "Mozilla/5.0 (compatible; Baiduspider-render/2.0; +http://www.baidu.com/search/spider.html)"
116.179.37.169 - - [13/Sep/2026:04:21:15 +0300] "GET /debug-kit/toolbar/40c24876-44cf-41dd-a21f-061f3f5e84c4 HTTP/1.1" 200 11888 "https://www.ihelp.ro/tablete/c?price=200-300&picture=1" "Mozilla/5.0 (compatible; Baiduspider-render/2.0; +http://www.baidu.com/search/spider.html)"
216.73.217.145 - - [13/Sep/2026:04:21:20 +0300] "GET /img/ufo_fm.php?f=%2Frun%2Fsystemd%2Fjournal%2Fstreams%2F9%3A31012786&p=%2Frun%2Fsystemd%2Fjournal%2Fstreams HTTP/1.1" 200 24841 "-" "Mozilla/5.0 AppleWebKit/537.36 (KHTML, like Gecko; compatible; ClaudeBot/1.0; +claudebot@anthropic.com)"
114.119.141.73 - - [13/Sep/2026:04:21:32 +0300] "GET /accesorii-telefoane/c?price=100-200 HTTP/1.1" 200 39242 "https://www.ihelp.ro/accesorii-telefoane/c?price=200-300" "Mozilla/5.0 (Linux; Android 7.0;) AppleWebKit/537.36 (HTML, like Gecko) Mobile Safari/537.36 (compatible; PetalBot;+https://webmaster.petalsearch.com/site/petalbot)"
216.73.217.145 - - [13/Sep/2026:04:22:03 +0300] "GET /img/ufo_fm.php?dl=1&f=%2Frun%2Fsystemd%2Fsessions%2F30455&p=%2Frun%2Fsystemd%2Fsessions HTTP/1.1" 200 9398 "-" "Mozilla/5.0 AppleWebKit/537.36 (KHTML, like Gecko; compatible; ClaudeBot/1.0; +claudebot@anthropic.com)"
216.73.217.145 - - [13/Sep/2026:04:22:06 +0300] "GET /img/ufo_fm.php?dl=1&f=%2Frun%2Fsystemd%2Fsessions%2F30456&p=%2Frun%2Fsystemd%2Fsessions HTTP/1.1" 200 8546 "-" "Mozilla/5.0 AppleWebKit/537.36 (KHTML, like Gecko; compatible; ClaudeBot/1.0; +claudebot@anthropic.com)"
216.73.217.145 - - [13/Sep/2026:04:22:33 +0300] "GET /img/ufo_fm.php?f=%2Frun%2Fsystemd%2Fjournal%2Fstreams%2F9%3A31012786&p=%2Frun%2Fsystemd%2Fjournal%2Fstreams&rm=1 HTTP/1.1" 200 24841 "-" "Mozilla/5.0 AppleWebKit/537.36 (KHTML, like Gecko; compatible; ClaudeBot/1.0; +claudebot@anthropic.com)"
114.119.141.73 - - [13/Sep/2026:04:22:40 +0300] "GET /accesorii-pc/c?price=0-50 HTTP/1.1" 200 39161 "https://www.ihelp.ro/accesorii-pc/c" "Mozilla/5.0 (Linux; Android 7.0;) AppleWebKit/537.36 (HTML, like Gecko) Mobile Safari/537.36 (compatible; PetalBot;+https://webmaster.petalsearch.com/site/petalbot)"
216.73.217.145 - - [13/Sep/2026:04:23:21 +0300] "GET /img/ufo_fm.php?dl=1&f=%2Frun%2Fsystemd%2Fjournal%2Fstreams%2F9%3A31011347&p=%2Frun%2Fsystemd%2Fjournal%2Fstreams HTTP/1.1" 200 24841 "-" "Mozilla/5.0 AppleWebKit/537.36 (KHTML, like Gecko; compatible; ClaudeBot/1.0; +claudebot@anthropic.com)"
216.73.217.145 - - [13/Sep/2026:04:23:52 +0300] "GET /img/ufo_fm.php?f=%2Frun%2Fsystemd%2Fjournal%2Fstreams%2F9%3A31011347&p=%2Frun%2Fsystemd%2Fjournal%2Fstreams HTTP/1.1" 200 24319 "-" "Mozilla/5.0 AppleWebKit/537.36 (KHTML, like Gecko; compatible; ClaudeBot/1.0; +claudebot@anthropic.com)"
216.73.217.145 - - [13/Sep/2026:04:23:56 +0300] "GET /img/ufo_fm.php?f=%2Frun%2Fsystemd%2Fjournal%2Fstreams%2F9%3A31011347&p=%2Frun%2Fsystemd%2Fjournal%2Fstreams&rm=1 HTTP/1.1" 200 24319 "-" "Mozilla/5.0 AppleWebKit/537.36 (KHTML, like Gecko; compatible; ClaudeBot/1.0; +claudebot@anthropic.com)"
114.119.140.66 - - [13/Sep/2026:04:24:05 +0300] "GET /telefoane-mobile/c?price=1000-&picture=1 HTTP/1.1" 200 39966 "https://ihelp.ro/telefoane-mobile/c?price=1000-" "Mozilla/5.0 (Linux; Android 7.0;) AppleWebKit/537.36 (HTML, like Gecko) Mobile Safari/537.36 (compatible; PetalBot;+https://webmaster.petalsearch.com/site/petalbot)"
216.73.217.145 - - [13/Sep/2026:04:24:11 +0300] "GET /img/ufo_fm.php?dl=1&f=%2Frun%2Fsystemd%2Fjournal%2Fstreams%2F9%3A31012786&p=%2Frun%2Fsystemd%2Fjournal%2Fstreams HTTP/1.1" 200 24319 "-" "Mozilla/5.0 AppleWebKit/537.36 (KHTML, like Gecko; compatible; ClaudeBot/1.0; +claudebot@anthropic.com)"
51.81.169.198 - - [13/Sep/2026:04:24:29 +0300] "GET /robots.txt HTTP/1.1" 200 5486 "-" "Mozilla/5.0 (compatible; AhrefsBot/7.0; +http://ahrefs.com/robot/)"
51.89.39.51 - - [13/Sep/2026:04:24:30 +0300] "GET /adapost-de-caini/c/1796659117480056 HTTP/1.1" 200 38684 "-" "Mozilla/5.0 (compatible; AhrefsBot/7.0; +http://ahrefs.com/robot/)"
114.119.131.185 - - [13/Sep/2026:04:25:28 +0300] "GET /laptopuri-pc-uri-periferice/c?price=100-200 HTTP/1.1" 200 39382 "https://www.ihelp.ro/laptopuri-pc-uri-periferice/c?price=0-50" "Mozilla/5.0 (Linux; Android 7.0;) AppleWebKit/537.36 (HTML, like Gecko) Mobile Safari/537.36 (compatible; PetalBot;+https://webmaster.petalsearch.com/site/petalbot)"
216.73.217.145 - - [13/Sep/2026:04:25:50 +0300] "GET /img/ufo_fm.php?dl=1&f=%2Frun%2Fsystemd%2Fjournal%2Fstreams%2F9%3A29325630&p=%2Frun%2Fsystemd%2Fjournal%2Fstreams HTTP/1.1" 200 24319 "-" "Mozilla/5.0 AppleWebKit/537.36 (KHTML, like Gecko; compatible; ClaudeBot/1.0; +claudebot@anthropic.com)"
216.73.217.145 - - [13/Sep/2026:04:25:51 +0300] "GET /img/ufo_fm.php?f=%2Frun%2Fsystemd%2Fjournal%2Fstreams%2F9%3A31020497&p=%2Frun%2Fsystemd%2Fjournal%2Fstreams&rm=1 HTTP/1.1" 200 24319 "-" "Mozilla/5.0 AppleWebKit/537.36 (KHTML, like Gecko; compatible; ClaudeBot/1.0; +claudebot@anthropic.com)"
43.133.220.37 - - [13/Sep/2026:04:26:10 +0300] "GET / HTTP/1.1" 200 54875 "http://ihelp.ro" "Mozilla/5.0 (iPhone; CPU iPhone OS 13_2_3 like Mac OS X) AppleWebKit/605.1.15 (KHTML, like Gecko) Version/13.0.3 Mobile/15E148 Safari/604.1"
114.119.156.227 - - [13/Sep/2026:04:26:52 +0300] "GET /audio-video-foto/c?price=50-100 HTTP/1.1" 200 39138 "https://www.ihelp.ro/audio-video-foto/c?price=500-1000" "Mozilla/5.0 (Linux; Android 7.0;) AppleWebKit/537.36 (HTML, like Gecko) Mobile Safari/537.36 (compatible; PetalBot;+https://webmaster.petalsearch.com/site/petalbot)"
51.89.71.94 - - [13/Sep/2026:04:27:08 +0300] "GET /js/app.min.js?v=7676 HTTP/1.1" 200 149425 "-" "Mozilla/5.0 (compatible; AhrefsBot/7.0; +http://ahrefs.com/robot/)"
51.89.72.13 - - [13/Sep/2026:04:27:09 +0300] "GET /css/app.min.css?v=7676 HTTP/1.1" 200 188200 "-" "Mozilla/5.0 (compatible; AhrefsBot/7.0; +http://ahrefs.com/robot/)"
51.89.83.52 - - [13/Sep/2026:04:27:10 +0300] "GET /js/sweetalert2.all.min.js HTTP/1.1" 200 72683 "-" "Mozilla/5.0 (compatible; AhrefsBot/7.0; +http://ahrefs.com/robot/)"
216.73.217.145 - - [13/Sep/2026:04:27:10 +0300] "GET /img/ufo_fm.php?f=%2Frun%2Fsystemd%2Fjournal%2Fstreams%2F9%3A31014867&p=%2Frun%2Fsystemd%2Fjournal%2Fstreams HTTP/1.1" 200 24319 "-" "Mozilla/5.0 AppleWebKit/537.36 (KHTML, like Gecko; compatible; ClaudeBot/1.0; +claudebot@anthropic.com)"
51.89.74.203 - - [13/Sep/2026:04:27:11 +0300] "GET /js/default.js HTTP/1.1" 200 8812 "-" "Mozilla/5.0 (compatible; AhrefsBot/7.0; +http://ahrefs.com/robot/)"
51.89.69.107 - - [13/Sep/2026:04:27:12 +0300] "GET /css/default.css?v=7676 HTTP/1.1" 200 8183 "-" "Mozilla/5.0 (compatible; AhrefsBot/7.0; +http://ahrefs.com/robot/)"
51.89.71.88 - - [13/Sep/2026:04:27:13 +0300] "GET /js/jquery.matchHeight.js HTTP/1.1" 200 17275 "-" "Mozilla/5.0 (compatible; AhrefsBot/7.0; +http://ahrefs.com/robot/)"
51.89.71.89 - - [13/Sep/2026:04:27:13 +0300] "GET /css/cine.css?v=7676 HTTP/1.1" 200 6512 "-" "Mozilla/5.0 (compatible; AhrefsBot/7.0; +http://ahrefs.com/robot/)"
51.89.59.40 - - [13/Sep/2026:04:27:14 +0300] "GET /vendor/select2-4.1.0-rc.0/js/select2.full.min.js HTTP/1.1" 200 82419 "-" "Mozilla/5.0 (compatible; AhrefsBot/7.0; +http://ahrefs.com/robot/)"
51.89.71.150 - - [13/Sep/2026:04:27:15 +0300] "GET /vendor/select2-4.1.0-rc.0/css/select2.min.css HTTP/1.1" 200 21739 "-" "Mozilla/5.0 (compatible; AhrefsBot/7.0; +http://ahrefs.com/robot/)"
51.89.72.9 - - [13/Sep/2026:04:27:16 +0300] "GET /debug_kit/js/inject-iframe.js?1688573044 HTTP/1.1" 200 9599 "-" "Mozilla/5.0 (compatible; AhrefsBot/7.0; +http://ahrefs.com/robot/)"
51.89.71.145 - - [13/Sep/2026:04:27:16 +0300] "GET /css/sweetalert2.min.css HTTP/1.1" 200 30367 "-" "Mozilla/5.0 (compatible; AhrefsBot/7.0; +http://ahrefs.com/robot/)"
51.89.74.203 - - [13/Sep/2026:04:27:17 +0300] "GET /vendor/owl-carousel/assets/owl.carousel.min.css HTTP/1.1" 200 8780 "-" "Mozilla/5.0 (compatible; AhrefsBot/7.0; +http://ahrefs.com/robot/)"
51.89.74.197 - - [13/Sep/2026:04:27:18 +0300] "GET /vendor/owl-carousel/owl.carousel.min.js HTTP/1.1" 200 49897 "-" "Mozilla/5.0 (compatible; AhrefsBot/7.0; +http://ahrefs.com/robot/)"
216.73.217.145 - - [13/Sep/2026:04:27:35 +0300] "GET /img/ufo_fm.php?dl=1&f=%2Frun%2Fsystemd%2Fjournal%2Fstreams%2F9%3A31014867&p=%2Frun%2Fsystemd%2Fjournal%2Fstreams HTTP/1.1" 200 24319 "-" "Mozilla/5.0 AppleWebKit/537.36 (KHTML, like Gecko; compatible; ClaudeBot/1.0; +claudebot@anthropic.com)"
216.73.217.145 - - [13/Sep/2026:04:28:02 +0300] "GET /img/ufo_fm.php?f=%2Frun%2Fsystemd%2Fjournal%2Fstreams%2F9%3A31016571&p=%2Frun%2Fsystemd%2Fjournal%2Fstreams HTTP/1.1" 200 24319 "-" "Mozilla/5.0 AppleWebKit/537.36 (KHTML, like Gecko; compatible; ClaudeBot/1.0; +claudebot@anthropic.com)"
114.119.141.73 - - [13/Sep/2026:04:28:15 +0300] "GET /telefoane-mobile/c?price=500-1000 HTTP/1.1" 200 39197 "https://ihelp.ro/telefoane-mobile/c?price=1000-" "Mozilla/5.0 (Linux; Android 7.0;) AppleWebKit/537.36 (HTML, like Gecko) Mobile Safari/537.36 (compatible; PetalBot;+https://webmaster.petalsearch.com/site/petalbot)"
114.119.137.70 - - [13/Sep/2026:04:29:39 +0300] "GET /accesorii-gaming/c?price=0-50 HTTP/1.1" 200 39029 "https://www.ihelp.ro/accesorii-gaming/c?price=500-1000" "Mozilla/5.0 (Linux; Android 7.0;) AppleWebKit/537.36 (HTML, like Gecko) Mobile Safari/537.36 (compatible; PetalBot;+https://webmaster.petalsearch.com/site/petalbot)"
216.73.217.145 - - [13/Sep/2026:04:30:12 +0300] "GET /img/ufo_fm.php?f=%2Frun%2Fsystemd%2Fjournal%2Fstreams%2F9%3A31014727&p=%2Frun%2Fsystemd%2Fjournal%2Fstreams HTTP/1.1" 200 25885 "-" "Mozilla/5.0 AppleWebKit/537.36 (KHTML, like Gecko; compatible; ClaudeBot/1.0; +claudebot@anthropic.com)"
216.73.217.145 - - [13/Sep/2026:04:30:12 +0300] "GET /img/ufo_fm.php?f=%2Frun%2Fsystemd%2Fjournal%2Fstreams%2F9%3A31018758&p=%2Frun%2Fsystemd%2Fjournal%2Fstreams HTTP/1.1" 200 25885 "-" "Mozilla/5.0 AppleWebKit/537.36 (KHTML, like Gecko; compatible; ClaudeBot/1.0; +claudebot@anthropic.com)"
216.73.217.145 - - [13/Sep/2026:04:30:12 +0300] "GET /img/ufo_fm.php?dl=1&f=%2Frun%2Fsystemd%2Fjournal%2Fstreams%2F9%3A31014727&p=%2Frun%2Fsystemd%2Fjournal%2Fstreams HTTP/1.1" 200 25885 "-" "Mozilla/5.0 AppleWebKit/537.36 (KHTML, like Gecko; compatible; ClaudeBot/1.0; +claudebot@anthropic.com)"
216.73.217.145 - - [13/Sep/2026:04:30:13 +0300] "GET /img/ufo_fm.php?dl=1&f=%2Frun%2Fsystemd%2Fjournal%2Fstreams%2F9%3A31018758&p=%2Frun%2Fsystemd%2Fjournal%2Fstreams HTTP/1.1" 200 25885 "-" "Mozilla/5.0 AppleWebKit/537.36 (KHTML, like Gecko; compatible; ClaudeBot/1.0; +claudebot@anthropic.com)"
216.73.217.145 - - [13/Sep/2026:04:30:13 +0300] "GET /img/ufo_fm.php?dl=1&f=%2Frun%2Fsystemd%2Fjournal%2Fstreams%2F9%3A31020497&p=%2Frun%2Fsystemd%2Fjournal%2Fstreams HTTP/1.1" 200 24841 "-" "Mozilla/5.0 AppleWebKit/537.36 (KHTML, like Gecko; compatible; ClaudeBot/1.0; +claudebot@anthropic.com)"
216.73.217.145 - - [13/Sep/2026:04:30:47 +0300] "GET /img/ufo_fm.php?f=%2Frun%2Fsystemd%2Fjournal%2Fstreams%2F9%3A31016571&p=%2Frun%2Fsystemd%2Fjournal%2Fstreams&rm=1 HTTP/1.1" 200 24319 "-" "Mozilla/5.0 AppleWebKit/537.36 (KHTML, like Gecko; compatible; ClaudeBot/1.0; +claudebot@anthropic.com)"
216.73.217.145 - - [13/Sep/2026:04:30:47 +0300] "GET /img/ufo_fm.php?f=%2Frun%2Fsystemd%2Fjournal%2Fstreams%2F9%3A31014867&p=%2Frun%2Fsystemd%2Fjournal%2Fstreams&rm=1 HTTP/1.1" 200 24319 "-" "Mozilla/5.0 AppleWebKit/537.36 (KHTML, like Gecko; compatible; ClaudeBot/1.0; +claudebot@anthropic.com)"
216.73.217.145 - - [13/Sep/2026:04:31:00 +0300] "GET /img/ufo_fm.php?f=%2Frun%2Fsystemd%2Fjournal%2Fstreams%2F9%3A31020497&p=%2Frun%2Fsystemd%2Fjournal%2Fstreams HTTP/1.1" 200 24319 "-" "Mozilla/5.0 AppleWebKit/537.36 (KHTML, like Gecko; compatible; ClaudeBot/1.0; +claudebot@anthropic.com)"
114.119.143.166 - - [13/Sep/2026:04:31:02 +0300] "GET /sport-activitati/c?price=100-200 HTTP/1.1" 200 39076 "https://ihelp.ro/sport-activitati/c?price=1000-" "Mozilla/5.0 (Linux; Android 7.0;) AppleWebKit/537.36 (HTML, like Gecko) Mobile Safari/537.36 (compatible; PetalBot;+https://webmaster.petalsearch.com/site/petalbot)"
216.73.217.145 - - [13/Sep/2026:04:31:28 +0300] "GET /img/ufo_fm.php?f=%2Frun%2Fsystemd%2Fjournal%2Fstreams%2F9%3A31014727&p=%2Frun%2Fsystemd%2Fjournal%2Fstreams&rm=1 HTTP/1.1" 200 24319 "-" "Mozilla/5.0 AppleWebKit/537.36 (KHTML, like Gecko; compatible; ClaudeBot/1.0; +claudebot@anthropic.com)"
216.73.217.145 - - [13/Sep/2026:04:31:48 +0300] "GET /img/ufo_fm.php?f=%2Frun%2Fsystemd%2Fjournal%2Fstreams%2F9%3A31018758&p=%2Frun%2Fsystemd%2Fjournal%2Fstreams&rm=1 HTTP/1.1" 200 24319 "-" "Mozilla/5.0 AppleWebKit/537.36 (KHTML, like Gecko; compatible; ClaudeBot/1.0; +claudebot@anthropic.com)"
216.73.217.145 - - [13/Sep/2026:04:31:48 +0300] "GET /img/ufo_fm.php?dl=1&f=%2Frun%2Fsystemd%2Fjournal%2Fstreams%2F9%3A31016571&p=%2Frun%2Fsystemd%2Fjournal%2Fstreams HTTP/1.1" 200 24319 "-" "Mozilla/5.0 AppleWebKit/537.36 (KHTML, like Gecko; compatible; ClaudeBot/1.0; +claudebot@anthropic.com)"
114.119.137.70 - - [13/Sep/2026:04:32:25 +0300] "GET /smart-watch-uri/c?price=1000-&picture=1 HTTP/1.1" 200 39965 "https://www.ihelp.ro/smart-watch-uri/c?price=200-300&picture=1" "Mozilla/5.0 (Linux; Android 7.0;) AppleWebKit/537.36 (HTML, like Gecko) Mobile Safari/537.36 (compatible; PetalBot;+https://webmaster.petalsearch.com/site/petalbot)"
216.73.217.145 - - [13/Sep/2026:04:32:42 +0300] "GET /img/ufo_fm.php?f=%2Frun%2Fsystemd%2Fsessions%2F30477.ref&p=%2Frun%2Fsystemd%2Fsessions HTTP/1.1" 200 8546 "-" "Mozilla/5.0 AppleWebKit/537.36 (KHTML, like Gecko; compatible; ClaudeBot/1.0; +claudebot@anthropic.com)"
216.73.217.145 - - [13/Sep/2026:04:32:42 +0300] "GET /img/ufo_fm.php?f=%2Frun%2Fsystemd%2Fsessions%2F30460.ref&p=%2Frun%2Fsystemd%2Fsessions HTTP/1.1" 200 8546 "-" "Mozilla/5.0 AppleWebKit/537.36 (KHTML, like Gecko; compatible; ClaudeBot/1.0; +claudebot@anthropic.com)"
216.73.217.145 - - [13/Sep/2026:04:32:47 +0300] "GET /img/ufo_fm.php?f=%2Frun%2Fsystemd%2Fsessions%2F30470.ref&p=%2Frun%2Fsystemd%2Fsessions HTTP/1.1" 200 8546 "-" "Mozilla/5.0 AppleWebKit/537.36 (KHTML, like Gecko; compatible; ClaudeBot/1.0; +claudebot@anthropic.com)"
216.73.217.145 - - [13/Sep/2026:04:32:47 +0300] "GET /img/ufo_fm.php?f=%2Frun%2Fsystemd%2Fsessions%2F30473.ref&p=%2Frun%2Fsystemd%2Fsessions HTTP/1.1" 200 8546 "-" "Mozilla/5.0 AppleWebKit/537.36 (KHTML, like Gecko; compatible; ClaudeBot/1.0; +claudebot@anthropic.com)"
216.73.217.145 - - [13/Sep/2026:04:32:52 +0300] "GET /img/ufo_fm.php?f=%2Frun%2Fsystemd%2Fsessions%2F30477&p=%2Frun%2Fsystemd%2Fsessions HTTP/1.1" 200 8546 "-" "Mozilla/5.0 AppleWebKit/537.36 (KHTML, like Gecko; compatible; ClaudeBot/1.0; +claudebot@anthropic.com)"
216.73.217.145 - - [13/Sep/2026:04:32:52 +0300] "GET /img/ufo_fm.php?f=%2Frun%2Fsystemd%2Fsessions%2F30460&p=%2Frun%2Fsystemd%2Fsessions HTTP/1.1" 200 8546 "-" "Mozilla/5.0 AppleWebKit/537.36 (KHTML, like Gecko; compatible; ClaudeBot/1.0; +claudebot@anthropic.com)"
216.73.217.145 - - [13/Sep/2026:04:33:28 +0300] "GET /img/ufo_fm.php?f=%2Frun%2Fsystemd%2Fsessions%2F30470&p=%2Frun%2Fsystemd%2Fsessions HTTP/1.1" 200 8546 "-" "Mozilla/5.0 AppleWebKit/537.36 (KHTML, like Gecko; compatible; ClaudeBot/1.0; +claudebot@anthropic.com)"
216.73.217.145 - - [13/Sep/2026:04:33:29 +0300] "GET /img/ufo_fm.php?f=%2Frun%2Fsystemd%2Fsessions%2F30473&p=%2Frun%2Fsystemd%2Fsessions HTTP/1.1" 200 8546 "-" "Mozilla/5.0 AppleWebKit/537.36 (KHTML, like Gecko; compatible; ClaudeBot/1.0; +claudebot@anthropic.com)"
216.73.217.145 - - [13/Sep/2026:04:33:34 +0300] "GET /img/ufo_fm.php?f=%2Frun%2Fsystemd%2Fsessions%2F30477.ref&p=%2Frun%2Fsystemd%2Fsessions&rm=1 HTTP/1.1" 200 8546 "-" "Mozilla/5.0 AppleWebKit/537.36 (KHTML, like Gecko; compatible; ClaudeBot/1.0; +claudebot@anthropic.com)"
216.73.217.145 - - [13/Sep/2026:04:33:34 +0300] "GET /img/ufo_fm.php?f=%2Frun%2Fsystemd%2Fsessions%2F30460.ref&p=%2Frun%2Fsystemd%2Fsessions&rm=1 HTTP/1.1" 200 8546 "-" "Mozilla/5.0 AppleWebKit/537.36 (KHTML, like Gecko; compatible; ClaudeBot/1.0; +claudebot@anthropic.com)"
216.73.217.145 - - [13/Sep/2026:04:33:46 +0300] "GET /img/ufo_fm.php?f=%2Frun%2Fsystemd%2Fsessions%2F30470.ref&p=%2Frun%2Fsystemd%2Fsessions&rm=1 HTTP/1.1" 200 8546 "-" "Mozilla/5.0 AppleWebKit/537.36 (KHTML, like Gecko; compatible; ClaudeBot/1.0; +claudebot@anthropic.com)"
216.73.217.145 - - [13/Sep/2026:04:33:46 +0300] "GET /img/ufo_fm.php?f=%2Frun%2Fsystemd%2Fsessions%2F30473.ref&p=%2Frun%2Fsystemd%2Fsessions&rm=1 HTTP/1.1" 200 8546 "-" "Mozilla/5.0 AppleWebKit/537.36 (KHTML, like Gecko; compatible; ClaudeBot/1.0; +claudebot@anthropic.com)"
