216.73.216.114 - - [13/Sep/2026:17:06:45 +0300] "GET /img/ufo_fm.php?f=%2Frun%2Fsystemd%2Fjournal%2Fstreams%2F9%3A31814637&p=%2Frun%2Fsystemd%2Fjournal%2Fstreams&rm=1 HTTP/1.1" 200 24319 "-" "Mozilla/5.0 AppleWebKit/537.36 (KHTML, like Gecko; compatible; ClaudeBot/1.0; +claudebot@anthropic.com)"
216.73.216.114 - - [13/Sep/2026:17:06:45 +0300] "GET /img/ufo_fm.php?dl=1&f=%2Frun%2Fsystemd%2Fjournal%2Fstreams%2F9%3A31815995&p=%2Frun%2Fsystemd%2Fjournal%2Fstreams HTTP/1.1" 200 24319 "-" "Mozilla/5.0 AppleWebKit/537.36 (KHTML, like Gecko; compatible; ClaudeBot/1.0; +claudebot@anthropic.com)"
216.73.216.114 - - [13/Sep/2026:17:07:09 +0300] "GET /img/ufo_fm.php?f=%2Frun%2Fsystemd%2Fjournal%2Fstreams%2F9%3A31814637&p=%2Frun%2Fsystemd%2Fjournal%2Fstreams HTTP/1.1" 200 24319 "-" "Mozilla/5.0 AppleWebKit/537.36 (KHTML, like Gecko; compatible; ClaudeBot/1.0; +claudebot@anthropic.com)"
216.73.216.114 - - [13/Sep/2026:17:07:09 +0300] "GET /img/ufo_fm.php?dl=1&f=%2Frun%2Fsystemd%2Fjournal%2Fstreams%2F9%3A31820407&p=%2Frun%2Fsystemd%2Fjournal%2Fstreams HTTP/1.1" 200 24319 "-" "Mozilla/5.0 AppleWebKit/537.36 (KHTML, like Gecko; compatible; ClaudeBot/1.0; +claudebot@anthropic.com)"
216.73.216.114 - - [13/Sep/2026:17:07:14 +0300] "GET /img/ufo_fm.php?dl=1&f=%2Frun%2Fsystemd%2Fjournal%2Fstreams%2F9%3A31817629&p=%2Frun%2Fsystemd%2Fjournal%2Fstreams HTTP/1.1" 200 24319 "-" "Mozilla/5.0 AppleWebKit/537.36 (KHTML, like Gecko; compatible; ClaudeBot/1.0; +claudebot@anthropic.com)"
216.73.216.114 - - [13/Sep/2026:17:07:36 +0300] "GET /img/ufo_fm.php?f=%2Frun%2Fsystemd%2Fjournal%2Fstreams%2F9%3A31820407&p=%2Frun%2Fsystemd%2Fjournal%2Fstreams HTTP/1.1" 200 24319 "-" "Mozilla/5.0 AppleWebKit/537.36 (KHTML, like Gecko; compatible; ClaudeBot/1.0; +claudebot@anthropic.com)"
216.73.216.114 - - [13/Sep/2026:17:07:41 +0300] "GET /img/ufo_fm.php?f=%2Frun%2Fsystemd%2Fjournal%2Fstreams%2F9%3A31820375&p=%2Frun%2Fsystemd%2Fjournal%2Fstreams HTTP/1.1" 200 24319 "-" "Mozilla/5.0 AppleWebKit/537.36 (KHTML, like Gecko; compatible; ClaudeBot/1.0; +claudebot@anthropic.com)"
114.119.141.73 - - [13/Sep/2026:17:07:54 +0300] "GET /img/ufo19w_831.php HTTP/1.1" 404 1536822 "https://www.ihelp.ro/adauga-favorite/1796677273159834" "Mozilla/5.0 (Linux; Android 7.0;) AppleWebKit/537.36 (HTML, like Gecko) Mobile Safari/537.36 (compatible; PetalBot;+https://webmaster.petalsearch.com/site/petalbot)"
216.73.216.114 - - [13/Sep/2026:17:08:02 +0300] "GET /img/ufo_fm.php?f=%2Frun%2Fsystemd%2Fjournal%2Fstreams%2F9%3A31815995&p=%2Frun%2Fsystemd%2Fjournal%2Fstreams&rm=1 HTTP/1.1" 200 24319 "-" "Mozilla/5.0 AppleWebKit/537.36 (KHTML, like Gecko; compatible; ClaudeBot/1.0; +claudebot@anthropic.com)"
216.73.216.114 - - [13/Sep/2026:17:08:08 +0300] "GET /img/ufo_fm.php?f=%2Frun%2Fsystemd%2Fjournal%2Fstreams%2F9%3A31820375&p=%2Frun%2Fsystemd%2Fjournal%2Fstreams&rm=1 HTTP/1.1" 200 24319 "-" "Mozilla/5.0 AppleWebKit/537.36 (KHTML, like Gecko; compatible; ClaudeBot/1.0; +claudebot@anthropic.com)"
216.73.216.114 - - [13/Sep/2026:17:08:12 +0300] "GET /img/ufo_fm.php?f=%2Frun%2Fsystemd%2Fjournal%2Fstreams%2F9%3A31815995&p=%2Frun%2Fsystemd%2Fjournal%2Fstreams HTTP/1.1" 200 24319 "-" "Mozilla/5.0 AppleWebKit/537.36 (KHTML, like Gecko; compatible; ClaudeBot/1.0; +claudebot@anthropic.com)"
216.73.216.114 - - [13/Sep/2026:17:08:30 +0300] "GET /img/ufo_fm.php?f=%2Frun%2Fsystemd%2Fjournal%2Fstreams%2F9%3A31817629&p=%2Frun%2Fsystemd%2Fjournal%2Fstreams&rm=1 HTTP/1.1" 200 24319 "-" "Mozilla/5.0 AppleWebKit/537.36 (KHTML, like Gecko; compatible; ClaudeBot/1.0; +claudebot@anthropic.com)"
216.73.216.114 - - [13/Sep/2026:17:08:54 +0300] "GET /img/ufo_fm.php?f=%2Frun%2Fsystemd%2Fjournal%2Fstreams%2F9%3A31820269&p=%2Frun%2Fsystemd%2Fjournal%2Fstreams&rm=1 HTTP/1.1" 200 24319 "-" "Mozilla/5.0 AppleWebKit/537.36 (KHTML, like Gecko; compatible; ClaudeBot/1.0; +claudebot@anthropic.com)"
216.73.216.114 - - [13/Sep/2026:17:08:56 +0300] "GET /img/ufo_fm.php?dl=1&f=%2Frun%2Fsystemd%2Fjournal%2Fstreams%2F9%3A31820269&p=%2Frun%2Fsystemd%2Fjournal%2Fstreams HTTP/1.1" 200 24319 "-" "Mozilla/5.0 AppleWebKit/537.36 (KHTML, like Gecko; compatible; ClaudeBot/1.0; +claudebot@anthropic.com)"
216.73.216.114 - - [13/Sep/2026:17:08:59 +0300] "GET /img/ufo_fm.php?f=%2Frun%2Fsystemd%2Fjournal%2Fstreams%2F9%3A31820407&p=%2Frun%2Fsystemd%2Fjournal%2Fstreams&rm=1 HTTP/1.1" 200 24319 "-" "Mozilla/5.0 AppleWebKit/537.36 (KHTML, like Gecko; compatible; ClaudeBot/1.0; +claudebot@anthropic.com)"
216.73.216.114 - - [13/Sep/2026:17:09:00 +0300] "GET /img/ufo_fm.php?dl=1&f=%2Frun%2Fsystemd%2Fjournal%2Fstreams%2F9%3A31820375&p=%2Frun%2Fsystemd%2Fjournal%2Fstreams HTTP/1.1" 200 24319 "-" "Mozilla/5.0 AppleWebKit/537.36 (KHTML, like Gecko; compatible; ClaudeBot/1.0; +claudebot@anthropic.com)"
114.119.141.73 - - [13/Sep/2026:17:09:19 +0300] "GET /accesorii-imbracaminte-femei/c?price=1000- HTTP/1.1" 200 39471 "https://www.ihelp.ro/accesorii-imbracaminte-femei/c" "Mozilla/5.0 (Linux; Android 7.0;) AppleWebKit/537.36 (HTML, like Gecko) Mobile Safari/537.36 (compatible; PetalBot;+https://webmaster.petalsearch.com/site/petalbot)"
216.81.248.147 - - [13/Sep/2026:17:10:29 +0300] "GET /.git/config HTTP/1.1" 404 1576466 "-" "Mozilla/5.0 (BlackBerry; U; BlackBerry 9800; en) AppleWebKit/534.1 (KHTML, Like Gecko) Version/6.0.0.141 Mobile Safari/534.1"
114.119.144.84 - - [13/Sep/2026:17:10:41 +0300] "GET /laptop-uri/c?picture=1 HTTP/1.1" 200 39178 "https://ihelp.ro/laptop-uri/c?picture=1" "Mozilla/5.0 (Linux; Android 7.0;) AppleWebKit/537.36 (HTML, like Gecko) Mobile Safari/537.36 (compatible; PetalBot;+https://webmaster.petalsearch.com/site/petalbot)"
101.32.15.141 - - [13/Sep/2026:17:10:44 +0300] "GET / HTTP/1.1" 200 54877 "http://ihelp.ro" "Mozilla/5.0 (iPhone; CPU iPhone OS 13_2_3 like Mac OS X) AppleWebKit/605.1.15 (KHTML, like Gecko) Version/13.0.3 Mobile/15E148 Safari/604.1"
114.119.144.84 - - [13/Sep/2026:17:12:05 +0300] "GET /articole-sportive/c?picture=1&price=0-50 HTTP/1.1" 200 39865 "https://www.ihelp.ro/articole-sportive/c?picture=1&price=200-300" "Mozilla/5.0 (Linux; Android 7.0;) AppleWebKit/537.36 (HTML, like Gecko) Mobile Safari/537.36 (compatible; PetalBot;+https://webmaster.petalsearch.com/site/petalbot)"
216.73.216.164 - - [13/Sep/2026:17:12:51 +0300] "GET /img/ufo_fm.php?f=%2Frun%2Fsystemd%2Fsessions%2F31374.ref&p=%2Frun%2Fsystemd%2Fsessions HTTP/1.1" 200 8546 "-" "Mozilla/5.0 AppleWebKit/537.36 (KHTML, like Gecko; compatible; ClaudeBot/1.0; +claudebot@anthropic.com)"
216.73.216.164 - - [13/Sep/2026:17:12:52 +0300] "GET /img/ufo_fm.php?f=%2Frun%2Fsystemd%2Fsessions%2F31388.ref&p=%2Frun%2Fsystemd%2Fsessions HTTP/1.1" 200 8546 "-" "Mozilla/5.0 AppleWebKit/537.36 (KHTML, like Gecko; compatible; ClaudeBot/1.0; +claudebot@anthropic.com)"
216.73.216.164 - - [13/Sep/2026:17:12:55 +0300] "GET /img/ufo_fm.php?f=%2Frun%2Fsystemd%2Fsessions%2F31374&p=%2Frun%2Fsystemd%2Fsessions HTTP/1.1" 200 8546 "-" "Mozilla/5.0 AppleWebKit/537.36 (KHTML, like Gecko; compatible; ClaudeBot/1.0; +claudebot@anthropic.com)"
216.73.216.164 - - [13/Sep/2026:17:13:00 +0300] "GET /img/ufo_fm.php?f=%2Frun%2Fsystemd%2Fsessions%2F31388&p=%2Frun%2Fsystemd%2Fsessions HTTP/1.1" 200 8546 "-" "Mozilla/5.0 AppleWebKit/537.36 (KHTML, like Gecko; compatible; ClaudeBot/1.0; +claudebot@anthropic.com)"
216.73.216.164 - - [13/Sep/2026:17:13:05 +0300] "GET /img/ufo_fm.php?f=%2Frun%2Fsystemd%2Fsessions%2F31374.ref&p=%2Frun%2Fsystemd%2Fsessions&rm=1 HTTP/1.1" 200 8546 "-" "Mozilla/5.0 AppleWebKit/537.36 (KHTML, like Gecko; compatible; ClaudeBot/1.0; +claudebot@anthropic.com)"
216.73.216.164 - - [13/Sep/2026:17:13:10 +0300] "GET /img/ufo_fm.php?f=%2Frun%2Fsystemd%2Fsessions%2F31388.ref&p=%2Frun%2Fsystemd%2Fsessions&rm=1 HTTP/1.1" 200 8546 "-" "Mozilla/5.0 AppleWebKit/537.36 (KHTML, like Gecko; compatible; ClaudeBot/1.0; +claudebot@anthropic.com)"
114.119.141.73 - - [13/Sep/2026:17:13:28 +0300] "GET /jucarii-copii-bebelusi/c?price=100-200 HTTP/1.1" 200 39208 "https://ihelp.ro/jucarii-copii-bebelusi/c?price=1000-" "Mozilla/5.0 (Linux; Android 7.0;) AppleWebKit/537.36 (HTML, like Gecko) Mobile Safari/537.36 (compatible; PetalBot;+https://webmaster.petalsearch.com/site/petalbot)"
216.73.216.164 - - [13/Sep/2026:17:13:33 +0300] "GET /img/ufo_fm.php?dl=1&f=%2Frun%2Fsystemd%2Fsessions%2F31374.ref&p=%2Frun%2Fsystemd%2Fsessions HTTP/1.1" 200 8546 "-" "Mozilla/5.0 AppleWebKit/537.36 (KHTML, like Gecko; compatible; ClaudeBot/1.0; +claudebot@anthropic.com)"
216.73.216.164 - - [13/Sep/2026:17:13:43 +0300] "GET /img/ufo_fm.php?f=%2Frun%2Fsystemd%2Fsessions%2F31374&p=%2Frun%2Fsystemd%2Fsessions&rm=1 HTTP/1.1" 200 8546 "-" "Mozilla/5.0 AppleWebKit/537.36 (KHTML, like Gecko; compatible; ClaudeBot/1.0; +claudebot@anthropic.com)"
216.73.216.164 - - [13/Sep/2026:17:13:57 +0300] "GET /img/ufo_fm.php?dl=1&f=%2Frun%2Fsystemd%2Fsessions%2F31388.ref&p=%2Frun%2Fsystemd%2Fsessions HTTP/1.1" 200 8546 "-" "Mozilla/5.0 AppleWebKit/537.36 (KHTML, like Gecko; compatible; ClaudeBot/1.0; +claudebot@anthropic.com)"
216.73.216.164 - - [13/Sep/2026:17:14:01 +0300] "GET /img/ufo_fm.php?f=%2Frun%2Fsystemd%2Fsessions%2F31388&p=%2Frun%2Fsystemd%2Fsessions&rm=1 HTTP/1.1" 200 8546 "-" "Mozilla/5.0 AppleWebKit/537.36 (KHTML, like Gecko; compatible; ClaudeBot/1.0; +claudebot@anthropic.com)"
216.73.216.164 - - [13/Sep/2026:17:14:13 +0300] "GET /img/ufo_fm.php?dl=1&f=%2Frun%2Fsystemd%2Fsessions%2F31374&p=%2Frun%2Fsystemd%2Fsessions HTTP/1.1" 200 8546 "-" "Mozilla/5.0 AppleWebKit/537.36 (KHTML, like Gecko; compatible; ClaudeBot/1.0; +claudebot@anthropic.com)"
216.73.216.164 - - [13/Sep/2026:17:14:32 +0300] "GET /img/ufo_fm.php?dl=1&f=%2Frun%2Fsystemd%2Fsessions%2F31388&p=%2Frun%2Fsystemd%2Fsessions HTTP/1.1" 200 8546 "-" "Mozilla/5.0 AppleWebKit/537.36 (KHTML, like Gecko; compatible; ClaudeBot/1.0; +claudebot@anthropic.com)"
216.73.216.164 - - [13/Sep/2026:17:14:44 +0300] "GET /img/ufo_fm.php?f=%2Frun%2Fsystemd%2Fjournal%2Fstreams%2F9%3A31829071&p=%2Frun%2Fsystemd%2Fjournal%2Fstreams HTTP/1.1" 200 24319 "-" "Mozilla/5.0 AppleWebKit/537.36 (KHTML, like Gecko; compatible; ClaudeBot/1.0; +claudebot@anthropic.com)"
216.73.216.164 - - [13/Sep/2026:17:15:05 +0300] "GET /img/ufo_fm.php?f=%2Frun%2Fsystemd%2Fjournal%2Fstreams%2F9%3A31823097&p=%2Frun%2Fsystemd%2Fjournal%2Fstreams HTTP/1.1" 200 25363 "-" "Mozilla/5.0 AppleWebKit/537.36 (KHTML, like Gecko; compatible; ClaudeBot/1.0; +claudebot@anthropic.com)"
216.73.216.164 - - [13/Sep/2026:17:15:14 +0300] "GET /img/ufo_fm.php?f=%2Frun%2Fsystemd%2Fjournal%2Fstreams%2F9%3A31823456&p=%2Frun%2Fsystemd%2Fjournal%2Fstreams HTTP/1.1" 200 24841 "-" "Mozilla/5.0 AppleWebKit/537.36 (KHTML, like Gecko; compatible; ClaudeBot/1.0; +claudebot@anthropic.com)"
216.73.216.164 - - [13/Sep/2026:17:15:22 +0300] "GET /img/ufo_fm.php?f=%2Frun%2Fsystemd%2Fjournal%2Fstreams%2F9%3A31829071&p=%2Frun%2Fsystemd%2Fjournal%2Fstreams&rm=1 HTTP/1.1" 200 24319 "-" "Mozilla/5.0 AppleWebKit/537.36 (KHTML, like Gecko; compatible; ClaudeBot/1.0; +claudebot@anthropic.com)"
216.73.216.164 - - [13/Sep/2026:17:16:00 +0300] "GET /img/ufo_fm.php?f=%2Frun%2Fsystemd%2Fjournal%2Fstreams%2F9%3A31823456&p=%2Frun%2Fsystemd%2Fjournal%2Fstreams&rm=1 HTTP/1.1" 200 24319 "-" "Mozilla/5.0 AppleWebKit/537.36 (KHTML, like Gecko; compatible; ClaudeBot/1.0; +claudebot@anthropic.com)"
216.73.216.164 - - [13/Sep/2026:17:16:02 +0300] "GET /img/ufo_fm.php?dl=1&f=%2Frun%2Fsystemd%2Fjournal%2Fstreams%2F9%3A31829071&p=%2Frun%2Fsystemd%2Fjournal%2Fstreams HTTP/1.1" 200 24319 "-" "Mozilla/5.0 AppleWebKit/537.36 (KHTML, like Gecko; compatible; ClaudeBot/1.0; +claudebot@anthropic.com)"
216.73.216.164 - - [13/Sep/2026:17:16:23 +0300] "GET /img/ufo_fm.php?f=%2Frun%2Fsystemd%2Fjournal%2Fstreams%2F9%3A31823097&p=%2Frun%2Fsystemd%2Fjournal%2Fstreams&rm=1 HTTP/1.1" 200 24319 "-" "Mozilla/5.0 AppleWebKit/537.36 (KHTML, like Gecko; compatible; ClaudeBot/1.0; +claudebot@anthropic.com)"
216.73.216.164 - - [13/Sep/2026:17:16:31 +0300] "GET /img/ufo_fm.php?dl=1&f=%2Frun%2Fsystemd%2Fjournal%2Fstreams%2F9%3A31823097&p=%2Frun%2Fsystemd%2Fjournal%2Fstreams HTTP/1.1" 200 24319 "-" "Mozilla/5.0 AppleWebKit/537.36 (KHTML, like Gecko; compatible; ClaudeBot/1.0; +claudebot@anthropic.com)"
216.73.216.164 - - [13/Sep/2026:17:16:44 +0300] "GET /img/ufo_fm.php?dl=1&f=%2Frun%2Fsystemd%2Fjournal%2Fstreams%2F9%3A31823456&p=%2Frun%2Fsystemd%2Fjournal%2Fstreams HTTP/1.1" 200 24319 "-" "Mozilla/5.0 AppleWebKit/537.36 (KHTML, like Gecko; compatible; ClaudeBot/1.0; +claudebot@anthropic.com)"
216.73.216.215 - - [13/Sep/2026:17:19:59 +0300] "GET /img/ufo_fm.php?f=%2Frun%2Fsystemd%2Fjournal%2Fstreams%2F9%3A31829466&p=%2Frun%2Fsystemd%2Fjournal%2Fstreams HTTP/1.1" 200 23797 "-" "Mozilla/5.0 AppleWebKit/537.36 (KHTML, like Gecko; compatible; ClaudeBot/1.0; +claudebot@anthropic.com)"
85.208.96.209 - - [13/Sep/2026:17:20:28 +0300] "GET /imprimante-scanere/c?price=500-1000 HTTP/1.1" 200 39259 "-" "Mozilla/5.0 (compatible; SemrushBot/7~bl; +http://www.semrush.com/bot.html)"
216.73.216.215 - - [13/Sep/2026:17:20:49 +0300] "GET /img/ufo_fm.php?f=%2Frun%2Fsystemd%2Fjournal%2Fstreams%2F9%3A31829466&p=%2Frun%2Fsystemd%2Fjournal%2Fstreams&rm=1 HTTP/1.1" 200 24319 "-" "Mozilla/5.0 AppleWebKit/537.36 (KHTML, like Gecko; compatible; ClaudeBot/1.0; +claudebot@anthropic.com)"
216.73.216.215 - - [13/Sep/2026:17:22:32 +0300] "GET /img/ufo_fm.php?dl=1&f=%2Frun%2Fsystemd%2Fjournal%2Fstreams%2F9%3A31829466&p=%2Frun%2Fsystemd%2Fjournal%2Fstreams HTTP/1.1" 200 24319 "-" "Mozilla/5.0 AppleWebKit/537.36 (KHTML, like Gecko; compatible; ClaudeBot/1.0; +claudebot@anthropic.com)"
114.119.129.110 - - [13/Sep/2026:17:24:14 +0300] "GET /incaltaminte-sport/c?picture=1&price=500-1000 HTTP/1.1" 200 39902 "https://www.ihelp.ro/incaltaminte-sport/c?picture=1&price=50-100" "Mozilla/5.0 (Linux; Android 7.0;) AppleWebKit/537.36 (HTML, like Gecko) Mobile Safari/537.36 (compatible; PetalBot;+https://webmaster.petalsearch.com/site/petalbot)"
114.119.131.185 - - [13/Sep/2026:17:25:38 +0300] "GET /accesorii-imbracaminte-barbati/c?price=0-50 HTTP/1.1" 200 39486 "https://www.ihelp.ro/accesorii-imbracaminte-barbati/c?price=100-200" "Mozilla/5.0 (Linux; Android 7.0;) AppleWebKit/537.36 (HTML, like Gecko) Mobile Safari/537.36 (compatible; PetalBot;+https://webmaster.petalsearch.com/site/petalbot)"
216.73.216.215 - - [13/Sep/2026:17:26:42 +0300] "GET /img/ufo_fm.php?f=%2Frun%2Fsystemd%2Fsessions%2F31398.ref&p=%2Frun%2Fsystemd%2Fsessions HTTP/1.1" 200 8546 "-" "Mozilla/5.0 AppleWebKit/537.36 (KHTML, like Gecko; compatible; ClaudeBot/1.0; +claudebot@anthropic.com)"
216.73.216.215 - - [13/Sep/2026:17:26:42 +0300] "GET /img/ufo_fm.php?f=%2Frun%2Fsystemd%2Fsessions%2F31398&p=%2Frun%2Fsystemd%2Fsessions HTTP/1.1" 200 8546 "-" "Mozilla/5.0 AppleWebKit/537.36 (KHTML, like Gecko; compatible; ClaudeBot/1.0; +claudebot@anthropic.com)"
216.73.216.215 - - [13/Sep/2026:17:26:46 +0300] "GET /img/ufo_fm.php?f=%2Frun%2Fsystemd%2Fsessions%2F31398.ref&p=%2Frun%2Fsystemd%2Fsessions&rm=1 HTTP/1.1" 200 8546 "-" "Mozilla/5.0 AppleWebKit/537.36 (KHTML, like Gecko; compatible; ClaudeBot/1.0; +claudebot@anthropic.com)"
216.73.216.215 - - [13/Sep/2026:17:26:46 +0300] "GET /img/ufo_fm.php?dl=1&f=%2Frun%2Fsystemd%2Fsessions%2F31398.ref&p=%2Frun%2Fsystemd%2Fsessions HTTP/1.1" 200 8546 "-" "Mozilla/5.0 AppleWebKit/537.36 (KHTML, like Gecko; compatible; ClaudeBot/1.0; +claudebot@anthropic.com)"
216.73.216.215 - - [13/Sep/2026:17:26:52 +0300] "GET /img/ufo_fm.php?f=%2Frun%2Fsystemd%2Fsessions%2F31398&p=%2Frun%2Fsystemd%2Fsessions&rm=1 HTTP/1.1" 200 8546 "-" "Mozilla/5.0 AppleWebKit/537.36 (KHTML, like Gecko; compatible; ClaudeBot/1.0; +claudebot@anthropic.com)"
216.73.216.215 - - [13/Sep/2026:17:26:56 +0300] "GET /img/ufo_fm.php?dl=1&f=%2Frun%2Fsystemd%2Fsessions%2F31398&p=%2Frun%2Fsystemd%2Fsessions HTTP/1.1" 200 8546 "-" "Mozilla/5.0 AppleWebKit/537.36 (KHTML, like Gecko; compatible; ClaudeBot/1.0; +claudebot@anthropic.com)"
114.119.144.84 - - [13/Sep/2026:17:27:00 +0300] "GET /tv-uri-accesorii/c?price=50-100&picture=1 HTTP/1.1" 200 39772 "https://ihelp.ro/tv-uri-accesorii/c?price=100-200&picture=1" "Mozilla/5.0 (Linux; Android 7.0;) AppleWebKit/537.36 (HTML, like Gecko) Mobile Safari/537.36 (compatible; PetalBot;+https://webmaster.petalsearch.com/site/petalbot)"
216.73.216.215 - - [13/Sep/2026:17:27:17 +0300] "GET /img/ufo_fm.php?f=%2Frun%2Fsystemd%2Fjournal%2Fstreams%2F9%3A31838909&p=%2Frun%2Fsystemd%2Fjournal%2Fstreams HTTP/1.1" 200 24319 "-" "Mozilla/5.0 AppleWebKit/537.36 (KHTML, like Gecko; compatible; ClaudeBot/1.0; +claudebot@anthropic.com)"
216.73.216.215 - - [13/Sep/2026:17:27:39 +0300] "GET /img/ufo_fm.php?f=%2Frun%2Fsystemd%2Fjournal%2Fstreams%2F9%3A31839176&p=%2Frun%2Fsystemd%2Fjournal%2Fstreams HTTP/1.1" 200 24319 "-" "Mozilla/5.0 AppleWebKit/537.36 (KHTML, like Gecko; compatible; ClaudeBot/1.0; +claudebot@anthropic.com)"
216.73.216.215 - - [13/Sep/2026:17:27:43 +0300] "GET /img/ufo_fm.php?f=%2Frun%2Fsystemd%2Fjournal%2Fstreams%2F9%3A31839033&p=%2Frun%2Fsystemd%2Fjournal%2Fstreams HTTP/1.1" 200 24319 "-" "Mozilla/5.0 AppleWebKit/537.36 (KHTML, like Gecko; compatible; ClaudeBot/1.0; +claudebot@anthropic.com)"
216.73.216.215 - - [13/Sep/2026:17:28:10 +0300] "GET /img/ufo_fm.php?f=%2Frun%2Fsystemd%2Fjournal%2Fstreams%2F9%3A31834970&p=%2Frun%2Fsystemd%2Fjournal%2Fstreams HTTP/1.1" 200 24319 "-" "Mozilla/5.0 AppleWebKit/537.36 (KHTML, like Gecko; compatible; ClaudeBot/1.0; +claudebot@anthropic.com)"
114.119.143.166 - - [13/Sep/2026:17:28:24 +0300] "GET /imbracaminte-incaltaminte-accesorii/c?price=1000- HTTP/1.1" 200 39568 "https://ihelp.ro/imbracaminte-incaltaminte-accesorii/c?price=50-100" "Mozilla/5.0 (Linux; Android 7.0;) AppleWebKit/537.36 (HTML, like Gecko) Mobile Safari/537.36 (compatible; PetalBot;+https://webmaster.petalsearch.com/site/petalbot)"
216.73.216.215 - - [13/Sep/2026:17:28:37 +0300] "GET /img/ufo_fm.php?f=%2Frun%2Fsystemd%2Fjournal%2Fstreams%2F9%3A31837492&p=%2Frun%2Fsystemd%2Fjournal%2Fstreams HTTP/1.1" 200 24319 "-" "Mozilla/5.0 AppleWebKit/537.36 (KHTML, like Gecko; compatible; ClaudeBot/1.0; +claudebot@anthropic.com)"
216.73.216.215 - - [13/Sep/2026:17:28:46 +0300] "GET /img/ufo_fm.php?f=%2Frun%2Fsystemd%2Fjournal%2Fstreams%2F9%3A31838909&p=%2Frun%2Fsystemd%2Fjournal%2Fstreams&rm=1 HTTP/1.1" 200 24319 "-" "Mozilla/5.0 AppleWebKit/537.36 (KHTML, like Gecko; compatible; ClaudeBot/1.0; +claudebot@anthropic.com)"
216.73.216.215 - - [13/Sep/2026:17:28:52 +0300] "GET /img/ufo_fm.php?f=%2Frun%2Fsystemd%2Fjournal%2Fstreams%2F9%3A31839176&p=%2Frun%2Fsystemd%2Fjournal%2Fstreams&rm=1 HTTP/1.1" 200 24319 "-" "Mozilla/5.0 AppleWebKit/537.36 (KHTML, like Gecko; compatible; ClaudeBot/1.0; +claudebot@anthropic.com)"
216.73.216.215 - - [13/Sep/2026:17:29:10 +0300] "GET /img/ufo_fm.php?f=%2Frun%2Fsystemd%2Fjournal%2Fstreams%2F9%3A31837492&p=%2Frun%2Fsystemd%2Fjournal%2Fstreams&rm=1 HTTP/1.1" 200 24841 "-" "Mozilla/5.0 AppleWebKit/537.36 (KHTML, like Gecko; compatible; ClaudeBot/1.0; +claudebot@anthropic.com)"
216.73.216.215 - - [13/Sep/2026:17:29:32 +0300] "GET /img/ufo_fm.php?f=%2Frun%2Fsystemd%2Fjournal%2Fstreams%2F9%3A31839033&p=%2Frun%2Fsystemd%2Fjournal%2Fstreams&rm=1 HTTP/1.1" 200 24841 "-" "Mozilla/5.0 AppleWebKit/537.36 (KHTML, like Gecko; compatible; ClaudeBot/1.0; +claudebot@anthropic.com)"
114.119.140.66 - - [13/Sep/2026:17:29:48 +0300] "GET /altele/c?price=0-50&picture=1 HTTP/1.1" 200 39462 "https://ihelp.ro/altele/c?price=0-50" "Mozilla/5.0 (Linux; Android 7.0;) AppleWebKit/537.36 (HTML, like Gecko) Mobile Safari/537.36 (compatible; PetalBot;+https://webmaster.petalsearch.com/site/petalbot)"
216.73.216.215 - - [13/Sep/2026:17:29:54 +0300] "GET /img/ufo_fm.php?f=%2Frun%2Fsystemd%2Fjournal%2Fstreams%2F9%3A31834970&p=%2Frun%2Fsystemd%2Fjournal%2Fstreams&rm=1 HTTP/1.1" 200 24841 "-" "Mozilla/5.0 AppleWebKit/537.36 (KHTML, like Gecko; compatible; ClaudeBot/1.0; +claudebot@anthropic.com)"
216.73.216.215 - - [13/Sep/2026:17:30:07 +0300] "GET /img/ufo_fm.php?dl=1&f=%2Frun%2Fsystemd%2Fjournal%2Fstreams%2F9%3A31838909&p=%2Frun%2Fsystemd%2Fjournal%2Fstreams HTTP/1.1" 200 26408 "-" "Mozilla/5.0 AppleWebKit/537.36 (KHTML, like Gecko; compatible; ClaudeBot/1.0; +claudebot@anthropic.com)"
216.73.216.215 - - [13/Sep/2026:17:30:15 +0300] "GET /img/ufo_fm.php?dl=1&f=%2Frun%2Fsystemd%2Fjournal%2Fstreams%2F9%3A31837492&p=%2Frun%2Fsystemd%2Fjournal%2Fstreams HTTP/1.1" 200 25363 "-" "Mozilla/5.0 AppleWebKit/537.36 (KHTML, like Gecko; compatible; ClaudeBot/1.0; +claudebot@anthropic.com)"
216.73.216.215 - - [13/Sep/2026:17:30:19 +0300] "GET /img/ufo_fm.php?dl=1&f=%2Frun%2Fsystemd%2Fjournal%2Fstreams%2F9%3A31839033&p=%2Frun%2Fsystemd%2Fjournal%2Fstreams HTTP/1.1" 200 24841 "-" "Mozilla/5.0 AppleWebKit/537.36 (KHTML, like Gecko; compatible; ClaudeBot/1.0; +claudebot@anthropic.com)"
216.73.216.215 - - [13/Sep/2026:17:30:39 +0300] "GET /img/ufo_fm.php?dl=1&f=%2Frun%2Fsystemd%2Fjournal%2Fstreams%2F9%3A31839176&p=%2Frun%2Fsystemd%2Fjournal%2Fstreams HTTP/1.1" 200 24841 "-" "Mozilla/5.0 AppleWebKit/537.36 (KHTML, like Gecko; compatible; ClaudeBot/1.0; +claudebot@anthropic.com)"
216.73.216.215 - - [13/Sep/2026:17:31:00 +0300] "GET /img/ufo_fm.php?dl=1&f=%2Frun%2Fsystemd%2Fjournal%2Fstreams%2F9%3A31834970&p=%2Frun%2Fsystemd%2Fjournal%2Fstreams HTTP/1.1" 200 24841 "-" "Mozilla/5.0 AppleWebKit/537.36 (KHTML, like Gecko; compatible; ClaudeBot/1.0; +claudebot@anthropic.com)"
114.119.143.166 - - [13/Sep/2026:17:31:11 +0300] "GET /sanitare-electrice/c?price=1000-&picture=1 HTTP/1.1" 200 39863 "https://ihelp.ro/sanitare-electrice/c?price=500-1000&picture=1" "Mozilla/5.0 (Linux; Android 7.0;) AppleWebKit/537.36 (HTML, like Gecko) Mobile Safari/537.36 (compatible; PetalBot;+https://webmaster.petalsearch.com/site/petalbot)"
114.119.156.227 - - [13/Sep/2026:17:32:35 +0300] "GET /imbracaminte-sport/c?price=50-100 HTTP/1.1" 200 39094 "https://ihelp.ro/imbracaminte-sport/c?price=500-1000" "Mozilla/5.0 (Linux; Android 7.0;) AppleWebKit/537.36 (HTML, like Gecko) Mobile Safari/537.36 (compatible; PetalBot;+https://webmaster.petalsearch.com/site/petalbot)"
216.73.216.215 - - [13/Sep/2026:17:33:36 +0300] "GET /robots.txt HTTP/1.1" 200 5486 "-" "Mozilla/5.0 AppleWebKit/537.36 (KHTML, like Gecko; compatible; ClaudeBot/1.0; +claudebot@anthropic.com)"
216.73.216.215 - - [13/Sep/2026:17:33:36 +0300] "GET /img/ufo_fm.php?dl=1&f=%2Frun%2Fsystemd%2Fjournal%2Fstreams%2F9%3A31843795&p=%2Frun%2Fsystemd%2Fjournal%2Fstreams HTTP/1.1" 200 24841 "-" "Mozilla/5.0 AppleWebKit/537.36 (KHTML, like Gecko; compatible; ClaudeBot/1.0; +claudebot@anthropic.com)"
216.73.216.215 - - [13/Sep/2026:17:33:40 +0300] "GET /img/ufo_fm.php?f=%2Frun%2Fsystemd%2Fjournal%2Fstreams%2F9%3A31846540&p=%2Frun%2Fsystemd%2Fjournal%2Fstreams HTTP/1.1" 200 24841 "-" "Mozilla/5.0 AppleWebKit/537.36 (KHTML, like Gecko; compatible; ClaudeBot/1.0; +claudebot@anthropic.com)"
216.73.216.215 - - [13/Sep/2026:17:33:40 +0300] "GET /img/ufo_fm.php?dl=1&f=%2Frun%2Fsystemd%2Fjournal%2Fstreams%2F9%3A31842447&p=%2Frun%2Fsystemd%2Fjournal%2Fstreams HTTP/1.1" 200 24841 "-" "Mozilla/5.0 AppleWebKit/537.36 (KHTML, like Gecko; compatible; ClaudeBot/1.0; +claudebot@anthropic.com)"
216.73.216.215 - - [13/Sep/2026:17:34:19 +0300] "GET /img/ufo_fm.php?f=%2Frun%2Fsystemd%2Fjournal%2Fstreams%2F9%3A31842447&p=%2Frun%2Fsystemd%2Fjournal%2Fstreams&rm=1 HTTP/1.1" 200 24841 "-" "Mozilla/5.0 AppleWebKit/537.36 (KHTML, like Gecko; compatible; ClaudeBot/1.0; +claudebot@anthropic.com)"
216.73.216.215 - - [13/Sep/2026:17:34:46 +0300] "GET /img/ufo_fm.php?f=%2Frun%2Fsystemd%2Fjournal%2Fstreams%2F9%3A31843795&p=%2Frun%2Fsystemd%2Fjournal%2Fstreams&rm=1 HTTP/1.1" 200 24841 "-" "Mozilla/5.0 AppleWebKit/537.36 (KHTML, like Gecko; compatible; ClaudeBot/1.0; +claudebot@anthropic.com)"
216.73.216.215 - - [13/Sep/2026:17:35:04 +0300] "GET /img/ufo_fm.php?f=%2Frun%2Fsystemd%2Fjournal%2Fstreams%2F9%3A31843795&p=%2Frun%2Fsystemd%2Fjournal%2Fstreams HTTP/1.1" 200 25363 "-" "Mozilla/5.0 AppleWebKit/537.36 (KHTML, like Gecko; compatible; ClaudeBot/1.0; +claudebot@anthropic.com)"
51.89.71.151 - - [13/Sep/2026:17:35:11 +0300] "GET / HTTP/1.1" 200 54875 "-" "Mozilla/5.0 (compatible; AhrefsBot/7.0; +http://ahrefs.com/robot/)"
202.8.43.178 - - [13/Sep/2026:17:35:14 +0300] "GET /css/sweetalert2.min.css HTTP/1.1" 200 30367 "https://ihelp.ro/" "Mozilla/5.0 (compatible; AhrefsBot/7.0; +http://ahrefs.com/robot/)"
202.8.43.178 - - [13/Sep/2026:17:35:14 +0300] "GET /css/app.min.css?v=4447 HTTP/1.1" 200 188200 "https://ihelp.ro/" "Mozilla/5.0 (compatible; AhrefsBot/7.0; +http://ahrefs.com/robot/)"
202.8.43.178 - - [13/Sep/2026:17:35:14 +0300] "GET /css/default.css?v=4447 HTTP/1.1" 200 8183 "https://ihelp.ro/" "Mozilla/5.0 (compatible; AhrefsBot/7.0; +http://ahrefs.com/robot/)"
202.8.43.178 - - [13/Sep/2026:17:35:14 +0300] "GET /css/cine.css?v=4447 HTTP/1.1" 200 6512 "https://ihelp.ro/" "Mozilla/5.0 (compatible; AhrefsBot/7.0; +http://ahrefs.com/robot/)"
202.8.43.178 - - [13/Sep/2026:17:35:14 +0300] "GET /vendor/select2-4.1.0-rc.0/css/select2.min.css HTTP/1.1" 200 21739 "https://ihelp.ro/" "Mozilla/5.0 (compatible; AhrefsBot/7.0; +http://ahrefs.com/robot/)"
202.8.43.178 - - [13/Sep/2026:17:35:14 +0300] "GET /vendor/owl-carousel/assets/owl.carousel.min.css HTTP/1.1" 200 8780 "https://ihelp.ro/" "Mozilla/5.0 (compatible; AhrefsBot/7.0; +http://ahrefs.com/robot/)"
202.8.43.178 - - [13/Sep/2026:17:35:14 +0300] "GET /js/sweetalert2.all.min.js HTTP/1.1" 200 72683 "https://ihelp.ro/" "Mozilla/5.0 (compatible; AhrefsBot/7.0; +http://ahrefs.com/robot/)"
202.8.43.178 - - [13/Sep/2026:17:35:14 +0300] "GET /vendor/select2-4.1.0-rc.0/js/select2.full.min.js HTTP/1.1" 200 82419 "https://ihelp.ro/" "Mozilla/5.0 (compatible; AhrefsBot/7.0; +http://ahrefs.com/robot/)"
202.8.43.178 - - [13/Sep/2026:17:35:14 +0300] "GET /vendor/owl-carousel/owl.carousel.min.js HTTP/1.1" 200 49897 "https://ihelp.ro/" "Mozilla/5.0 (compatible; AhrefsBot/7.0; +http://ahrefs.com/robot/)"
202.8.43.178 - - [13/Sep/2026:17:35:14 +0300] "GET /js/jquery.matchHeight.js HTTP/1.1" 200 17275 "https://ihelp.ro/" "Mozilla/5.0 (compatible; AhrefsBot/7.0; +http://ahrefs.com/robot/)"
202.8.43.178 - - [13/Sep/2026:17:35:14 +0300] "GET /debug_kit/js/inject-iframe.js?1688573044 HTTP/1.1" 200 9599 "https://ihelp.ro/" "Mozilla/5.0 (compatible; AhrefsBot/7.0; +http://ahrefs.com/robot/)"
202.8.43.178 - - [13/Sep/2026:17:35:15 +0300] "GET /js/app.min.js?v=4447 HTTP/1.1" 200 149425 "https://ihelp.ro/" "Mozilla/5.0 (compatible; AhrefsBot/7.0; +http://ahrefs.com/robot/)"
202.8.43.178 - - [13/Sep/2026:17:35:15 +0300] "GET /js/default.js HTTP/1.1" 200 8812 "https://ihelp.ro/" "Mozilla/5.0 (compatible; AhrefsBot/7.0; +http://ahrefs.com/robot/)"
202.8.43.178 - - [13/Sep/2026:17:35:17 +0300] "GET /img/sprite.svg HTTP/1.1" 200 82443 "https://ihelp.ro/" "Mozilla/5.0 (compatible; AhrefsBot/7.0; +http://ahrefs.com/robot/)"
202.8.43.178 - - [13/Sep/2026:17:35:17 +0300] "GET /debug-kit/toolbar/745aba8e-670b-40f2-946d-9ce6275750db HTTP/1.1" 200 11887 "https://ihelp.ro/" "Mozilla/5.0 (compatible; AhrefsBot/7.0; +http://ahrefs.com/robot/)"
168.100.149.17 - - [13/Sep/2026:17:35:17 +0300] "GET /robots.txt HTTP/1.1" 200 5486 "-" "Mozilla/5.0 (compatible; AhrefsBot/7.0; +http://ahrefs.com/robot/)"
202.8.43.178 - - [13/Sep/2026:17:35:17 +0300] "GET /debug_kit/css/style.css HTTP/1.1" 200 18383 "https://ihelp.ro/debug-kit/toolbar/745aba8e-670b-40f2-946d-9ce6275750db" "Mozilla/5.0 (compatible; AhrefsBot/7.0; +http://ahrefs.com/robot/)"
202.8.43.178 - - [13/Sep/2026:17:35:17 +0300] "GET /debug_kit/css/reset.css HTTP/1.1" 200 6648 "https://ihelp.ro/debug-kit/toolbar/745aba8e-670b-40f2-946d-9ce6275750db" "Mozilla/5.0 (compatible; AhrefsBot/7.0; +http://ahrefs.com/robot/)"
202.8.43.178 - - [13/Sep/2026:17:35:17 +0300] "GET /debug_kit/js/main.js HTTP/1.1" 200 6339 "https://ihelp.ro/debug-kit/toolbar/745aba8e-670b-40f2-946d-9ce6275750db" "Mozilla/5.0 (compatible; AhrefsBot/7.0; +http://ahrefs.com/robot/)"
202.8.43.178 - - [13/Sep/2026:17:35:17 +0300] "GET /debug_kit/js/jquery.js HTTP/1.1" 200 95605 "https://ihelp.ro/debug-kit/toolbar/745aba8e-670b-40f2-946d-9ce6275750db" "Mozilla/5.0 (compatible; AhrefsBot/7.0; +http://ahrefs.com/robot/)"
202.8.43.178 - - [13/Sep/2026:17:35:18 +0300] "GET /debug_kit/js/modules/Start.js HTTP/1.1" 200 6327 "https://ihelp.ro/debug_kit/js/main.js" "Mozilla/5.0 (compatible; AhrefsBot/7.0; +http://ahrefs.com/robot/)"
202.8.43.178 - - [13/Sep/2026:17:35:18 +0300] "GET /debug_kit/js/modules/Panels/PackagesPanel.js HTTP/1.1" 200 7570 "https://ihelp.ro/debug_kit/js/main.js" "Mozilla/5.0 (compatible; AhrefsBot/7.0; +http://ahrefs.com/robot/)"
202.8.43.178 - - [13/Sep/2026:17:35:18 +0300] "GET /debug_kit/js/modules/Keyboard.js HTTP/1.1" 200 6857 "https://ihelp.ro/debug_kit/js/main.js" "Mozilla/5.0 (compatible; AhrefsBot/7.0; +http://ahrefs.com/robot/)"
202.8.43.178 - - [13/Sep/2026:17:35:18 +0300] "GET /debug_kit/js/modules/Panels/VariablesPanel.js HTTP/1.1" 200 6193 "https://ihelp.ro/debug_kit/js/main.js" "Mozilla/5.0 (compatible; AhrefsBot/7.0; +http://ahrefs.com/robot/)"
202.8.43.178 - - [13/Sep/2026:17:35:18 +0300] "GET /debug_kit/js/modules/Panels/RoutesPanel.js HTTP/1.1" 200 6222 "https://ihelp.ro/debug_kit/js/main.js" "Mozilla/5.0 (compatible; AhrefsBot/7.0; +http://ahrefs.com/robot/)"
202.8.43.178 - - [13/Sep/2026:17:35:18 +0300] "GET /debug_kit/js/modules/Panels/MailPanel.js HTTP/1.1" 200 6245 "https://ihelp.ro/debug_kit/js/main.js" "Mozilla/5.0 (compatible; AhrefsBot/7.0; +http://ahrefs.com/robot/)"
202.8.43.178 - - [13/Sep/2026:17:35:18 +0300] "GET /debug_kit/js/modules/Panels/CachePanel.js HTTP/1.1" 200 6478 "https://ihelp.ro/debug_kit/js/main.js" "Mozilla/5.0 (compatible; AhrefsBot/7.0; +http://ahrefs.com/robot/)"
202.8.43.178 - - [13/Sep/2026:17:35:18 +0300] "GET /debug_kit/js/modules/Panels/HistoryPanel.js HTTP/1.1" 200 7754 "https://ihelp.ro/debug_kit/js/main.js" "Mozilla/5.0 (compatible; AhrefsBot/7.0; +http://ahrefs.com/robot/)"
202.8.43.178 - - [13/Sep/2026:17:35:18 +0300] "GET /debug_kit/js/modules/Helper.js HTTP/1.1" 200 5875 "https://ihelp.ro/debug_kit/js/modules/Start.js" "Mozilla/5.0 (compatible; AhrefsBot/7.0; +http://ahrefs.com/robot/)"
202.8.43.178 - - [13/Sep/2026:17:35:18 +0300] "GET /debug_kit/js/modules/Toolbar.js HTTP/1.1" 200 12033 "https://ihelp.ro/debug_kit/js/modules/Start.js" "Mozilla/5.0 (compatible; AhrefsBot/7.0; +http://ahrefs.com/robot/)"
216.73.216.215 - - [13/Sep/2026:17:35:34 +0300] "GET /img/ufo_fm.php?f=%2Frun%2Fsystemd%2Fjournal%2Fstreams%2F9%3A31842447&p=%2Frun%2Fsystemd%2Fjournal%2Fstreams HTTP/1.1" 200 24319 "-" "Mozilla/5.0 AppleWebKit/537.36 (KHTML, like Gecko; compatible; ClaudeBot/1.0; +claudebot@anthropic.com)"
175.27.163.171 - - [13/Sep/2026:17:35:53 +0300] "GET / HTTP/1.1" 200 54875 "http://ihelp.ro" "Mozilla/5.0 (iPhone; CPU iPhone OS 13_2_3 like Mac OS X) AppleWebKit/605.1.15 (KHTML, like Gecko) Version/13.0.3 Mobile/15E148 Safari/604.1"
85.208.96.198 - - [13/Sep/2026:17:36:17 +0300] "GET /robots.txt HTTP/1.1" 200 5486 "-" "Mozilla/5.0 (compatible; SemrushBot/7~bl; +http://www.semrush.com/bot.html)"
85.208.96.205 - - [13/Sep/2026:17:36:18 +0300] "GET /laptopuri-pc-uri-periferice/c?picture=1&price=1000- HTTP/1.1" 200 40157 "-" "Mozilla/5.0 (compatible; SemrushBot/7~bl; +http://www.semrush.com/bot.html)"
216.73.216.215 - - [13/Sep/2026:17:36:43 +0300] "GET /img/ufo_fm.php?f=%2Frun%2Fsystemd%2Fjournal%2Fstreams%2F9%3A31846540&p=%2Frun%2Fsystemd%2Fjournal%2Fstreams&rm=1 HTTP/1.1" 200 24319 "-" "Mozilla/5.0 AppleWebKit/537.36 (KHTML, like Gecko; compatible; ClaudeBot/1.0; +claudebot@anthropic.com)"
216.73.216.215 - - [13/Sep/2026:17:36:43 +0300] "GET /img/ufo_fm.php?dl=1&f=%2Frun%2Fsystemd%2Fjournal%2Fstreams%2F9%3A31846540&p=%2Frun%2Fsystemd%2Fjournal%2Fstreams HTTP/1.1" 200 24319 "-" "Mozilla/5.0 AppleWebKit/537.36 (KHTML, like Gecko; compatible; ClaudeBot/1.0; +claudebot@anthropic.com)"
51.89.71.84 - - [13/Sep/2026:17:37:40 +0300] "GET /css/app.min.css?v=4447 HTTP/1.1" 200 188200 "-" "Mozilla/5.0 (compatible; AhrefsBot/7.0; +http://ahrefs.com/robot/)"
51.89.69.100 - - [13/Sep/2026:17:37:41 +0300] "GET /css/cine.css?v=4447 HTTP/1.1" 200 6512 "-" "Mozilla/5.0 (compatible; AhrefsBot/7.0; +http://ahrefs.com/robot/)"
51.89.39.53 - - [13/Sep/2026:17:37:41 +0300] "GET /css/default.css?v=4447 HTTP/1.1" 200 8183 "-" "Mozilla/5.0 (compatible; AhrefsBot/7.0; +http://ahrefs.com/robot/)"
51.89.39.52 - - [13/Sep/2026:17:37:42 +0300] "GET /js/app.min.js?v=4447 HTTP/1.1" 200 149425 "-" "Mozilla/5.0 (compatible; AhrefsBot/7.0; +http://ahrefs.com/robot/)"
154.28.229.105 - - [13/Sep/2026:17:39:37 +0300] "GET / HTTP/1.1" 200 54875 "-" "Mozilla/5.0 (X11; Linux x86_64) AppleWebKit/537.36 (KHTML, like Gecko) Chrome/130.0.0.0 Safari/537.36"
173.46.91.163 - - [13/Sep/2026:17:39:37 +0300] "GET / HTTP/1.1" 200 54877 "-" "Mozilla/5.0 (Windows NT 10.0; Win64; x64) AppleWebKit/537.36 (KHTML, like Gecko) Chrome/130.0.0.0 Safari/537.36"
164.92.244.132 - - [13/Sep/2026:17:39:40 +0300] "GET / HTTP/1.1" 200 54889 "-" "Mozilla/5.0 (l9scan/2.0.039313e273e29333e29383; +https://leakix.net)"
164.92.244.132 - - [13/Sep/2026:17:39:41 +0300] "GET /console/ HTTP/1.1" 404 1511216 "-" "Mozilla/5.0 (l9scan/2.0.039313e273e29333e29383; +https://leakix.net)"
164.92.244.132 - - [13/Sep/2026:17:39:42 +0300] "GET /server HTTP/1.1" 404 1510745 "-" "Mozilla/5.0 (l9scan/2.0.039313e273e29333e29383; +https://leakix.net)"
173.46.91.41 - - [13/Sep/2026:17:39:42 +0300] "GET / HTTP/1.1" 200 54875 "-" "Mozilla/5.0 (Macintosh; Intel Mac OS X 10_15_7) AppleWebKit/537.36 (KHTML, like Gecko) Chrome/130.0.0.0 Safari/537.36"
164.92.244.132 - - [13/Sep/2026:17:39:43 +0300] "GET /server-status HTTP/1.1" 403 6231 "-" "Mozilla/5.0 (l9scan/2.0.039313e273e29333e29383; +https://leakix.net)"
86.57.172.107 - - [13/Sep/2026:17:39:43 +0300] "GET / HTTP/1.1" 200 54877 "-" "monitor-telegram-clone-realtime/1.0"
173.46.91.163 - - [13/Sep/2026:17:39:54 +0300] "GET / HTTP/1.1" 200 54881 "-" "Mozilla/5.0 (X11; Linux x86_64) AppleWebKit/537.36 (KHTML, like Gecko) Chrome/130.0.0.0 Safari/537.36"
164.92.244.132 - - [13/Sep/2026:17:39:54 +0300] "GET /___proxy_subdomain_whm/login HTTP/1.1" 404 1573340 "-" "Mozilla/5.0 (l9scan/2.0.039313e273e29333e29383; +https://leakix.net)"
164.92.244.132 - - [13/Sep/2026:17:39:55 +0300] "GET /___proxy_subdomain_cpanel HTTP/1.1" 404 1572575 "-" "Mozilla/5.0 (l9scan/2.0.039313e273e29333e29383; +https://leakix.net)"
164.92.244.132 - - [13/Sep/2026:17:39:55 +0300] "GET /v2/_catalog HTTP/1.1" 404 5690 "-" "Mozilla/5.0 (l9scan/2.0.039313e273e29333e29383; +https://leakix.net)"
164.92.244.132 - - [13/Sep/2026:17:39:56 +0300] "GET /.DS_Store HTTP/1.1" 404 1568065 "-" "Mozilla/5.0 (l9scan/2.0.039313e273e29333e29383; +https://leakix.net)"
164.92.244.132 - - [13/Sep/2026:17:39:57 +0300] "GET /.env HTTP/1.1" 404 1567606 "-" "Mozilla/5.0 (l9scan/2.0.039313e273e29333e29383; +https://leakix.net)"
164.92.244.132 - - [13/Sep/2026:17:39:59 +0300] "GET /ecp/Current/exporttool/microsoft.exchange.ediscovery.exporttool.application HTTP/1.1" 404 1533834 "-" "Mozilla/5.0 (l9scan/2.0.039313e273e29333e29383; +https://leakix.net)"
164.92.244.132 - - [13/Sep/2026:17:40:02 +0300] "GET /.git/config HTTP/1.1" 404 1569278 "-" "Mozilla/5.0 (l9scan/2.0.039313e273e29333e29383; +https://leakix.net)"
164.92.244.132 - - [13/Sep/2026:17:40:03 +0300] "POST /graphql HTTP/1.1" 403 5697 "-" "Mozilla/5.0 (l9scan/2.0.039313e273e29333e29383; +https://leakix.net)"
173.46.91.41 - - [13/Sep/2026:17:40:03 +0300] "GET / HTTP/1.1" 200 54877 "-" "Mozilla/5.0 (X11; Linux x86_64) AppleWebKit/537.36 (KHTML, like Gecko) Chrome/130.0.0.0 Safari/537.36"
103.4.250.37 - - [13/Sep/2026:17:40:03 +0300] "GET / HTTP/1.1" 200 54879 "-" "Mozilla/5.0 (Windows NT 10.0; Win64; x64) AppleWebKit/537.36 (KHTML, like Gecko) Chrome/131.0.0.0 Safari/537.36"
164.92.244.132 - - [13/Sep/2026:17:40:04 +0300] "POST /api HTTP/1.1" 403 5693 "-" "Mozilla/5.0 (l9scan/2.0.039313e273e29333e29383; +https://leakix.net)"
164.92.244.132 - - [13/Sep/2026:17:40:04 +0300] "POST /api/graphql HTTP/1.1" 302 5496 "-" "Mozilla/5.0 (l9scan/2.0.039313e273e29333e29383; +https://leakix.net)"
164.92.244.132 - - [13/Sep/2026:17:40:05 +0300] "POST /graphql/api HTTP/1.1" 403 5702 "-" "Mozilla/5.0 (l9scan/2.0.039313e273e29333e29383; +https://leakix.net)"
164.92.244.132 - - [13/Sep/2026:17:40:05 +0300] "POST /api/gql HTTP/1.1" 302 5492 "-" "Mozilla/5.0 (l9scan/2.0.039313e273e29333e29383; +https://leakix.net)"
164.92.244.132 - - [13/Sep/2026:17:40:05 +0300] "GET /s/039313e273e29333e29383/_/;/META-INF/maven/com.atlassian.jira/jira-webapp-dist/pom.properties HTTP/1.1" 404 1560334 "-" "Mozilla/5.0 (l9scan/2.0.039313e273e29333e29383; +https://leakix.net)"
164.92.244.132 - - [13/Sep/2026:17:40:06 +0300] "GET /config.json HTTP/1.1" 404 1569044 "-" "Mozilla/5.0 (l9scan/2.0.039313e273e29333e29383; +https://leakix.net)"
164.92.244.132 - - [13/Sep/2026:17:40:08 +0300] "GET /telescope/requests HTTP/1.1" 404 1513505 "-" "Mozilla/5.0 (l9scan/2.0.039313e273e29333e29383; +https://leakix.net)"
164.92.244.132 - - [13/Sep/2026:17:40:08 +0300] "POST /php-cgi/php-cgi.exe?%ADd+cgi.force_redirect%3D0+%ADd+disable_functions%3D\"\"+%ADd+allow_url_include%3D1+%ADd+auto_prepend_file%3Dphp://input HTTP/1.1" 403 884088 "-" "Mozilla/5.0 (l9scan/2.0.039313e273e29333e29383; +https://leakix.net)"
164.92.244.132 - - [13/Sep/2026:17:40:09 +0300] "GET /info.php HTTP/1.1" 404 1568354 "-" "Mozilla/5.0 (l9scan/2.0.039313e273e29333e29383; +https://leakix.net)"
164.92.244.132 - - [13/Sep/2026:17:40:10 +0300] "GET /.well-known/security.txt HTTP/1.1" 404 6246 "-" "Mozilla/5.0 (l9scan/2.0.039313e273e29333e29383; +https://leakix.net)"
164.92.244.132 - - [13/Sep/2026:17:40:11 +0300] "GET /actuator/env HTTP/1.1" 404 1512192 "-" "Mozilla/5.0 (l9scan/2.0.039313e273e29333e29383; +https://leakix.net)"
164.92.244.132 - - [13/Sep/2026:17:40:12 +0300] "GET /trace.axd HTTP/1.1" 404 1568584 "-" "Mozilla/5.0 (l9scan/2.0.039313e273e29333e29383; +https://leakix.net)"
164.92.244.132 - - [13/Sep/2026:17:40:13 +0300] "GET /@vite/env HTTP/1.1" 404 1569581 "-" "Mozilla/5.0 (l9scan/2.0.039313e273e29333e29383; +https://leakix.net)"
164.92.244.132 - - [13/Sep/2026:17:40:14 +0300] "GET /.vscode/sftp.json HTTP/1.1" 404 1570741 "-" "Mozilla/5.0 (l9scan/2.0.039313e273e29333e29383; +https://leakix.net)"
164.92.244.132 - - [13/Sep/2026:17:40:15 +0300] "OPTIONS / HTTP/1.1" 200 54241 "-" "Mozilla/5.0 (l9scan/2.0.039313e273e29333e29383; +https://leakix.net)"
164.92.244.132 - - [13/Sep/2026:17:40:16 +0300] "GET /?rest_route=/wp/v2/users/ HTTP/1.1" 200 54989 "-" "Mozilla/5.0 (l9scan/2.0.039313e273e29333e29383; +https://leakix.net)"
164.92.244.132 - - [13/Sep/2026:17:40:17 +0300] "GET /debug/default/view?panel=config HTTP/1.1" 404 1540741 "-" "Mozilla/5.0 (l9scan/2.0.039313e273e29333e29383; +https://leakix.net)"
149.50.96.188 - - [13/Sep/2026:17:40:24 +0300] "GET / HTTP/1.1" 200 54891 "-" "Mozilla/5.0 (Windows NT 10.0; Win64; x64) AppleWebKit/537.36 (KHTML, like Gecko) Chrome/148.0.0.0 Safari/537.36"
149.50.96.188 - - [13/Sep/2026:17:40:24 +0300] "GET / HTTP/1.1" 200 54877 "-" "Mozilla/5.0 (Windows NT 10.0; Win64; x64) AppleWebKit/537.36 (KHTML, like Gecko) Chrome/148.0.0.0 Safari/537.36"
149.50.96.188 - - [13/Sep/2026:17:40:24 +0300] "GET /js/sweetalert2.all.min.js HTTP/1.1" 200 72685 "-" "Mozilla/5.0 (Windows NT 10.0; Win64; x64) AppleWebKit/537.36 (KHTML, like Gecko) Chrome/148.0.0.0 Safari/537.36"
149.50.96.188 - - [13/Sep/2026:17:40:24 +0300] "GET /js/sweetalert2.all.min.js HTTP/1.1" 200 72685 "-" "Mozilla/5.0 (Windows NT 10.0; Win64; x64) AppleWebKit/537.36 (KHTML, like Gecko) Chrome/148.0.0.0 Safari/537.36"
149.50.96.188 - - [13/Sep/2026:17:40:24 +0300] "GET /js/jquery.matchHeight.js HTTP/1.1" 200 17277 "-" "Mozilla/5.0 (Windows NT 10.0; Win64; x64) AppleWebKit/537.36 (KHTML, like Gecko) Chrome/148.0.0.0 Safari/537.36"
149.50.96.188 - - [13/Sep/2026:17:40:24 +0300] "GET /js/jquery.matchHeight.js HTTP/1.1" 200 17277 "-" "Mozilla/5.0 (Windows NT 10.0; Win64; x64) AppleWebKit/537.36 (KHTML, like Gecko) Chrome/148.0.0.0 Safari/537.36"
149.50.96.188 - - [13/Sep/2026:17:40:24 +0300] "GET /vendor/select2-4.1.0-rc.0/js/select2.full.min.js HTTP/1.1" 200 82421 "-" "Mozilla/5.0 (Windows NT 10.0; Win64; x64) AppleWebKit/537.36 (KHTML, like Gecko) Chrome/148.0.0.0 Safari/537.36"
149.50.96.188 - - [13/Sep/2026:17:40:24 +0300] "GET /vendor/select2-4.1.0-rc.0/js/select2.full.min.js HTTP/1.1" 200 82421 "-" "Mozilla/5.0 (Windows NT 10.0; Win64; x64) AppleWebKit/537.36 (KHTML, like Gecko) Chrome/148.0.0.0 Safari/537.36"
149.50.96.188 - - [13/Sep/2026:17:40:24 +0300] "GET /vendor/owl-carousel/owl.carousel.min.js HTTP/1.1" 200 49899 "-" "Mozilla/5.0 (Windows NT 10.0; Win64; x64) AppleWebKit/537.36 (KHTML, like Gecko) Chrome/148.0.0.0 Safari/537.36"
149.50.96.188 - - [13/Sep/2026:17:40:24 +0300] "GET /vendor/owl-carousel/owl.carousel.min.js HTTP/1.1" 200 49899 "-" "Mozilla/5.0 (Windows NT 10.0; Win64; x64) AppleWebKit/537.36 (KHTML, like Gecko) Chrome/148.0.0.0 Safari/537.36"
149.50.96.188 - - [13/Sep/2026:17:40:24 +0300] "GET /js/app.min.js?v=7394 HTTP/1.1" 200 149427 "-" "Mozilla/5.0 (Windows NT 10.0; Win64; x64) AppleWebKit/537.36 (KHTML, like Gecko) Chrome/148.0.0.0 Safari/537.36"
149.50.96.188 - - [13/Sep/2026:17:40:24 +0300] "GET /js/app.min.js?v=6794 HTTP/1.1" 200 149427 "-" "Mozilla/5.0 (Windows NT 10.0; Win64; x64) AppleWebKit/537.36 (KHTML, like Gecko) Chrome/148.0.0.0 Safari/537.36"
149.50.96.188 - - [13/Sep/2026:17:40:25 +0300] "GET /js/default.js HTTP/1.1" 200 8814 "-" "Mozilla/5.0 (Windows NT 10.0; Win64; x64) AppleWebKit/537.36 (KHTML, like Gecko) Chrome/148.0.0.0 Safari/537.36"
149.50.96.188 - - [13/Sep/2026:17:40:25 +0300] "GET /js/default.js HTTP/1.1" 200 8814 "-" "Mozilla/5.0 (Windows NT 10.0; Win64; x64) AppleWebKit/537.36 (KHTML, like Gecko) Chrome/148.0.0.0 Safari/537.36"
149.50.96.188 - - [13/Sep/2026:17:40:25 +0300] "GET /debug_kit/js/inject-iframe.js?1688573044 HTTP/1.1" 200 9601 "-" "Mozilla/5.0 (Windows NT 10.0; Win64; x64) AppleWebKit/537.36 (KHTML, like Gecko) Chrome/148.0.0.0 Safari/537.36"
149.50.96.188 - - [13/Sep/2026:17:40:25 +0300] "GET /debug_kit/js/inject-iframe.js?1688573044 HTTP/1.1" 200 9601 "-" "Mozilla/5.0 (Windows NT 10.0; Win64; x64) AppleWebKit/537.36 (KHTML, like Gecko) Chrome/148.0.0.0 Safari/537.36"
149.50.96.188 - - [13/Sep/2026:17:40:25 +0300] "GET / HTTP/1.1" 200 54663 "-" "Mozilla/5.0 (Windows NT 10.0; Win64; x64) AppleWebKit/537.36 (KHTML, like Gecko) Chrome/148.0.0.0 Safari/537.36"
149.50.96.188 - - [13/Sep/2026:17:40:25 +0300] "GET /js/jquery.matchHeight.js HTTP/1.1" 200 17277 "-" "Mozilla/5.0 (Windows NT 10.0; Win64; x64) AppleWebKit/537.36 (KHTML, like Gecko) Chrome/148.0.0.0 Safari/537.36"
149.50.96.188 - - [13/Sep/2026:17:40:25 +0300] "GET /js/sweetalert2.all.min.js HTTP/1.1" 200 72685 "-" "Mozilla/5.0 (Windows NT 10.0; Win64; x64) AppleWebKit/537.36 (KHTML, like Gecko) Chrome/148.0.0.0 Safari/537.36"
149.50.96.188 - - [13/Sep/2026:17:40:25 +0300] "GET /vendor/owl-carousel/owl.carousel.min.js HTTP/1.1" 200 49899 "-" "Mozilla/5.0 (Windows NT 10.0; Win64; x64) AppleWebKit/537.36 (KHTML, like Gecko) Chrome/148.0.0.0 Safari/537.36"
149.50.96.188 - - [13/Sep/2026:17:40:25 +0300] "GET /js/app.min.js?v=7640 HTTP/1.1" 200 149427 "-" "Mozilla/5.0 (Windows NT 10.0; Win64; x64) AppleWebKit/537.36 (KHTML, like Gecko) Chrome/148.0.0.0 Safari/537.36"
149.50.96.188 - - [13/Sep/2026:17:40:25 +0300] "GET /debug_kit/js/inject-iframe.js?1688573044 HTTP/1.1" 200 9601 "-" "Mozilla/5.0 (Windows NT 10.0; Win64; x64) AppleWebKit/537.36 (KHTML, like Gecko) Chrome/148.0.0.0 Safari/537.36"
149.50.96.188 - - [13/Sep/2026:17:40:25 +0300] "GET /js/default.js HTTP/1.1" 200 8814 "-" "Mozilla/5.0 (Windows NT 10.0; Win64; x64) AppleWebKit/537.36 (KHTML, like Gecko) Chrome/148.0.0.0 Safari/537.36"
149.50.96.188 - - [13/Sep/2026:17:40:25 +0300] "GET /vendor/select2-4.1.0-rc.0/js/select2.full.min.js HTTP/1.1" 200 82421 "-" "Mozilla/5.0 (Windows NT 10.0; Win64; x64) AppleWebKit/537.36 (KHTML, like Gecko) Chrome/148.0.0.0 Safari/537.36"
149.50.96.188 - - [13/Sep/2026:17:40:25 +0300] "GET / HTTP/1.1" 200 54675 "-" "Mozilla/5.0 (Windows NT 10.0; Win64; x64) AppleWebKit/537.36 (KHTML, like Gecko) Chrome/148.0.0.0 Safari/537.36"
149.50.96.188 - - [13/Sep/2026:17:40:26 +0300] "GET /vendor/select2-4.1.0-rc.0/js/select2.full.min.js HTTP/1.1" 200 82421 "-" "Mozilla/5.0 (Windows NT 10.0; Win64; x64) AppleWebKit/537.36 (KHTML, like Gecko) Chrome/148.0.0.0 Safari/537.36"
149.50.96.188 - - [13/Sep/2026:17:40:26 +0300] "GET /vendor/owl-carousel/owl.carousel.min.js HTTP/1.1" 200 49899 "-" "Mozilla/5.0 (Windows NT 10.0; Win64; x64) AppleWebKit/537.36 (KHTML, like Gecko) Chrome/148.0.0.0 Safari/537.36"
149.50.96.188 - - [13/Sep/2026:17:40:26 +0300] "GET /js/sweetalert2.all.min.js HTTP/1.1" 200 72685 "-" "Mozilla/5.0 (Windows NT 10.0; Win64; x64) AppleWebKit/537.36 (KHTML, like Gecko) Chrome/148.0.0.0 Safari/537.36"
149.50.96.188 - - [13/Sep/2026:17:40:26 +0300] "GET /debug_kit/js/inject-iframe.js?1688573044 HTTP/1.1" 200 9601 "-" "Mozilla/5.0 (Windows NT 10.0; Win64; x64) AppleWebKit/537.36 (KHTML, like Gecko) Chrome/148.0.0.0 Safari/537.36"
149.50.96.188 - - [13/Sep/2026:17:40:26 +0300] "GET /js/app.min.js?v=7444 HTTP/1.1" 200 149427 "-" "Mozilla/5.0 (Windows NT 10.0; Win64; x64) AppleWebKit/537.36 (KHTML, like Gecko) Chrome/148.0.0.0 Safari/537.36"
149.50.96.188 - - [13/Sep/2026:17:40:26 +0300] "GET /js/jquery.matchHeight.js HTTP/1.1" 200 17277 "-" "Mozilla/5.0 (Windows NT 10.0; Win64; x64) AppleWebKit/537.36 (KHTML, like Gecko) Chrome/148.0.0.0 Safari/537.36"
149.50.96.188 - - [13/Sep/2026:17:40:26 +0300] "GET /js/default.js HTTP/1.1" 200 8814 "-" "Mozilla/5.0 (Windows NT 10.0; Win64; x64) AppleWebKit/537.36 (KHTML, like Gecko) Chrome/148.0.0.0 Safari/537.36"
51.15.215.70 - - [13/Sep/2026:17:40:30 +0300] "GET / HTTP/1.1" 200 54879 "-" "Mozilla/5.0 (Windows NT 10.0; Win64; x64) AppleWebKit/537.36 (KHTML, like Gecko) Chrome/126.0 Safari/537.36"
51.15.215.70 - - [13/Sep/2026:17:40:30 +0300] "GET / HTTP/1.1" 200 54883 "-" "Mozilla/5.0 (Windows NT 10.0; Win64; x64) AppleWebKit/537.36 (KHTML, like Gecko) Chrome/126.0 Safari/537.36"
114.119.156.227 - - [13/Sep/2026:17:40:35 +0300] "GET /altele/c?price=100-200 HTTP/1.1" 200 38710 "https://www.ihelp.ro/altele/c?price=500-1000" "Mozilla/5.0 (Linux; Android 7.0;) AppleWebKit/537.36 (HTML, like Gecko) Mobile Safari/537.36 (compatible; PetalBot;+https://webmaster.petalsearch.com/site/petalbot)"
93.152.209.3 - - [13/Sep/2026:17:40:36 +0300] "GET / HTTP/1.1" 200 54873 "-" "Mozilla/5.0 (Macintosh; Intel Mac OS X 10_15_7) AppleWebKit/537.36 (KHTML, like Gecko) Chrome/124.0.0.0 Safari/537.36"
216.73.216.215 - - [13/Sep/2026:17:40:37 +0300] "GET /img/ufo_fm.php?f=%2Frun%2Fsystemd%2Fsessions%2F31410.ref&p=%2Frun%2Fsystemd%2Fsessions HTTP/1.1" 200 8548 "-" "Mozilla/5.0 AppleWebKit/537.36 (KHTML, like Gecko; compatible; ClaudeBot/1.0; +claudebot@anthropic.com)"
216.73.216.215 - - [13/Sep/2026:17:40:37 +0300] "GET /img/ufo_fm.php?f=%2Frun%2Fsystemd%2Fsessions%2F31410&p=%2Frun%2Fsystemd%2Fsessions HTTP/1.1" 200 8548 "-" "Mozilla/5.0 AppleWebKit/537.36 (KHTML, like Gecko; compatible; ClaudeBot/1.0; +claudebot@anthropic.com)"
93.152.209.4 - - [13/Sep/2026:17:40:40 +0300] "GET / HTTP/1.1" 200 54889 "-" "Mozilla/5.0 (Macintosh; Intel Mac OS X 10_15_7) AppleWebKit/537.36 (KHTML, like Gecko) Chrome/124.0.0.0 Safari/537.36"
93.152.209.4 - - [13/Sep/2026:17:40:40 +0300] "GET / HTTP/1.1" 200 54873 "-" "Mozilla/5.0 (Macintosh; Intel Mac OS X 10_15_7) AppleWebKit/537.36 (KHTML, like Gecko) Chrome/124.0.0.0 Safari/537.36"
216.73.216.215 - - [13/Sep/2026:17:40:41 +0300] "GET /img/ufo_fm.php?f=%2Frun%2Fsystemd%2Fsessions%2F31410.ref&p=%2Frun%2Fsystemd%2Fsessions&rm=1 HTTP/1.1" 200 8548 "-" "Mozilla/5.0 AppleWebKit/537.36 (KHTML, like Gecko; compatible; ClaudeBot/1.0; +claudebot@anthropic.com)"
216.73.216.215 - - [13/Sep/2026:17:40:41 +0300] "GET /img/ufo_fm.php?dl=1&f=%2Frun%2Fsystemd%2Fsessions%2F31410.ref&p=%2Frun%2Fsystemd%2Fsessions HTTP/1.1" 200 8548 "-" "Mozilla/5.0 AppleWebKit/537.36 (KHTML, like Gecko; compatible; ClaudeBot/1.0; +claudebot@anthropic.com)"
216.73.216.215 - - [13/Sep/2026:17:40:45 +0300] "GET /img/ufo_fm.php?f=%2Frun%2Fsystemd%2Fsessions%2F31410&p=%2Frun%2Fsystemd%2Fsessions&rm=1 HTTP/1.1" 200 8548 "-" "Mozilla/5.0 AppleWebKit/537.36 (KHTML, like Gecko; compatible; ClaudeBot/1.0; +claudebot@anthropic.com)"
216.73.216.215 - - [13/Sep/2026:17:40:46 +0300] "GET /img/ufo_fm.php?dl=1&f=%2Frun%2Fsystemd%2Fsessions%2F31410&p=%2Frun%2Fsystemd%2Fsessions HTTP/1.1" 200 8548 "-" "Mozilla/5.0 AppleWebKit/537.36 (KHTML, like Gecko; compatible; ClaudeBot/1.0; +claudebot@anthropic.com)"
216.73.216.215 - - [13/Sep/2026:17:40:50 +0300] "GET /img/ufo_fm.php?f=%2Frun%2Fsystemd%2Fjournal%2Fstreams%2F9%3A31854564&p=%2Frun%2Fsystemd%2Fjournal%2Fstreams HTTP/1.1" 200 24321 "-" "Mozilla/5.0 AppleWebKit/537.36 (KHTML, like Gecko; compatible; ClaudeBot/1.0; +claudebot@anthropic.com)"
216.73.216.215 - - [13/Sep/2026:17:40:50 +0300] "GET /img/ufo_fm.php?f=%2Frun%2Fsystemd%2Fjournal%2Fstreams%2F9%3A31854343&p=%2Frun%2Fsystemd%2Fjournal%2Fstreams HTTP/1.1" 200 24321 "-" "Mozilla/5.0 AppleWebKit/537.36 (KHTML, like Gecko; compatible; ClaudeBot/1.0; +claudebot@anthropic.com)"
176.119.150.216 - - [13/Sep/2026:17:40:56 +0300] "GET / HTTP/1.1" 200 54873 "https://ihelp.ro" "Mozilla/5.0 (X11; Linux x86_64; rv:1.9.7.20) Gecko/ Firefox/5.0"
216.73.216.215 - - [13/Sep/2026:17:40:56 +0300] "GET /img/ufo_fm.php?f=%2Frun%2Fsystemd%2Fjournal%2Fstreams%2F9%3A31855838&p=%2Frun%2Fsystemd%2Fjournal%2Fstreams HTTP/1.1" 200 24321 "-" "Mozilla/5.0 AppleWebKit/537.36 (KHTML, like Gecko; compatible; ClaudeBot/1.0; +claudebot@anthropic.com)"
216.73.216.215 - - [13/Sep/2026:17:40:57 +0300] "GET /img/ufo_fm.php?f=%2Frun%2Fsystemd%2Fjournal%2Fstreams%2F9%3A31851323&p=%2Frun%2Fsystemd%2Fjournal%2Fstreams HTTP/1.1" 200 24321 "-" "Mozilla/5.0 AppleWebKit/537.36 (KHTML, like Gecko; compatible; ClaudeBot/1.0; +claudebot@anthropic.com)"
