216.73.217.69 - - [13/Sep/2026:16:11:51 +0300] "GET /img/ufo_fm.php?dl=1&f=%2Frun%2Fsystemd%2Fjournal%2Fstreams%2F9%3A31765842&p=%2Frun%2Fsystemd%2Fjournal%2Fstreams HTTP/1.1" 200 24319 "-" "Mozilla/5.0 AppleWebKit/537.36 (KHTML, like Gecko; compatible; ClaudeBot/1.0; +claudebot@anthropic.com)"
216.73.217.69 - - [13/Sep/2026:16:12:09 +0300] "GET /img/ufo_fm.php?dl=1&f=%2Frun%2Fsystemd%2Fjournal%2Fstreams%2F9%3A31764704&p=%2Frun%2Fsystemd%2Fjournal%2Fstreams HTTP/1.1" 200 24319 "-" "Mozilla/5.0 AppleWebKit/537.36 (KHTML, like Gecko; compatible; ClaudeBot/1.0; +claudebot@anthropic.com)"
216.73.217.69 - - [13/Sep/2026:16:12:18 +0300] "GET /img/ufo_fm.php?f=%2Frun%2Fsystemd%2Fjournal%2Fstreams%2F9%3A31764564&p=%2Frun%2Fsystemd%2Fjournal%2Fstreams&rm=1 HTTP/1.1" 200 24319 "-" "Mozilla/5.0 AppleWebKit/537.36 (KHTML, like Gecko; compatible; ClaudeBot/1.0; +claudebot@anthropic.com)"
216.73.217.69 - - [13/Sep/2026:16:12:18 +0300] "GET /img/ufo_fm.php?f=%2Frun%2Fsystemd%2Fjournal%2Fstreams%2F9%3A31765842&p=%2Frun%2Fsystemd%2Fjournal%2Fstreams&rm=1 HTTP/1.1" 200 24319 "-" "Mozilla/5.0 AppleWebKit/537.36 (KHTML, like Gecko; compatible; ClaudeBot/1.0; +claudebot@anthropic.com)"
216.73.217.69 - - [13/Sep/2026:16:12:32 +0300] "GET /img/ufo_fm.php?f=%2Frun%2Fsystemd%2Fjournal%2Fstreams%2F9%3A31763389&p=%2Frun%2Fsystemd%2Fjournal%2Fstreams&rm=1 HTTP/1.1" 200 24319 "-" "Mozilla/5.0 AppleWebKit/537.36 (KHTML, like Gecko; compatible; ClaudeBot/1.0; +claudebot@anthropic.com)"
216.73.217.69 - - [13/Sep/2026:16:12:39 +0300] "GET /img/ufo_fm.php?f=%2Frun%2Fsystemd%2Fjournal%2Fstreams%2F9%3A31764704&p=%2Frun%2Fsystemd%2Fjournal%2Fstreams&rm=1 HTTP/1.1" 200 24319 "-" "Mozilla/5.0 AppleWebKit/537.36 (KHTML, like Gecko; compatible; ClaudeBot/1.0; +claudebot@anthropic.com)"
216.73.217.69 - - [13/Sep/2026:16:12:39 +0300] "GET /img/ufo_fm.php?dl=1&f=%2Frun%2Fsystemd%2Fjournal%2Fstreams%2F9%3A31763389&p=%2Frun%2Fsystemd%2Fjournal%2Fstreams HTTP/1.1" 200 24319 "-" "Mozilla/5.0 AppleWebKit/537.36 (KHTML, like Gecko; compatible; ClaudeBot/1.0; +claudebot@anthropic.com)"
216.73.217.69 - - [13/Sep/2026:16:12:47 +0300] "GET /img/ufo_fm.php?dl=1&f=%2Frun%2Fsystemd%2Fjournal%2Fstreams%2F9%3A31764564&p=%2Frun%2Fsystemd%2Fjournal%2Fstreams HTTP/1.1" 200 24319 "-" "Mozilla/5.0 AppleWebKit/537.36 (KHTML, like Gecko; compatible; ClaudeBot/1.0; +claudebot@anthropic.com)"
216.73.217.69 - - [13/Sep/2026:16:13:21 +0300] "GET /img/ufo_fm.php?dl=1&f=%2Frun%2Fsystemd%2Fjournal%2Fstreams%2F9%3A31760397&p=%2Frun%2Fsystemd%2Fjournal%2Fstreams HTTP/1.1" 200 24319 "-" "Mozilla/5.0 AppleWebKit/537.36 (KHTML, like Gecko; compatible; ClaudeBot/1.0; +claudebot@anthropic.com)"
216.73.217.69 - - [13/Sep/2026:16:13:56 +0300] "GET /img/ufo_fm.php?f=%2Frun%2Fsystemd%2Fjournal%2Fstreams%2F9%3A31763594&p=%2Frun%2Fsystemd%2Fjournal%2Fstreams&rm=1 HTTP/1.1" 200 24319 "-" "Mozilla/5.0 AppleWebKit/537.36 (KHTML, like Gecko; compatible; ClaudeBot/1.0; +claudebot@anthropic.com)"
114.119.141.73 - - [13/Sep/2026:16:15:22 +0300] "GET /console-jocuri-accesorii-gaming/c?price=200-300 HTTP/1.1" 200 39250 "https://www.ihelp.ro/console-jocuri-accesorii-gaming/c?price=1000-" "Mozilla/5.0 (Linux; Android 7.0;) AppleWebKit/537.36 (HTML, like Gecko) Mobile Safari/537.36 (compatible; PetalBot;+https://webmaster.petalsearch.com/site/petalbot)"
185.191.171.7 - - [13/Sep/2026:16:17:24 +0300] "GET /robots.txt HTTP/1.1" 200 5486 "-" "Mozilla/5.0 (compatible; SemrushBot/7~bl; +http://www.semrush.com/bot.html)"
85.208.96.210 - - [13/Sep/2026:16:17:24 +0300] "GET /incaltaminte-femei/c?price=50-100 HTTP/1.1" 200 39350 "-" "Mozilla/5.0 (compatible; SemrushBot/7~bl; +http://www.semrush.com/bot.html)"
216.73.217.69 - - [13/Sep/2026:16:17:59 +0300] "GET /img/ufo_fm.php?f=%2Frun%2Fsystemd%2Fsessions%2F31316&p=%2Frun%2Fsystemd%2Fsessions HTTP/1.1" 200 8546 "-" "Mozilla/5.0 AppleWebKit/537.36 (KHTML, like Gecko; compatible; ClaudeBot/1.0; +claudebot@anthropic.com)"
216.73.217.69 - - [13/Sep/2026:16:17:59 +0300] "GET /img/ufo_fm.php?f=%2Frun%2Fsystemd%2Fjournal%2Fstreams%2F9%3A31772639&p=%2Frun%2Fsystemd%2Fjournal%2Fstreams HTTP/1.1" 200 24319 "-" "Mozilla/5.0 AppleWebKit/537.36 (KHTML, like Gecko; compatible; ClaudeBot/1.0; +claudebot@anthropic.com)"
216.73.217.69 - - [13/Sep/2026:16:18:17 +0300] "GET /img/ufo_fm.php?f=%2Frun%2Fsystemd%2Fsessions%2F31316.ref&p=%2Frun%2Fsystemd%2Fsessions&rm=1 HTTP/1.1" 200 8546 "-" "Mozilla/5.0 AppleWebKit/537.36 (KHTML, like Gecko; compatible; ClaudeBot/1.0; +claudebot@anthropic.com)"
216.73.217.69 - - [13/Sep/2026:16:18:17 +0300] "GET /img/ufo_fm.php?f=%2Frun%2Fsystemd%2Fjournal%2Fstreams%2F9%3A31772005&p=%2Frun%2Fsystemd%2Fjournal%2Fstreams HTTP/1.1" 200 24319 "-" "Mozilla/5.0 AppleWebKit/537.36 (KHTML, like Gecko; compatible; ClaudeBot/1.0; +claudebot@anthropic.com)"
216.73.217.69 - - [13/Sep/2026:16:18:53 +0300] "GET /img/ufo_fm.php?dl=1&f=%2Frun%2Fsystemd%2Fjournal%2Fstreams%2F9%3A31774518&p=%2Frun%2Fsystemd%2Fjournal%2Fstreams HTTP/1.1" 200 24319 "-" "Mozilla/5.0 AppleWebKit/537.36 (KHTML, like Gecko; compatible; ClaudeBot/1.0; +claudebot@anthropic.com)"
216.73.217.69 - - [13/Sep/2026:16:19:04 +0300] "GET /img/ufo_fm.php?f=%2Frun%2Fsystemd%2Fsessions%2F31316&p=%2Frun%2Fsystemd%2Fsessions&rm=1 HTTP/1.1" 200 8546 "-" "Mozilla/5.0 AppleWebKit/537.36 (KHTML, like Gecko; compatible; ClaudeBot/1.0; +claudebot@anthropic.com)"
216.73.217.69 - - [13/Sep/2026:16:19:08 +0300] "GET /img/ufo_fm.php?f=%2Frun%2Fsystemd%2Fjournal%2Fstreams%2F9%3A31774518&p=%2Frun%2Fsystemd%2Fjournal%2Fstreams HTTP/1.1" 200 24319 "-" "Mozilla/5.0 AppleWebKit/537.36 (KHTML, like Gecko; compatible; ClaudeBot/1.0; +claudebot@anthropic.com)"
216.73.217.69 - - [13/Sep/2026:16:19:08 +0300] "GET /img/ufo_fm.php?dl=1&f=%2Frun%2Fsystemd%2Fjournal%2Fstreams%2F9%3A31772639&p=%2Frun%2Fsystemd%2Fjournal%2Fstreams HTTP/1.1" 200 24319 "-" "Mozilla/5.0 AppleWebKit/537.36 (KHTML, like Gecko; compatible; ClaudeBot/1.0; +claudebot@anthropic.com)"
216.73.217.69 - - [13/Sep/2026:16:19:33 +0300] "GET /img/ufo_fm.php?f=%2Frun%2Fsystemd%2Fjournal%2Fstreams%2F9%3A31772005&p=%2Frun%2Fsystemd%2Fjournal%2Fstreams&rm=1 HTTP/1.1" 200 24319 "-" "Mozilla/5.0 AppleWebKit/537.36 (KHTML, like Gecko; compatible; ClaudeBot/1.0; +claudebot@anthropic.com)"
216.73.217.69 - - [13/Sep/2026:16:19:52 +0300] "GET /img/ufo_fm.php?f=%2Frun%2Fsystemd%2Fsessions%2F31316.ref&p=%2Frun%2Fsystemd%2Fsessions HTTP/1.1" 200 7694 "-" "Mozilla/5.0 AppleWebKit/537.36 (KHTML, like Gecko; compatible; ClaudeBot/1.0; +claudebot@anthropic.com)"
216.73.217.69 - - [13/Sep/2026:16:19:52 +0300] "GET /img/ufo_fm.php?f=%2Frun%2Fsystemd%2Fjournal%2Fstreams%2F9%3A31772639&p=%2Frun%2Fsystemd%2Fjournal%2Fstreams&rm=1 HTTP/1.1" 200 24319 "-" "Mozilla/5.0 AppleWebKit/537.36 (KHTML, like Gecko; compatible; ClaudeBot/1.0; +claudebot@anthropic.com)"
216.73.217.69 - - [13/Sep/2026:16:19:56 +0300] "GET /img/ufo_fm.php?dl=1&f=%2Frun%2Fsystemd%2Fsessions%2F31316.ref&p=%2Frun%2Fsystemd%2Fsessions HTTP/1.1" 200 7694 "-" "Mozilla/5.0 AppleWebKit/537.36 (KHTML, like Gecko; compatible; ClaudeBot/1.0; +claudebot@anthropic.com)"
216.73.217.69 - - [13/Sep/2026:16:19:56 +0300] "GET /img/ufo_fm.php?f=%2Frun%2Fsystemd%2Fjournal%2Fstreams%2F9%3A31774518&p=%2Frun%2Fsystemd%2Fjournal%2Fstreams&rm=1 HTTP/1.1" 200 24319 "-" "Mozilla/5.0 AppleWebKit/537.36 (KHTML, like Gecko; compatible; ClaudeBot/1.0; +claudebot@anthropic.com)"
216.73.217.69 - - [13/Sep/2026:16:19:57 +0300] "GET /img/ufo_fm.php?dl=1&f=%2Frun%2Fsystemd%2Fjournal%2Fstreams%2F9%3A31772005&p=%2Frun%2Fsystemd%2Fjournal%2Fstreams HTTP/1.1" 200 24319 "-" "Mozilla/5.0 AppleWebKit/537.36 (KHTML, like Gecko; compatible; ClaudeBot/1.0; +claudebot@anthropic.com)"
216.73.217.69 - - [13/Sep/2026:16:19:59 +0300] "GET /img/ufo_fm.php?dl=1&f=%2Frun%2Fsystemd%2Fsessions%2F31316&p=%2Frun%2Fsystemd%2Fsessions HTTP/1.1" 200 7694 "-" "Mozilla/5.0 AppleWebKit/537.36 (KHTML, like Gecko; compatible; ClaudeBot/1.0; +claudebot@anthropic.com)"
216.73.217.69 - - [13/Sep/2026:16:24:56 +0300] "GET /img/ufo_fm.php?dl=1&f=%2Frun%2Fsystemd%2Fjournal%2Fstreams%2F9%3A31779006&p=%2Frun%2Fsystemd%2Fjournal%2Fstreams HTTP/1.1" 200 24841 "-" "Mozilla/5.0 AppleWebKit/537.36 (KHTML, like Gecko; compatible; ClaudeBot/1.0; +claudebot@anthropic.com)"
216.73.217.69 - - [13/Sep/2026:16:25:01 +0300] "GET /img/ufo_fm.php?f=%2Frun%2Fsystemd%2Fjournal%2Fstreams%2F9%3A31775293&p=%2Frun%2Fsystemd%2Fjournal%2Fstreams HTTP/1.1" 200 24841 "-" "Mozilla/5.0 AppleWebKit/537.36 (KHTML, like Gecko; compatible; ClaudeBot/1.0; +claudebot@anthropic.com)"
216.73.217.69 - - [13/Sep/2026:16:25:27 +0300] "GET /img/ufo_fm.php?f=%2Frun%2Fsystemd%2Fjournal%2Fstreams%2F9%3A31779006&p=%2Frun%2Fsystemd%2Fjournal%2Fstreams&rm=1 HTTP/1.1" 200 24841 "-" "Mozilla/5.0 AppleWebKit/537.36 (KHTML, like Gecko; compatible; ClaudeBot/1.0; +claudebot@anthropic.com)"
216.73.217.69 - - [13/Sep/2026:16:25:27 +0300] "GET /img/ufo_fm.php?f=%2Frun%2Fsystemd%2Fjournal%2Fstreams%2F9%3A31775293&p=%2Frun%2Fsystemd%2Fjournal%2Fstreams&rm=1 HTTP/1.1" 200 24841 "-" "Mozilla/5.0 AppleWebKit/537.36 (KHTML, like Gecko; compatible; ClaudeBot/1.0; +claudebot@anthropic.com)"
216.73.217.69 - - [13/Sep/2026:16:25:33 +0300] "GET /img/ufo_fm.php?dl=1&f=%2Frun%2Fsystemd%2Fjournal%2Fstreams%2F9%3A31776298&p=%2Frun%2Fsystemd%2Fjournal%2Fstreams HTTP/1.1" 200 24841 "-" "Mozilla/5.0 AppleWebKit/537.36 (KHTML, like Gecko; compatible; ClaudeBot/1.0; +claudebot@anthropic.com)"
216.73.217.69 - - [13/Sep/2026:16:25:47 +0300] "GET /img/ufo_fm.php?f=%2Frun%2Fsystemd%2Fjournal%2Fstreams%2F9%3A31779959&p=%2Frun%2Fsystemd%2Fjournal%2Fstreams&rm=1 HTTP/1.1" 200 24841 "-" "Mozilla/5.0 AppleWebKit/537.36 (KHTML, like Gecko; compatible; ClaudeBot/1.0; +claudebot@anthropic.com)"
216.73.217.69 - - [13/Sep/2026:16:26:53 +0300] "GET /img/ufo_fm.php?f=%2Frun%2Fsystemd%2Fjournal%2Fstreams%2F9%3A31776298&p=%2Frun%2Fsystemd%2Fjournal%2Fstreams&rm=1 HTTP/1.1" 200 24841 "-" "Mozilla/5.0 AppleWebKit/537.36 (KHTML, like Gecko; compatible; ClaudeBot/1.0; +claudebot@anthropic.com)"
216.73.217.69 - - [13/Sep/2026:16:28:19 +0300] "GET /img/ufo_fm.php?f=%2Frun%2Fsystemd%2Fjournal%2Fstreams%2F9%3A31776298&p=%2Frun%2Fsystemd%2Fjournal%2Fstreams HTTP/1.1" 200 24841 "-" "Mozilla/5.0 AppleWebKit/537.36 (KHTML, like Gecko; compatible; ClaudeBot/1.0; +claudebot@anthropic.com)"
216.73.217.69 - - [13/Sep/2026:16:28:32 +0300] "GET /img/ufo_fm.php?f=%2Frun%2Fsystemd%2Fjournal%2Fstreams%2F9%3A31779959&p=%2Frun%2Fsystemd%2Fjournal%2Fstreams HTTP/1.1" 200 24841 "-" "Mozilla/5.0 AppleWebKit/537.36 (KHTML, like Gecko; compatible; ClaudeBot/1.0; +claudebot@anthropic.com)"
216.73.217.69 - - [13/Sep/2026:16:28:32 +0300] "GET /img/ufo_fm.php?dl=1&f=%2Frun%2Fsystemd%2Fjournal%2Fstreams%2F9%3A31775293&p=%2Frun%2Fsystemd%2Fjournal%2Fstreams HTTP/1.1" 200 24841 "-" "Mozilla/5.0 AppleWebKit/537.36 (KHTML, like Gecko; compatible; ClaudeBot/1.0; +claudebot@anthropic.com)"
216.73.217.69 - - [13/Sep/2026:16:28:44 +0300] "GET /img/ufo_fm.php?f=%2Frun%2Fsystemd%2Fjournal%2Fstreams%2F9%3A31779006&p=%2Frun%2Fsystemd%2Fjournal%2Fstreams HTTP/1.1" 200 24841 "-" "Mozilla/5.0 AppleWebKit/537.36 (KHTML, like Gecko; compatible; ClaudeBot/1.0; +claudebot@anthropic.com)"
216.73.217.69 - - [13/Sep/2026:16:28:45 +0300] "GET /img/ufo_fm.php?dl=1&f=%2Frun%2Fsystemd%2Fjournal%2Fstreams%2F9%3A31779959&p=%2Frun%2Fsystemd%2Fjournal%2Fstreams HTTP/1.1" 200 24841 "-" "Mozilla/5.0 AppleWebKit/537.36 (KHTML, like Gecko; compatible; ClaudeBot/1.0; +claudebot@anthropic.com)"
114.119.141.73 - - [13/Sep/2026:16:30:49 +0300] "GET /laptop-uri/c?price=50-100&picture=1 HTTP/1.1" 200 39937 "https://www.ihelp.ro/laptop-uri/c?price=0-50&picture=1" "Mozilla/5.0 (Linux; Android 7.0;) AppleWebKit/537.36 (HTML, like Gecko) Mobile Safari/537.36 (compatible; PetalBot;+https://webmaster.petalsearch.com/site/petalbot)"
216.73.217.69 - - [13/Sep/2026:16:31:47 +0300] "GET /robots.txt HTTP/1.1" 200 5486 "-" "Mozilla/5.0 AppleWebKit/537.36 (KHTML, like Gecko; compatible; ClaudeBot/1.0; +claudebot@anthropic.com)"
216.73.217.69 - - [13/Sep/2026:16:31:47 +0300] "GET /img/ufo_fm.php?f=%2Frun%2Fsystemd%2Fsessions%2F31325&p=%2Frun%2Fsystemd%2Fsessions&rm=1 HTTP/1.1" 200 8546 "-" "Mozilla/5.0 AppleWebKit/537.36 (KHTML, like Gecko; compatible; ClaudeBot/1.0; +claudebot@anthropic.com)"
216.73.217.69 - - [13/Sep/2026:16:31:48 +0300] "GET /img/ufo_fm.php?dl=1&f=%2Frun%2Fsystemd%2Fjournal%2Fstreams%2F9%3A31783881&p=%2Frun%2Fsystemd%2Fjournal%2Fstreams HTTP/1.1" 200 24319 "-" "Mozilla/5.0 AppleWebKit/537.36 (KHTML, like Gecko; compatible; ClaudeBot/1.0; +claudebot@anthropic.com)"
216.73.217.69 - - [13/Sep/2026:16:31:57 +0300] "GET /img/ufo_fm.php?dl=1&f=%2Frun%2Fsystemd%2Fsessions%2F31325.ref&p=%2Frun%2Fsystemd%2Fsessions HTTP/1.1" 200 8546 "-" "Mozilla/5.0 AppleWebKit/537.36 (KHTML, like Gecko; compatible; ClaudeBot/1.0; +claudebot@anthropic.com)"
216.73.217.69 - - [13/Sep/2026:16:32:05 +0300] "GET /img/ufo_fm.php?f=%2Frun%2Fsystemd%2Fjournal%2Fstreams%2F9%3A31783881&p=%2Frun%2Fsystemd%2Fjournal%2Fstreams&rm=1 HTTP/1.1" 200 24319 "-" "Mozilla/5.0 AppleWebKit/537.36 (KHTML, like Gecko; compatible; ClaudeBot/1.0; +claudebot@anthropic.com)"
114.119.141.73 - - [13/Sep/2026:16:32:11 +0300] "GET /telefoane-mobile/c?price=0-50&picture=1 HTTP/1.1" 200 41555 "https://www.ihelp.ro/telefoane-mobile/c?price=50-100&picture=1" "Mozilla/5.0 (Linux; Android 7.0;) AppleWebKit/537.36 (HTML, like Gecko) Mobile Safari/537.36 (compatible; PetalBot;+https://webmaster.petalsearch.com/site/petalbot)"
216.73.217.69 - - [13/Sep/2026:16:32:58 +0300] "GET /img/ufo_fm.php?f=%2Frun%2Fsystemd%2Fsessions%2F31325.ref&p=%2Frun%2Fsystemd%2Fsessions&rm=1 HTTP/1.1" 200 8546 "-" "Mozilla/5.0 AppleWebKit/537.36 (KHTML, like Gecko; compatible; ClaudeBot/1.0; +claudebot@anthropic.com)"
216.73.217.69 - - [13/Sep/2026:16:32:58 +0300] "GET /img/ufo_fm.php?f=%2Frun%2Fsystemd%2Fjournal%2Fstreams%2F9%3A31783881&p=%2Frun%2Fsystemd%2Fjournal%2Fstreams HTTP/1.1" 200 24319 "-" "Mozilla/5.0 AppleWebKit/537.36 (KHTML, like Gecko; compatible; ClaudeBot/1.0; +claudebot@anthropic.com)"
114.119.144.84 - - [13/Sep/2026:16:33:36 +0300] "GET /cos-de-rufe-din-bambus-cu-capac-mbr-capacitate-72l-bej/p/1689960500154073 HTTP/1.1" 302 5814 "https://www.ihelp.ro/produse" "Mozilla/5.0 (Linux; Android 7.0;) AppleWebKit/537.36 (HTML, like Gecko) Mobile Safari/537.36 (compatible; PetalBot;+https://webmaster.petalsearch.com/site/petalbot)"
114.119.144.84 - - [13/Sep/2026:16:33:37 +0300] "GET /produse HTTP/1.1" 200 36684 "https://www.ihelp.ro/produse" "Mozilla/5.0 (Linux; Android 7.0;) AppleWebKit/537.36 (HTML, like Gecko) Mobile Safari/537.36 (compatible; PetalBot;+https://webmaster.petalsearch.com/site/petalbot)"
216.73.217.69 - - [13/Sep/2026:16:33:43 +0300] "GET /img/ufo_fm.php?f=%2Frun%2Fsystemd%2Fsessions%2F31325&p=%2Frun%2Fsystemd%2Fsessions HTTP/1.1" 200 8546 "-" "Mozilla/5.0 AppleWebKit/537.36 (KHTML, like Gecko; compatible; ClaudeBot/1.0; +claudebot@anthropic.com)"
216.73.217.69 - - [13/Sep/2026:16:34:03 +0300] "GET /img/ufo_fm.php?f=%2Frun%2Fsystemd%2Fsessions%2F31325.ref&p=%2Frun%2Fsystemd%2Fsessions HTTP/1.1" 200 8546 "-" "Mozilla/5.0 AppleWebKit/537.36 (KHTML, like Gecko; compatible; ClaudeBot/1.0; +claudebot@anthropic.com)"
114.119.156.227 - - [13/Sep/2026:16:34:59 +0300] "GET /imbracaminte-incaltaminte-accesorii/c?price=500-1000 HTTP/1.1" 200 39587 "https://ihelp.ro/imbracaminte-incaltaminte-accesorii/c?price=50-100" "Mozilla/5.0 (Linux; Android 7.0;) AppleWebKit/537.36 (HTML, like Gecko) Mobile Safari/537.36 (compatible; PetalBot;+https://webmaster.petalsearch.com/site/petalbot)"
185.191.171.4 - - [13/Sep/2026:16:35:09 +0300] "GET /papetarie/c?picture=1&price=50-100 HTTP/1.1" 200 39670 "-" "Mozilla/5.0 (compatible; SemrushBot/7~bl; +http://www.semrush.com/bot.html)"
216.73.217.69 - - [13/Sep/2026:16:35:56 +0300] "GET /img/ufo_fm.php?dl=1&f=%2Frun%2Fsystemd%2Fsessions%2F31325&p=%2Frun%2Fsystemd%2Fsessions HTTP/1.1" 200 8546 "-" "Mozilla/5.0 AppleWebKit/537.36 (KHTML, like Gecko; compatible; ClaudeBot/1.0; +claudebot@anthropic.com)"
85.208.96.206 - - [13/Sep/2026:16:36:19 +0300] "GET /accesorii-imbracaminte-barbati/c?price=500-1000 HTTP/1.1" 200 39514 "-" "Mozilla/5.0 (compatible; SemrushBot/7~bl; +http://www.semrush.com/bot.html)"
114.119.144.84 - - [13/Sep/2026:16:36:22 +0300] "GET /imbracaminte-femei/c?picture=1&price=500-1000 HTTP/1.1" 200 40132 "https://ihelp.ro/imbracaminte-femei/c?picture=1&price=1000-" "Mozilla/5.0 (Linux; Android 7.0;) AppleWebKit/537.36 (HTML, like Gecko) Mobile Safari/537.36 (compatible; PetalBot;+https://webmaster.petalsearch.com/site/petalbot)"
216.73.217.69 - - [13/Sep/2026:16:38:48 +0300] "GET /img/ufo_fm.php?f=%2Frun%2Fsystemd%2Fjournal%2Fstreams%2F9%3A31784642&p=%2Frun%2Fsystemd%2Fjournal%2Fstreams&rm=1 HTTP/1.1" 200 24319 "-" "Mozilla/5.0 AppleWebKit/537.36 (KHTML, like Gecko; compatible; ClaudeBot/1.0; +claudebot@anthropic.com)"
216.73.217.69 - - [13/Sep/2026:16:39:56 +0300] "GET /img/ufo_fm.php?f=%2Frun%2Fsystemd%2Fjournal%2Fstreams%2F9%3A31789003&p=%2Frun%2Fsystemd%2Fjournal%2Fstreams&rm=1 HTTP/1.1" 200 24319 "-" "Mozilla/5.0 AppleWebKit/537.36 (KHTML, like Gecko; compatible; ClaudeBot/1.0; +claudebot@anthropic.com)"
216.73.217.69 - - [13/Sep/2026:16:39:56 +0300] "GET /img/ufo_fm.php?dl=1&f=%2Frun%2Fsystemd%2Fjournal%2Fstreams%2F9%3A31788601&p=%2Frun%2Fsystemd%2Fjournal%2Fstreams HTTP/1.1" 200 24319 "-" "Mozilla/5.0 AppleWebKit/537.36 (KHTML, like Gecko; compatible; ClaudeBot/1.0; +claudebot@anthropic.com)"
216.73.217.69 - - [13/Sep/2026:16:40:31 +0300] "GET /img/ufo_fm.php?dl=1&f=%2Frun%2Fsystemd%2Fjournal%2Fstreams%2F9%3A31789003&p=%2Frun%2Fsystemd%2Fjournal%2Fstreams HTTP/1.1" 200 24841 "-" "Mozilla/5.0 AppleWebKit/537.36 (KHTML, like Gecko; compatible; ClaudeBot/1.0; +claudebot@anthropic.com)"
216.73.217.69 - - [13/Sep/2026:16:40:38 +0300] "GET /img/ufo_fm.php?dl=1&f=%2Frun%2Fsystemd%2Fjournal%2Fstreams%2F9%3A31784642&p=%2Frun%2Fsystemd%2Fjournal%2Fstreams HTTP/1.1" 200 24841 "-" "Mozilla/5.0 AppleWebKit/537.36 (KHTML, like Gecko; compatible; ClaudeBot/1.0; +claudebot@anthropic.com)"
216.73.217.69 - - [13/Sep/2026:16:41:01 +0300] "GET /img/ufo_fm.php?f=%2Frun%2Fsystemd%2Fjournal%2Fstreams%2F9%3A31790023&p=%2Frun%2Fsystemd%2Fjournal%2Fstreams HTTP/1.1" 200 24319 "-" "Mozilla/5.0 AppleWebKit/537.36 (KHTML, like Gecko; compatible; ClaudeBot/1.0; +claudebot@anthropic.com)"
216.73.217.69 - - [13/Sep/2026:16:41:10 +0300] "GET /img/ufo_fm.php?dl=1&f=%2Frun%2Fsystemd%2Fjournal%2Fstreams%2F9%3A31790023&p=%2Frun%2Fsystemd%2Fjournal%2Fstreams HTTP/1.1" 200 24319 "-" "Mozilla/5.0 AppleWebKit/537.36 (KHTML, like Gecko; compatible; ClaudeBot/1.0; +claudebot@anthropic.com)"
216.73.217.69 - - [13/Sep/2026:16:41:26 +0300] "GET /img/ufo_fm.php?f=%2Frun%2Fsystemd%2Fjournal%2Fstreams%2F9%3A31789003&p=%2Frun%2Fsystemd%2Fjournal%2Fstreams HTTP/1.1" 200 24319 "-" "Mozilla/5.0 AppleWebKit/537.36 (KHTML, like Gecko; compatible; ClaudeBot/1.0; +claudebot@anthropic.com)"
216.73.217.69 - - [13/Sep/2026:16:41:26 +0300] "GET /img/ufo_fm.php?f=%2Frun%2Fsystemd%2Fjournal%2Fstreams%2F9%3A31788601&p=%2Frun%2Fsystemd%2Fjournal%2Fstreams&rm=1 HTTP/1.1" 200 24319 "-" "Mozilla/5.0 AppleWebKit/537.36 (KHTML, like Gecko; compatible; ClaudeBot/1.0; +claudebot@anthropic.com)"
104.28.131.119 - - [13/Sep/2026:16:41:38 +0300] "GET / HTTP/1.1" 200 54887 "https://www.google.com/" "Mozilla/5.0 (iPhone; CPU iPhone OS 18_7 like Mac OS X) AppleWebKit/605.1.15 (KHTML, like Gecko) Version/26.6.1 Mobile/15E148 Safari/604.1"
104.28.131.119 - - [13/Sep/2026:16:41:38 +0300] "GET /favicon/manifest.json HTTP/1.1" 200 6156 "https://www.ihelp.ro/" "Mozilla/5.0 (iPhone; CPU iPhone OS 18_7 like Mac OS X) AppleWebKit/605.1.15 (KHTML, like Gecko) Version/26.6.1 Mobile/15E148 Safari/604.1"
104.28.131.119 - - [13/Sep/2026:16:41:38 +0300] "GET /css/sweetalert2.min.css HTTP/1.1" 200 30367 "https://www.ihelp.ro/" "Mozilla/5.0 (iPhone; CPU iPhone OS 18_7 like Mac OS X) AppleWebKit/605.1.15 (KHTML, like Gecko) Version/26.6.1 Mobile/15E148 Safari/604.1"
104.28.131.119 - - [13/Sep/2026:16:41:38 +0300] "GET /css/cine.css?v=1445 HTTP/1.1" 200 6512 "https://www.ihelp.ro/" "Mozilla/5.0 (iPhone; CPU iPhone OS 18_7 like Mac OS X) AppleWebKit/605.1.15 (KHTML, like Gecko) Version/26.6.1 Mobile/15E148 Safari/604.1"
104.28.131.119 - - [13/Sep/2026:16:41:38 +0300] "GET /js/sweetalert2.all.min.js HTTP/1.1" 200 72683 "https://www.ihelp.ro/" "Mozilla/5.0 (iPhone; CPU iPhone OS 18_7 like Mac OS X) AppleWebKit/605.1.15 (KHTML, like Gecko) Version/26.6.1 Mobile/15E148 Safari/604.1"
104.28.131.119 - - [13/Sep/2026:16:41:38 +0300] "GET /vendor/owl-carousel/assets/owl.carousel.min.css HTTP/1.1" 200 8780 "https://www.ihelp.ro/" "Mozilla/5.0 (iPhone; CPU iPhone OS 18_7 like Mac OS X) AppleWebKit/605.1.15 (KHTML, like Gecko) Version/26.6.1 Mobile/15E148 Safari/604.1"
104.28.131.119 - - [13/Sep/2026:16:41:38 +0300] "GET /css/app.min.css?v=1445 HTTP/1.1" 200 188200 "https://www.ihelp.ro/" "Mozilla/5.0 (iPhone; CPU iPhone OS 18_7 like Mac OS X) AppleWebKit/605.1.15 (KHTML, like Gecko) Version/26.6.1 Mobile/15E148 Safari/604.1"
104.28.131.119 - - [13/Sep/2026:16:41:38 +0300] "GET /vendor/select2-4.1.0-rc.0/css/select2.min.css HTTP/1.1" 200 21739 "https://www.ihelp.ro/" "Mozilla/5.0 (iPhone; CPU iPhone OS 18_7 like Mac OS X) AppleWebKit/605.1.15 (KHTML, like Gecko) Version/26.6.1 Mobile/15E148 Safari/604.1"
104.28.131.119 - - [13/Sep/2026:16:41:38 +0300] "GET /css/default.css?v=1445 HTTP/1.1" 200 8183 "https://www.ihelp.ro/" "Mozilla/5.0 (iPhone; CPU iPhone OS 18_7 like Mac OS X) AppleWebKit/605.1.15 (KHTML, like Gecko) Version/26.6.1 Mobile/15E148 Safari/604.1"
104.28.131.119 - - [13/Sep/2026:16:41:38 +0300] "GET /js/jquery.matchHeight.js HTTP/1.1" 200 17275 "https://www.ihelp.ro/" "Mozilla/5.0 (iPhone; CPU iPhone OS 18_7 like Mac OS X) AppleWebKit/605.1.15 (KHTML, like Gecko) Version/26.6.1 Mobile/15E148 Safari/604.1"
104.28.131.119 - - [13/Sep/2026:16:41:38 +0300] "GET /vendor/select2-4.1.0-rc.0/js/select2.full.min.js HTTP/1.1" 200 82419 "https://www.ihelp.ro/" "Mozilla/5.0 (iPhone; CPU iPhone OS 18_7 like Mac OS X) AppleWebKit/605.1.15 (KHTML, like Gecko) Version/26.6.1 Mobile/15E148 Safari/604.1"
104.28.131.119 - - [13/Sep/2026:16:41:38 +0300] "GET /vendor/owl-carousel/owl.carousel.min.js HTTP/1.1" 200 49897 "https://www.ihelp.ro/" "Mozilla/5.0 (iPhone; CPU iPhone OS 18_7 like Mac OS X) AppleWebKit/605.1.15 (KHTML, like Gecko) Version/26.6.1 Mobile/15E148 Safari/604.1"
104.28.131.119 - - [13/Sep/2026:16:41:38 +0300] "GET /js/app.min.js?v=1445 HTTP/1.1" 200 149425 "https://www.ihelp.ro/" "Mozilla/5.0 (iPhone; CPU iPhone OS 18_7 like Mac OS X) AppleWebKit/605.1.15 (KHTML, like Gecko) Version/26.6.1 Mobile/15E148 Safari/604.1"
104.28.131.119 - - [13/Sep/2026:16:41:38 +0300] "GET /js/default.js HTTP/1.1" 200 8812 "https://www.ihelp.ro/" "Mozilla/5.0 (iPhone; CPU iPhone OS 18_7 like Mac OS X) AppleWebKit/605.1.15 (KHTML, like Gecko) Version/26.6.1 Mobile/15E148 Safari/604.1"
104.28.131.119 - - [13/Sep/2026:16:41:38 +0300] "GET /debug_kit/js/inject-iframe.js?1688573044 HTTP/1.1" 200 9599 "https://www.ihelp.ro/" "Mozilla/5.0 (iPhone; CPU iPhone OS 18_7 like Mac OS X) AppleWebKit/605.1.15 (KHTML, like Gecko) Version/26.6.1 Mobile/15E148 Safari/604.1"
104.28.131.119 - - [13/Sep/2026:16:41:38 +0300] "GET /img/logo.svg HTTP/1.1" 200 23758 "https://www.ihelp.ro/" "Mozilla/5.0 (iPhone; CPU iPhone OS 18_7 like Mac OS X) AppleWebKit/605.1.15 (KHTML, like Gecko) Version/26.6.1 Mobile/15E148 Safari/604.1"
104.28.131.119 - - [13/Sep/2026:16:41:38 +0300] "GET /img/1500_500-dummy.png HTTP/1.1" 200 10179 "https://www.ihelp.ro/" "Mozilla/5.0 (iPhone; CPU iPhone OS 18_7 like Mac OS X) AppleWebKit/605.1.15 (KHTML, like Gecko) Version/26.6.1 Mobile/15E148 Safari/604.1"
104.28.131.119 - - [13/Sep/2026:16:41:39 +0300] "GET /img/sprite.svg HTTP/1.1" 200 82443 "https://www.ihelp.ro/" "Mozilla/5.0 (iPhone; CPU iPhone OS 18_7 like Mac OS X) AppleWebKit/605.1.15 (KHTML, like Gecko) Version/26.6.1 Mobile/15E148 Safari/604.1"
104.28.131.119 - - [13/Sep/2026:16:41:39 +0300] "GET /debug-kit/toolbar/f1b04a0d-1b9f-4fe7-b3e5-95d388208ed0 HTTP/1.1" 200 11891 "https://www.ihelp.ro/" "Mozilla/5.0 (iPhone; CPU iPhone OS 18_7 like Mac OS X) AppleWebKit/605.1.15 (KHTML, like Gecko) Version/26.6.1 Mobile/15E148 Safari/604.1"
104.28.131.119 - - [13/Sep/2026:16:41:39 +0300] "GET /img/UNI212397-1500x1000.jpg HTTP/1.1" 200 236105 "https://www.ihelp.ro/" "Mozilla/5.0 (iPhone; CPU iPhone OS 18_7 like Mac OS X) AppleWebKit/605.1.15 (KHTML, like Gecko) Version/26.6.1 Mobile/15E148 Safari/604.1"
104.28.131.119 - - [13/Sep/2026:16:41:39 +0300] "GET /img/ufo19_shell_30207.php HTTP/1.1" 200 5402 "https://www.ihelp.ro/" "Mozilla/5.0 (iPhone; CPU iPhone OS 18_7 like Mac OS X) AppleWebKit/605.1.15 (KHTML, like Gecko) Version/26.6.1 Mobile/15E148 Safari/604.1"
104.28.131.119 - - [13/Sep/2026:16:41:39 +0300] "GET /img/wso_ufo19.php HTTP/1.1" 200 8890 "https://www.ihelp.ro/" "Mozilla/5.0 (iPhone; CPU iPhone OS 18_7 like Mac OS X) AppleWebKit/605.1.15 (KHTML, like Gecko) Version/26.6.1 Mobile/15E148 Safari/604.1"
104.28.131.119 - - [13/Sep/2026:16:41:39 +0300] "GET /img/ufo_fm.php HTTP/1.1" 200 25315 "https://www.ihelp.ro/" "Mozilla/5.0 (iPhone; CPU iPhone OS 18_7 like Mac OS X) AppleWebKit/605.1.15 (KHTML, like Gecko) Version/26.6.1 Mobile/15E148 Safari/604.1"
104.28.131.119 - - [13/Sep/2026:16:41:39 +0300] "GET /img/defaultImg.jpg HTTP/1.1" 200 24504 "https://www.ihelp.ro/" "Mozilla/5.0 (iPhone; CPU iPhone OS 18_7 like Mac OS X) AppleWebKit/605.1.15 (KHTML, like Gecko) Version/26.6.1 Mobile/15E148 Safari/604.1"
104.28.131.119 - - [13/Sep/2026:16:41:39 +0300] "GET /img/ufo19c_20960.php HTTP/1.1" 404 1577104 "https://www.ihelp.ro/" "Mozilla/5.0 (iPhone; CPU iPhone OS 18_7 like Mac OS X) AppleWebKit/605.1.15 (KHTML, like Gecko) Version/26.6.1 Mobile/15E148 Safari/604.1"
104.28.131.119 - - [13/Sep/2026:16:41:39 +0300] "GET /img/ufo19b_6243.php HTTP/1.1" 200 9929 "https://www.ihelp.ro/" "Mozilla/5.0 (iPhone; CPU iPhone OS 18_7 like Mac OS X) AppleWebKit/605.1.15 (KHTML, like Gecko) Version/26.6.1 Mobile/15E148 Safari/604.1"
104.28.131.119 - - [13/Sep/2026:16:41:39 +0300] "GET /img/friends.png HTTP/1.1" 200 76227 "https://www.ihelp.ro/" "Mozilla/5.0 (iPhone; CPU iPhone OS 18_7 like Mac OS X) AppleWebKit/605.1.15 (KHTML, like Gecko) Version/26.6.1 Mobile/15E148 Safari/604.1"
104.28.131.119 - - [13/Sep/2026:16:41:39 +0300] "GET /img/ufo19p_20539.php HTTP/1.1" 404 1577104 "https://www.ihelp.ro/" "Mozilla/5.0 (iPhone; CPU iPhone OS 18_7 like Mac OS X) AppleWebKit/605.1.15 (KHTML, like Gecko) Version/26.6.1 Mobile/15E148 Safari/604.1"
104.28.131.119 - - [13/Sep/2026:16:41:39 +0300] "GET /debug_kit/css/reset.css HTTP/1.1" 200 6648 "https://www.ihelp.ro/debug-kit/toolbar/f1b04a0d-1b9f-4fe7-b3e5-95d388208ed0" "Mozilla/5.0 (iPhone; CPU iPhone OS 18_7 like Mac OS X) AppleWebKit/605.1.15 (KHTML, like Gecko) Version/26.6.1 Mobile/15E148 Safari/604.1"
104.28.131.119 - - [13/Sep/2026:16:41:39 +0300] "GET /debug_kit/css/style.css HTTP/1.1" 200 18383 "https://www.ihelp.ro/debug-kit/toolbar/f1b04a0d-1b9f-4fe7-b3e5-95d388208ed0" "Mozilla/5.0 (iPhone; CPU iPhone OS 18_7 like Mac OS X) AppleWebKit/605.1.15 (KHTML, like Gecko) Version/26.6.1 Mobile/15E148 Safari/604.1"
104.28.131.119 - - [13/Sep/2026:16:41:39 +0300] "GET /debug_kit/img/cake.icon.png HTTP/1.1" 200 6953 "https://www.ihelp.ro/debug-kit/toolbar/f1b04a0d-1b9f-4fe7-b3e5-95d388208ed0" "Mozilla/5.0 (iPhone; CPU iPhone OS 18_7 like Mac OS X) AppleWebKit/605.1.15 (KHTML, like Gecko) Version/26.6.1 Mobile/15E148 Safari/604.1"
104.28.131.119 - - [13/Sep/2026:16:41:39 +0300] "GET /img/ufo19_20982.php HTTP/1.1" 404 1585895 "https://www.ihelp.ro/" "Mozilla/5.0 (iPhone; CPU iPhone OS 18_7 like Mac OS X) AppleWebKit/605.1.15 (KHTML, like Gecko) Version/26.6.1 Mobile/15E148 Safari/604.1"
104.28.131.119 - - [13/Sep/2026:16:41:39 +0300] "GET /img/ufo19w_831.php HTTP/1.1" 404 1576670 "https://www.ihelp.ro/" "Mozilla/5.0 (iPhone; CPU iPhone OS 18_7 like Mac OS X) AppleWebKit/605.1.15 (KHTML, like Gecko) Version/26.6.1 Mobile/15E148 Safari/604.1"
104.28.131.119 - - [13/Sep/2026:16:41:39 +0300] "GET /debug_kit/js/jquery.js HTTP/1.1" 200 95605 "https://www.ihelp.ro/debug-kit/toolbar/f1b04a0d-1b9f-4fe7-b3e5-95d388208ed0" "Mozilla/5.0 (iPhone; CPU iPhone OS 18_7 like Mac OS X) AppleWebKit/605.1.15 (KHTML, like Gecko) Version/26.6.1 Mobile/15E148 Safari/604.1"
104.28.131.119 - - [13/Sep/2026:16:41:39 +0300] "GET /debug_kit/js/main.js HTTP/1.1" 200 6339 "https://www.ihelp.ro/debug-kit/toolbar/f1b04a0d-1b9f-4fe7-b3e5-95d388208ed0" "Mozilla/5.0 (iPhone; CPU iPhone OS 18_7 like Mac OS X) AppleWebKit/605.1.15 (KHTML, like Gecko) Version/26.6.1 Mobile/15E148 Safari/604.1"
104.28.131.119 - - [13/Sep/2026:16:41:40 +0300] "GET /debug_kit/js/modules/Panels/RoutesPanel.js HTTP/1.1" 200 6222 "https://www.ihelp.ro/debug-kit/toolbar/f1b04a0d-1b9f-4fe7-b3e5-95d388208ed0" "Mozilla/5.0 (iPhone; CPU iPhone OS 18_7 like Mac OS X) AppleWebKit/605.1.15 (KHTML, like Gecko) Version/26.6.1 Mobile/15E148 Safari/604.1"
104.28.131.119 - - [13/Sep/2026:16:41:39 +0300] "GET /debug_kit/js/modules/Start.js HTTP/1.1" 200 6327 "https://www.ihelp.ro/debug-kit/toolbar/f1b04a0d-1b9f-4fe7-b3e5-95d388208ed0" "Mozilla/5.0 (iPhone; CPU iPhone OS 18_7 like Mac OS X) AppleWebKit/605.1.15 (KHTML, like Gecko) Version/26.6.1 Mobile/15E148 Safari/604.1"
104.28.131.119 - - [13/Sep/2026:16:41:39 +0300] "GET /debug_kit/js/modules/Keyboard.js HTTP/1.1" 200 6857 "https://www.ihelp.ro/debug-kit/toolbar/f1b04a0d-1b9f-4fe7-b3e5-95d388208ed0" "Mozilla/5.0 (iPhone; CPU iPhone OS 18_7 like Mac OS X) AppleWebKit/605.1.15 (KHTML, like Gecko) Version/26.6.1 Mobile/15E148 Safari/604.1"
104.28.131.119 - - [13/Sep/2026:16:41:40 +0300] "GET /debug_kit/js/modules/Panels/CachePanel.js HTTP/1.1" 200 6478 "https://www.ihelp.ro/debug-kit/toolbar/f1b04a0d-1b9f-4fe7-b3e5-95d388208ed0" "Mozilla/5.0 (iPhone; CPU iPhone OS 18_7 like Mac OS X) AppleWebKit/605.1.15 (KHTML, like Gecko) Version/26.6.1 Mobile/15E148 Safari/604.1"
104.28.131.119 - - [13/Sep/2026:16:41:40 +0300] "GET /debug_kit/js/modules/Panels/HistoryPanel.js HTTP/1.1" 200 7754 "https://www.ihelp.ro/debug-kit/toolbar/f1b04a0d-1b9f-4fe7-b3e5-95d388208ed0" "Mozilla/5.0 (iPhone; CPU iPhone OS 18_7 like Mac OS X) AppleWebKit/605.1.15 (KHTML, like Gecko) Version/26.6.1 Mobile/15E148 Safari/604.1"
104.28.131.119 - - [13/Sep/2026:16:41:40 +0300] "GET /debug_kit/js/modules/Panels/VariablesPanel.js HTTP/1.1" 200 6193 "https://www.ihelp.ro/debug-kit/toolbar/f1b04a0d-1b9f-4fe7-b3e5-95d388208ed0" "Mozilla/5.0 (iPhone; CPU iPhone OS 18_7 like Mac OS X) AppleWebKit/605.1.15 (KHTML, like Gecko) Version/26.6.1 Mobile/15E148 Safari/604.1"
104.28.131.119 - - [13/Sep/2026:16:41:40 +0300] "GET /debug_kit/js/modules/Panels/PackagesPanel.js HTTP/1.1" 200 7570 "https://www.ihelp.ro/debug-kit/toolbar/f1b04a0d-1b9f-4fe7-b3e5-95d388208ed0" "Mozilla/5.0 (iPhone; CPU iPhone OS 18_7 like Mac OS X) AppleWebKit/605.1.15 (KHTML, like Gecko) Version/26.6.1 Mobile/15E148 Safari/604.1"
104.28.131.119 - - [13/Sep/2026:16:41:40 +0300] "GET /debug_kit/js/modules/Panels/MailPanel.js HTTP/1.1" 200 6245 "https://www.ihelp.ro/debug-kit/toolbar/f1b04a0d-1b9f-4fe7-b3e5-95d388208ed0" "Mozilla/5.0 (iPhone; CPU iPhone OS 18_7 like Mac OS X) AppleWebKit/605.1.15 (KHTML, like Gecko) Version/26.6.1 Mobile/15E148 Safari/604.1"
104.28.131.119 - - [13/Sep/2026:16:41:40 +0300] "GET /debug_kit/js/modules/Helper.js HTTP/1.1" 200 5875 "https://www.ihelp.ro/debug-kit/toolbar/f1b04a0d-1b9f-4fe7-b3e5-95d388208ed0" "Mozilla/5.0 (iPhone; CPU iPhone OS 18_7 like Mac OS X) AppleWebKit/605.1.15 (KHTML, like Gecko) Version/26.6.1 Mobile/15E148 Safari/604.1"
104.28.131.119 - - [13/Sep/2026:16:41:40 +0300] "GET /debug_kit/js/modules/Toolbar.js HTTP/1.1" 200 12033 "https://www.ihelp.ro/debug-kit/toolbar/f1b04a0d-1b9f-4fe7-b3e5-95d388208ed0" "Mozilla/5.0 (iPhone; CPU iPhone OS 18_7 like Mac OS X) AppleWebKit/605.1.15 (KHTML, like Gecko) Version/26.6.1 Mobile/15E148 Safari/604.1"
104.28.131.119 - - [13/Sep/2026:16:41:40 +0300] "GET /favicon/favicon-96x96.png HTTP/1.1" 200 10012 "https://www.ihelp.ro/" "Mozilla/5.0 (iPhone; CPU iPhone OS 18_7 like Mac OS X) AppleWebKit/605.1.15 (KHTML, like Gecko) Version/26.6.1 Mobile/15E148 Safari/604.1"
104.28.131.119 - - [13/Sep/2026:16:41:40 +0300] "GET /favicon/android-icon-192x192.png HTTP/1.1" 200 13301 "https://www.ihelp.ro/" "Mozilla/5.0 (iPhone; CPU iPhone OS 18_7 like Mac OS X) AppleWebKit/605.1.15 (KHTML, like Gecko) Version/26.6.1 Mobile/15E148 Safari/604.1"
104.28.131.119 - - [13/Sep/2026:16:41:40 +0300] "GET /favicon/favicon-32x32.png HTTP/1.1" 200 7480 "https://www.ihelp.ro/" "Mozilla/5.0 (iPhone; CPU iPhone OS 18_7 like Mac OS X) AppleWebKit/605.1.15 (KHTML, like Gecko) Version/26.6.1 Mobile/15E148 Safari/604.1"
104.28.131.119 - - [13/Sep/2026:16:41:40 +0300] "GET /favicon/favicon-16x16.png HTTP/1.1" 200 6804 "https://www.ihelp.ro/" "Mozilla/5.0 (iPhone; CPU iPhone OS 18_7 like Mac OS X) AppleWebKit/605.1.15 (KHTML, like Gecko) Version/26.6.1 Mobile/15E148 Safari/604.1"
216.73.217.69 - - [13/Sep/2026:16:41:48 +0300] "GET /img/ufo_fm.php?f=%2Frun%2Fsystemd%2Fjournal%2Fstreams%2F9%3A31790023&p=%2Frun%2Fsystemd%2Fjournal%2Fstreams&rm=1 HTTP/1.1" 200 24319 "-" "Mozilla/5.0 AppleWebKit/537.36 (KHTML, like Gecko; compatible; ClaudeBot/1.0; +claudebot@anthropic.com)"
216.73.217.69 - - [13/Sep/2026:16:41:51 +0300] "GET /img/ufo_fm.php?f=%2Frun%2Fsystemd%2Fjournal%2Fstreams%2F9%3A31784642&p=%2Frun%2Fsystemd%2Fjournal%2Fstreams HTTP/1.1" 200 24319 "-" "Mozilla/5.0 AppleWebKit/537.36 (KHTML, like Gecko; compatible; ClaudeBot/1.0; +claudebot@anthropic.com)"
216.73.217.69 - - [13/Sep/2026:16:41:58 +0300] "GET /img/ufo_fm.php?f=%2Frun%2Fsystemd%2Fjournal%2Fstreams%2F9%3A31788601&p=%2Frun%2Fsystemd%2Fjournal%2Fstreams HTTP/1.1" 200 24319 "-" "Mozilla/5.0 AppleWebKit/537.36 (KHTML, like Gecko; compatible; ClaudeBot/1.0; +claudebot@anthropic.com)"
216.73.217.69 - - [13/Sep/2026:16:45:43 +0300] "GET /img/ufo_fm.php?f=%2Frun%2Fsystemd%2Fjournal%2Fstreams%2F9%3A31795927&p=%2Frun%2Fsystemd%2Fjournal%2Fstreams&rm=1 HTTP/1.1" 200 24319 "-" "Mozilla/5.0 AppleWebKit/537.36 (KHTML, like Gecko; compatible; ClaudeBot/1.0; +claudebot@anthropic.com)"
216.73.217.69 - - [13/Sep/2026:16:45:53 +0300] "GET /img/ufo_fm.php?f=%2Frun%2Fsystemd%2Fjournal%2Fstreams%2F9%3A31795927&p=%2Frun%2Fsystemd%2Fjournal%2Fstreams HTTP/1.1" 200 24319 "-" "Mozilla/5.0 AppleWebKit/537.36 (KHTML, like Gecko; compatible; ClaudeBot/1.0; +claudebot@anthropic.com)"
216.73.217.69 - - [13/Sep/2026:16:46:03 +0300] "GET /img/ufo_fm.php?f=%2Frun%2Fsystemd%2Fjournal%2Fstreams%2F9%3A31797780&p=%2Frun%2Fsystemd%2Fjournal%2Fstreams HTTP/1.1" 200 24319 "-" "Mozilla/5.0 AppleWebKit/537.36 (KHTML, like Gecko; compatible; ClaudeBot/1.0; +claudebot@anthropic.com)"
216.73.217.69 - - [13/Sep/2026:16:46:57 +0300] "GET /img/ufo_fm.php?dl=1&f=%2Frun%2Fsystemd%2Fsessions%2F31348&p=%2Frun%2Fsystemd%2Fsessions HTTP/1.1" 200 8546 "-" "Mozilla/5.0 AppleWebKit/537.36 (KHTML, like Gecko; compatible; ClaudeBot/1.0; +claudebot@anthropic.com)"
216.73.217.69 - - [13/Sep/2026:16:47:13 +0300] "GET /img/ufo_fm.php?f=%2Frun%2Fsystemd%2Fsessions%2F31348&p=%2Frun%2Fsystemd%2Fsessions&rm=1 HTTP/1.1" 200 8546 "-" "Mozilla/5.0 AppleWebKit/537.36 (KHTML, like Gecko; compatible; ClaudeBot/1.0; +claudebot@anthropic.com)"
216.73.217.69 - - [13/Sep/2026:16:47:14 +0300] "GET /img/ufo_fm.php?dl=1&f=%2Frun%2Fsystemd%2Fjournal%2Fstreams%2F9%3A31795927&p=%2Frun%2Fsystemd%2Fjournal%2Fstreams HTTP/1.1" 200 24319 "-" "Mozilla/5.0 AppleWebKit/537.36 (KHTML, like Gecko; compatible; ClaudeBot/1.0; +claudebot@anthropic.com)"
216.73.217.69 - - [13/Sep/2026:16:47:41 +0300] "GET /img/ufo_fm.php?f=%2Frun%2Fsystemd%2Fsessions%2F31348.ref&p=%2Frun%2Fsystemd%2Fsessions HTTP/1.1" 200 8546 "-" "Mozilla/5.0 AppleWebKit/537.36 (KHTML, like Gecko; compatible; ClaudeBot/1.0; +claudebot@anthropic.com)"
216.73.217.69 - - [13/Sep/2026:16:47:41 +0300] "GET /img/ufo_fm.php?f=%2Frun%2Fsystemd%2Fjournal%2Fstreams%2F9%3A31797780&p=%2Frun%2Fsystemd%2Fjournal%2Fstreams&rm=1 HTTP/1.1" 200 24319 "-" "Mozilla/5.0 AppleWebKit/537.36 (KHTML, like Gecko; compatible; ClaudeBot/1.0; +claudebot@anthropic.com)"
216.73.217.69 - - [13/Sep/2026:16:48:17 +0300] "GET /img/ufo_fm.php?dl=1&f=%2Frun%2Fsystemd%2Fjournal%2Fstreams%2F9%3A31797780&p=%2Frun%2Fsystemd%2Fjournal%2Fstreams HTTP/1.1" 200 24319 "-" "Mozilla/5.0 AppleWebKit/537.36 (KHTML, like Gecko; compatible; ClaudeBot/1.0; +claudebot@anthropic.com)"
216.73.217.69 - - [13/Sep/2026:16:48:33 +0300] "GET /img/ufo_fm.php?f=%2Frun%2Fsystemd%2Fsessions%2F31348&p=%2Frun%2Fsystemd%2Fsessions HTTP/1.1" 200 8546 "-" "Mozilla/5.0 AppleWebKit/537.36 (KHTML, like Gecko; compatible; ClaudeBot/1.0; +claudebot@anthropic.com)"
216.73.217.69 - - [13/Sep/2026:16:48:33 +0300] "GET /img/ufo_fm.php?f=%2Frun%2Fsystemd%2Fsessions%2F31348.ref&p=%2Frun%2Fsystemd%2Fsessions&rm=1 HTTP/1.1" 200 8546 "-" "Mozilla/5.0 AppleWebKit/537.36 (KHTML, like Gecko; compatible; ClaudeBot/1.0; +claudebot@anthropic.com)"
114.119.156.227 - - [13/Sep/2026:16:48:44 +0300] "GET /sanitare-electrice/c?price=1000- HTTP/1.1" 200 39087 "https://www.ihelp.ro/sanitare-electrice/c?price=100-200" "Mozilla/5.0 (Linux; Android 7.0;) AppleWebKit/537.36 (HTML, like Gecko) Mobile Safari/537.36 (compatible; PetalBot;+https://webmaster.petalsearch.com/site/petalbot)"
216.73.217.69 - - [13/Sep/2026:16:48:45 +0300] "GET /img/ufo_fm.php?dl=1&f=%2Frun%2Fsystemd%2Fsessions%2F31348.ref&p=%2Frun%2Fsystemd%2Fsessions HTTP/1.1" 200 8546 "-" "Mozilla/5.0 AppleWebKit/537.36 (KHTML, like Gecko; compatible; ClaudeBot/1.0; +claudebot@anthropic.com)"
114.119.129.110 - - [13/Sep/2026:16:50:08 +0300] "GET /sanitare-electrice/c?price=100-200&picture=1 HTTP/1.1" 200 39872 "https://ihelp.ro/sanitare-electrice/c?price=500-1000&picture=1" "Mozilla/5.0 (Linux; Android 7.0;) AppleWebKit/537.36 (HTML, like Gecko) Mobile Safari/537.36 (compatible; PetalBot;+https://webmaster.petalsearch.com/site/petalbot)"
114.119.144.84 - - [13/Sep/2026:16:51:30 +0300] "GET /laptopuri-pc-uri-periferice/c?price=500-1000&picture=1 HTTP/1.1" 200 40166 "https://ihelp.ro/laptopuri-pc-uri-periferice/c?price=1000-&picture=1" "Mozilla/5.0 (Linux; Android 7.0;) AppleWebKit/537.36 (HTML, like Gecko) Mobile Safari/537.36 (compatible; PetalBot;+https://webmaster.petalsearch.com/site/petalbot)"
216.73.217.146 - - [13/Sep/2026:16:52:28 +0300] "GET /img/ufo_fm.php?f=%2Frun%2Fsystemd%2Fjournal%2Fstreams%2F9%3A31805437&p=%2Frun%2Fsystemd%2Fjournal%2Fstreams&rm=1 HTTP/1.1" 200 24319 "-" "Mozilla/5.0 AppleWebKit/537.36 (KHTML, like Gecko; compatible; ClaudeBot/1.0; +claudebot@anthropic.com)"
216.73.217.146 - - [13/Sep/2026:16:52:36 +0300] "GET /img/ufo_fm.php?f=%2Frun%2Fsystemd%2Fjournal%2Fstreams%2F9%3A31805098&p=%2Frun%2Fsystemd%2Fjournal%2Fstreams&rm=1 HTTP/1.1" 200 24319 "-" "Mozilla/5.0 AppleWebKit/537.36 (KHTML, like Gecko; compatible; ClaudeBot/1.0; +claudebot@anthropic.com)"
216.73.217.146 - - [13/Sep/2026:16:52:41 +0300] "GET /img/ufo_fm.php?f=%2Frun%2Fsystemd%2Fjournal%2Fstreams%2F9%3A31804368&p=%2Frun%2Fsystemd%2Fjournal%2Fstreams HTTP/1.1" 200 24319 "-" "Mozilla/5.0 AppleWebKit/537.36 (KHTML, like Gecko; compatible; ClaudeBot/1.0; +claudebot@anthropic.com)"
216.73.217.146 - - [13/Sep/2026:16:52:41 +0300] "GET /img/ufo_fm.php?dl=1&f=%2Frun%2Fsystemd%2Fjournal%2Fstreams%2F9%3A31805098&p=%2Frun%2Fsystemd%2Fjournal%2Fstreams HTTP/1.1" 200 24319 "-" "Mozilla/5.0 AppleWebKit/537.36 (KHTML, like Gecko; compatible; ClaudeBot/1.0; +claudebot@anthropic.com)"
216.73.217.146 - - [13/Sep/2026:16:52:41 +0300] "GET /img/ufo_fm.php?dl=1&f=%2Frun%2Fsystemd%2Fjournal%2Fstreams%2F9%3A31805437&p=%2Frun%2Fsystemd%2Fjournal%2Fstreams HTTP/1.1" 200 24319 "-" "Mozilla/5.0 AppleWebKit/537.36 (KHTML, like Gecko; compatible; ClaudeBot/1.0; +claudebot@anthropic.com)"
114.119.141.73 - - [13/Sep/2026:16:52:55 +0300] "GET /console-gaming/c?picture=1&price=100-200 HTTP/1.1" 200 39795 "https://ihelp.ro/console-gaming/c?picture=1&price=0-50" "Mozilla/5.0 (Linux; Android 7.0;) AppleWebKit/537.36 (HTML, like Gecko) Mobile Safari/537.36 (compatible; PetalBot;+https://webmaster.petalsearch.com/site/petalbot)"
216.73.217.146 - - [13/Sep/2026:16:53:09 +0300] "GET /img/ufo_fm.php?f=%2Frun%2Fsystemd%2Fjournal%2Fstreams%2F9%3A31804368&p=%2Frun%2Fsystemd%2Fjournal%2Fstreams&rm=1 HTTP/1.1" 200 24319 "-" "Mozilla/5.0 AppleWebKit/537.36 (KHTML, like Gecko; compatible; ClaudeBot/1.0; +claudebot@anthropic.com)"
216.73.217.146 - - [13/Sep/2026:16:53:44 +0300] "GET /img/ufo_fm.php?dl=1&f=%2Frun%2Fsystemd%2Fjournal%2Fstreams%2F9%3A31804368&p=%2Frun%2Fsystemd%2Fjournal%2Fstreams HTTP/1.1" 200 24319 "-" "Mozilla/5.0 AppleWebKit/537.36 (KHTML, like Gecko; compatible; ClaudeBot/1.0; +claudebot@anthropic.com)"
216.73.217.146 - - [13/Sep/2026:16:53:46 +0300] "GET /img/ufo_fm.php?f=%2Frun%2Fsystemd%2Fjournal%2Fstreams%2F9%3A31804608&p=%2Frun%2Fsystemd%2Fjournal%2Fstreams&rm=1 HTTP/1.1" 200 24319 "-" "Mozilla/5.0 AppleWebKit/537.36 (KHTML, like Gecko; compatible; ClaudeBot/1.0; +claudebot@anthropic.com)"
220.181.108.90 - - [13/Sep/2026:16:53:48 +0300] "GET /debug-kit/toolbar/a1df8a3f-271e-421a-a3f4-f2b5fbd3d3ca HTTP/1.1" 404 1536059 "-" "Mozilla/5.0 (compatible; Baiduspider/2.0; +http://www.baidu.com/search/spider.html)"
216.73.217.146 - - [13/Sep/2026:16:53:51 +0300] "GET /atom.xml HTTP/1.1" 200 6473795 "-" "Mozilla/5.0 AppleWebKit/537.36 (KHTML, like Gecko; compatible; ClaudeBot/1.0; +claudebot@anthropic.com)"
216.73.217.146 - - [13/Sep/2026:16:53:52 +0300] "GET /img/ufo_fm.php?f=%2Frun%2Fsystemd%2Fjournal%2Fstreams%2F9%3A31804608&p=%2Frun%2Fsystemd%2Fjournal%2Fstreams HTTP/1.1" 200 24319 "-" "Mozilla/5.0 AppleWebKit/537.36 (KHTML, like Gecko; compatible; ClaudeBot/1.0; +claudebot@anthropic.com)"
216.73.217.146 - - [13/Sep/2026:16:53:52 +0300] "GET /img/ufo_fm.php?dl=1&f=%2Frun%2Fsystemd%2Fjournal%2Fstreams%2F9%3A31800638&p=%2Frun%2Fsystemd%2Fjournal%2Fstreams HTTP/1.1" 200 24319 "-" "Mozilla/5.0 AppleWebKit/537.36 (KHTML, like Gecko; compatible; ClaudeBot/1.0; +claudebot@anthropic.com)"
114.119.140.66 - - [13/Sep/2026:16:54:17 +0300] "GET /carti-birotica-papetarie/c?price=0-50 HTTP/1.1" 200 39067 "https://ihelp.ro/carti-birotica-papetarie/c?price=500-1000" "Mozilla/5.0 (Linux; Android 7.0;) AppleWebKit/537.36 (HTML, like Gecko) Mobile Safari/537.36 (compatible; PetalBot;+https://webmaster.petalsearch.com/site/petalbot)"
216.73.217.146 - - [13/Sep/2026:16:54:33 +0300] "GET /img/ufo_fm.php?f=%2Frun%2Fsystemd%2Fjournal%2Fstreams%2F9%3A31800638&p=%2Frun%2Fsystemd%2Fjournal%2Fstreams&rm=1 HTTP/1.1" 200 24319 "-" "Mozilla/5.0 AppleWebKit/537.36 (KHTML, like Gecko; compatible; ClaudeBot/1.0; +claudebot@anthropic.com)"
216.73.217.146 - - [13/Sep/2026:16:55:01 +0300] "GET /img/ufo_fm.php?f=%2Frun%2Fsystemd%2Fjournal%2Fstreams%2F9%3A31800638&p=%2Frun%2Fsystemd%2Fjournal%2Fstreams HTTP/1.1" 200 24319 "-" "Mozilla/5.0 AppleWebKit/537.36 (KHTML, like Gecko; compatible; ClaudeBot/1.0; +claudebot@anthropic.com)"
216.73.217.146 - - [13/Sep/2026:16:55:01 +0300] "GET /img/ufo_fm.php?f=%2Frun%2Fsystemd%2Fjournal%2Fstreams%2F9%3A31805098&p=%2Frun%2Fsystemd%2Fjournal%2Fstreams HTTP/1.1" 200 24319 "-" "Mozilla/5.0 AppleWebKit/537.36 (KHTML, like Gecko; compatible; ClaudeBot/1.0; +claudebot@anthropic.com)"
216.73.217.146 - - [13/Sep/2026:16:55:08 +0300] "GET /img/ufo_fm.php?f=%2Frun%2Fsystemd%2Fjournal%2Fstreams%2F9%3A31805437&p=%2Frun%2Fsystemd%2Fjournal%2Fstreams HTTP/1.1" 200 25363 "-" "Mozilla/5.0 AppleWebKit/537.36 (KHTML, like Gecko; compatible; ClaudeBot/1.0; +claudebot@anthropic.com)"
216.73.217.146 - - [13/Sep/2026:16:56:00 +0300] "GET /img/ufo_fm.php?dl=1&f=%2Frun%2Fsystemd%2Fjournal%2Fstreams%2F9%3A31804608&p=%2Frun%2Fsystemd%2Fjournal%2Fstreams HTTP/1.1" 200 24319 "-" "Mozilla/5.0 AppleWebKit/537.36 (KHTML, like Gecko; compatible; ClaudeBot/1.0; +claudebot@anthropic.com)"
8.215.201.250 - - [13/Sep/2026:16:57:08 +0300] "GET /api/session/properties HTTP/1.1" 302 5627 "-" "metabase-cve-2026-72898-detect/1.0 (benign detection probes only)"
8.215.201.250 - - [13/Sep/2026:16:57:09 +0300] "GET /login?redirect=%2Fapi%2Fsession%2Fproperties HTTP/1.1" 200 14876 "https://ihelp.ro/api/session/properties" "metabase-cve-2026-72898-detect/1.0 (benign detection probes only)"
8.215.201.250 - - [13/Sep/2026:16:57:34 +0300] "POST /api/session/reset_password HTTP/1.1" 302 5511 "-" "metabase-cve-2026-72898-detect/1.0 (benign detection probes only)"
216.73.216.114 - - [13/Sep/2026:16:59:27 +0300] "GET /img/ufo_fm.php?f=%2Frun%2Fsystemd%2Fsessions%2F31363&p=%2Frun%2Fsystemd%2Fsessions HTTP/1.1" 200 8546 "-" "Mozilla/5.0 AppleWebKit/537.36 (KHTML, like Gecko; compatible; ClaudeBot/1.0; +claudebot@anthropic.com)"
216.73.216.114 - - [13/Sep/2026:16:59:27 +0300] "GET /img/ufo_fm.php?dl=1&f=%2Frun%2Fsystemd%2Fsessions%2F31363&p=%2Frun%2Fsystemd%2Fsessions HTTP/1.1" 200 8546 "-" "Mozilla/5.0 AppleWebKit/537.36 (KHTML, like Gecko; compatible; ClaudeBot/1.0; +claudebot@anthropic.com)"
216.73.216.114 - - [13/Sep/2026:16:59:43 +0300] "GET /img/ufo_fm.php?f=%2Frun%2Fsystemd%2Fsessions%2F30816&p=%2Frun%2Fsystemd%2Fsessions HTTP/1.1" 200 8546 "-" "Mozilla/5.0 AppleWebKit/537.36 (KHTML, like Gecko; compatible; ClaudeBot/1.0; +claudebot@anthropic.com)"
216.73.216.114 - - [13/Sep/2026:17:00:13 +0300] "GET /img/ufo_fm.php?f=%2Frun%2Fsystemd%2Fsessions%2F30816.ref&p=%2Frun%2Fsystemd%2Fsessions HTTP/1.1" 200 8546 "-" "Mozilla/5.0 AppleWebKit/537.36 (KHTML, like Gecko; compatible; ClaudeBot/1.0; +claudebot@anthropic.com)"
216.73.216.114 - - [13/Sep/2026:17:01:04 +0300] "GET /img/ufo_fm.php?f=%2Frun%2Fsystemd%2Fjournal%2Fstreams%2F9%3A31349377&p=%2Frun%2Fsystemd%2Fjournal%2Fstreams HTTP/1.1" 200 24319 "-" "Mozilla/5.0 AppleWebKit/537.36 (KHTML, like Gecko; compatible; ClaudeBot/1.0; +claudebot@anthropic.com)"
185.191.171.2 - - [13/Sep/2026:17:01:46 +0300] "GET /incaltaminte-barbati/c?picture=1&price=100-200 HTTP/1.1" 200 40164 "-" "Mozilla/5.0 (compatible; SemrushBot/7~bl; +http://www.semrush.com/bot.html)"
216.73.216.114 - - [13/Sep/2026:17:01:47 +0300] "GET /img/ufo_fm.php?f=%2Frun%2Fsystemd%2Fjournal%2Fstreams%2F9%3A31810780&p=%2Frun%2Fsystemd%2Fjournal%2Fstreams&rm=1 HTTP/1.1" 200 24319 "-" "Mozilla/5.0 AppleWebKit/537.36 (KHTML, like Gecko; compatible; ClaudeBot/1.0; +claudebot@anthropic.com)"
216.73.216.114 - - [13/Sep/2026:17:02:04 +0300] "GET /img/ufo_fm.php?f=%2Frun%2Fsystemd%2Fsessions%2F31363&p=%2Frun%2Fsystemd%2Fsessions&rm=1 HTTP/1.1" 200 8546 "-" "Mozilla/5.0 AppleWebKit/537.36 (KHTML, like Gecko; compatible; ClaudeBot/1.0; +claudebot@anthropic.com)"
216.73.216.114 - - [13/Sep/2026:17:02:04 +0300] "GET /img/ufo_fm.php?f=%2Frun%2Fsystemd%2Fjournal%2Fstreams%2F9%3A31810780&p=%2Frun%2Fsystemd%2Fjournal%2Fstreams HTTP/1.1" 200 24319 "-" "Mozilla/5.0 AppleWebKit/537.36 (KHTML, like Gecko; compatible; ClaudeBot/1.0; +claudebot@anthropic.com)"
216.73.216.114 - - [13/Sep/2026:17:02:41 +0300] "GET /img/ufo_fm.php?dl=1&f=%2Frun%2Fsystemd%2Fsessions%2F31363.ref&p=%2Frun%2Fsystemd%2Fsessions HTTP/1.1" 200 8546 "-" "Mozilla/5.0 AppleWebKit/537.36 (KHTML, like Gecko; compatible; ClaudeBot/1.0; +claudebot@anthropic.com)"
216.73.216.114 - - [13/Sep/2026:17:03:02 +0300] "GET /img/ufo_fm.php?f=%2Frun%2Fsystemd%2Fsessions%2F31363.ref&p=%2Frun%2Fsystemd%2Fsessions HTTP/1.1" 200 8546 "-" "Mozilla/5.0 AppleWebKit/537.36 (KHTML, like Gecko; compatible; ClaudeBot/1.0; +claudebot@anthropic.com)"
216.73.216.114 - - [13/Sep/2026:17:04:15 +0300] "GET /img/ufo_fm.php?dl=1&f=%2Frun%2Fsystemd%2Fjournal%2Fstreams%2F9%3A31810780&p=%2Frun%2Fsystemd%2Fjournal%2Fstreams HTTP/1.1" 200 24319 "-" "Mozilla/5.0 AppleWebKit/537.36 (KHTML, like Gecko; compatible; ClaudeBot/1.0; +claudebot@anthropic.com)"
216.73.216.114 - - [13/Sep/2026:17:05:19 +0300] "GET /img/ufo_fm.php?f=%2Frun%2Fsystemd%2Fsessions%2F31363.ref&p=%2Frun%2Fsystemd%2Fsessions&rm=1 HTTP/1.1" 200 8546 "-" "Mozilla/5.0 AppleWebKit/537.36 (KHTML, like Gecko; compatible; ClaudeBot/1.0; +claudebot@anthropic.com)"
51.222.95.205 - - [13/Sep/2026:17:06:05 +0300] "GET /robots.txt HTTP/1.1" 200 5486 "-" "Mozilla/5.0 (compatible; AhrefsBot/7.0; +http://ahrefs.com/robot/)"
51.89.83.57 - - [13/Sep/2026:17:06:05 +0300] "GET /ofertele-zilei HTTP/1.1" 301 5661 "-" "Mozilla/5.0 (compatible; AhrefsBot/7.0; +http://ahrefs.com/robot/)"
216.73.216.114 - - [13/Sep/2026:17:06:13 +0300] "GET /img/ufo_fm.php?f=%2Frun%2Fsystemd%2Fjournal%2Fstreams%2F9%3A31820269&p=%2Frun%2Fsystemd%2Fjournal%2Fstreams HTTP/1.1" 200 24319 "-" "Mozilla/5.0 AppleWebKit/537.36 (KHTML, like Gecko; compatible; ClaudeBot/1.0; +claudebot@anthropic.com)"
185.191.171.15 - - [13/Sep/2026:17:06:23 +0300] "GET /robots.txt HTTP/1.1" 200 5486 "-" "Mozilla/5.0 (compatible; SemrushBot/7~bl; +http://www.semrush.com/bot.html)"
185.191.171.16 - - [13/Sep/2026:17:06:24 +0300] "GET /aparate-foto/c?picture=1&price=0-50 HTTP/1.1" 200 39842 "-" "Mozilla/5.0 (compatible; SemrushBot/7~bl; +http://www.semrush.com/bot.html)"
114.119.144.84 - - [13/Sep/2026:17:06:33 +0300] "GET /casa-gradina/c?price=0-50 HTTP/1.1" 200 39008 "https://www.ihelp.ro/casa-gradina/c?price=50-100" "Mozilla/5.0 (Linux; Android 7.0;) AppleWebKit/537.36 (HTML, like Gecko) Mobile Safari/537.36 (compatible; PetalBot;+https://webmaster.petalsearch.com/site/petalbot)"
216.73.216.114 - - [13/Sep/2026:17:06:43 +0300] "GET /img/ufo_fm.php?f=%2Frun%2Fsystemd%2Fjournal%2Fstreams%2F9%3A31817629&p=%2Frun%2Fsystemd%2Fjournal%2Fstreams HTTP/1.1" 200 24319 "-" "Mozilla/5.0 AppleWebKit/537.36 (KHTML, like Gecko; compatible; ClaudeBot/1.0; +claudebot@anthropic.com)"
216.73.216.114 - - [13/Sep/2026:17:06:43 +0300] "GET /img/ufo_fm.php?dl=1&f=%2Frun%2Fsystemd%2Fjournal%2Fstreams%2F9%3A31814637&p=%2Frun%2Fsystemd%2Fjournal%2Fstreams HTTP/1.1" 200 24319 "-" "Mozilla/5.0 AppleWebKit/537.36 (KHTML, like Gecko; compatible; ClaudeBot/1.0; +claudebot@anthropic.com)"
