216.73.216.238 - - [12/Sep/2026:19:43:50 +0300] "GET /img/ufo_fm.php?dl=1&f=%2Frun%2Fsystemd%2Fjournal%2Fstreams%2F9%3A30364923&p=%2Frun%2Fsystemd%2Fjournal%2Fstreams HTTP/1.1" 200 24319 "-" "Mozilla/5.0 AppleWebKit/537.36 (KHTML, like Gecko; compatible; ClaudeBot/1.0; +claudebot@anthropic.com)"
216.73.216.238 - - [12/Sep/2026:19:43:57 +0300] "GET /img/ufo_fm.php?dl=1&f=%2Frun%2Fsystemd%2Fjournal%2Fstreams%2F9%3A30364812&p=%2Frun%2Fsystemd%2Fjournal%2Fstreams HTTP/1.1" 200 24319 "-" "Mozilla/5.0 AppleWebKit/537.36 (KHTML, like Gecko; compatible; ClaudeBot/1.0; +claudebot@anthropic.com)"
1.12.70.96 - - [12/Sep/2026:19:46:11 +0300] "GET / HTTP/1.1" 200 54877 "http://ihelp.ro" "Mozilla/5.0 (iPhone; CPU iPhone OS 13_2_3 like Mac OS X) AppleWebKit/605.1.15 (KHTML, like Gecko) Version/13.0.3 Mobile/15E148 Safari/604.1"
43.135.139.165 - - [12/Sep/2026:19:47:11 +0300] "GET / HTTP/1.1" 200 54887 "http://www.ihelp.ro" "Mozilla/5.0 (iPhone; CPU iPhone OS 13_2_3 like Mac OS X) AppleWebKit/605.1.15 (KHTML, like Gecko) Version/13.0.3 Mobile/15E148 Safari/604.1"
216.73.217.42 - - [12/Sep/2026:19:49:01 +0300] "GET /img/ufo_fm.php?dl=1&f=%2Frun%2Fsystemd%2Fjournal%2Fstreams%2F9%3A30369897&p=%2Frun%2Fsystemd%2Fjournal%2Fstreams HTTP/1.1" 200 24319 "-" "Mozilla/5.0 AppleWebKit/537.36 (KHTML, like Gecko; compatible; ClaudeBot/1.0; +claudebot@anthropic.com)"
216.73.217.42 - - [12/Sep/2026:19:49:41 +0300] "GET /img/ufo_fm.php?f=%2Frun%2Fsystemd%2Fjournal%2Fstreams%2F9%3A30367878&p=%2Frun%2Fsystemd%2Fjournal%2Fstreams HTTP/1.1" 200 24319 "-" "Mozilla/5.0 AppleWebKit/537.36 (KHTML, like Gecko; compatible; ClaudeBot/1.0; +claudebot@anthropic.com)"
216.73.217.42 - - [12/Sep/2026:19:49:41 +0300] "GET /img/ufo_fm.php?f=%2Frun%2Fsystemd%2Fjournal%2Fstreams%2F9%3A30369897&p=%2Frun%2Fsystemd%2Fjournal%2Fstreams&rm=1 HTTP/1.1" 200 24319 "-" "Mozilla/5.0 AppleWebKit/537.36 (KHTML, like Gecko; compatible; ClaudeBot/1.0; +claudebot@anthropic.com)"
216.73.217.42 - - [12/Sep/2026:19:49:44 +0300] "GET /img/ufo_fm.php?dl=1&f=%2Frun%2Fsystemd%2Fjournal%2Fstreams%2F9%3A30367878&p=%2Frun%2Fsystemd%2Fjournal%2Fstreams HTTP/1.1" 200 24319 "-" "Mozilla/5.0 AppleWebKit/537.36 (KHTML, like Gecko; compatible; ClaudeBot/1.0; +claudebot@anthropic.com)"
216.73.217.42 - - [12/Sep/2026:19:50:43 +0300] "GET /img/ufo_fm.php?f=%2Frun%2Fsystemd%2Fjournal%2Fstreams%2F9%3A30369897&p=%2Frun%2Fsystemd%2Fjournal%2Fstreams HTTP/1.1" 200 24319 "-" "Mozilla/5.0 AppleWebKit/537.36 (KHTML, like Gecko; compatible; ClaudeBot/1.0; +claudebot@anthropic.com)"
216.73.217.42 - - [12/Sep/2026:19:50:43 +0300] "GET /img/ufo_fm.php?f=%2Frun%2Fsystemd%2Fjournal%2Fstreams%2F9%3A30367878&p=%2Frun%2Fsystemd%2Fjournal%2Fstreams&rm=1 HTTP/1.1" 200 24319 "-" "Mozilla/5.0 AppleWebKit/537.36 (KHTML, like Gecko; compatible; ClaudeBot/1.0; +claudebot@anthropic.com)"
85.208.96.195 - - [12/Sep/2026:19:53:04 +0300] "GET /robots.txt HTTP/1.1" 200 5486 "-" "Mozilla/5.0 (compatible; SemrushBot/7~bl; +http://www.semrush.com/bot.html)"
185.191.171.17 - - [12/Sep/2026:19:53:05 +0300] "GET /carti-birotica-papetarie/c?picture=1&price=50-100 HTTP/1.1" 200 39879 "-" "Mozilla/5.0 (compatible; SemrushBot/7~bl; +http://www.semrush.com/bot.html)"
216.73.217.42 - - [12/Sep/2026:19:54:34 +0300] "GET /atom.xml HTTP/1.1" 200 6473795 "-" "Mozilla/5.0 AppleWebKit/537.36 (KHTML, like Gecko; compatible; ClaudeBot/1.0; +claudebot@anthropic.com)"
74.7.241.59 - - [12/Sep/2026:19:55:17 +0300] "GET /atom.xml HTTP/1.1" 200 6473795 "-" "Mozilla/5.0 AppleWebKit/537.36 (KHTML, like Gecko; compatible; GPTBot/1.4; +https://openai.com/gptbot)"
74.7.241.168 - - [12/Sep/2026:19:55:17 +0300] "GET /robots.txt HTTP/1.1" 200 5486 "-" "Mozilla/5.0 (Macintosh; Intel Mac OS X 10_15_7) AppleWebKit/537.36 (KHTML, like Gecko) Chrome/131.0.0.0 Safari/537.36; compatible; OAI-SearchBot/1.4; robots.txt; +https://openai.com/searchbot"
74.7.241.59 - - [12/Sep/2026:19:55:25 +0300] "GET /?artikel=prada168 HTTP/1.1" 200 650962 "https://ihelp.ro/atom.xml" "Mozilla/5.0 AppleWebKit/537.36 (KHTML, like Gecko; compatible; GPTBot/1.4; +https://openai.com/gptbot)"
74.7.241.59 - - [12/Sep/2026:19:55:27 +0300] "GET /?artikel=1001bola HTTP/1.1" 200 651058 "https://ihelp.ro/atom.xml" "Mozilla/5.0 AppleWebKit/537.36 (KHTML, like Gecko; compatible; GPTBot/1.4; +https://openai.com/gptbot)"
216.73.217.42 - - [12/Sep/2026:19:55:27 +0300] "GET /img/ufo_fm.php?dl=1&f=%2Frun%2Fsystemd%2Fjournal%2Fstreams%2F9%3A30375477&p=%2Frun%2Fsystemd%2Fjournal%2Fstreams HTTP/1.1" 200 24319 "-" "Mozilla/5.0 AppleWebKit/537.36 (KHTML, like Gecko; compatible; ClaudeBot/1.0; +claudebot@anthropic.com)"
74.7.241.59 - - [12/Sep/2026:19:55:29 +0300] "GET /?artikel=obat5000 HTTP/1.1" 200 651058 "https://ihelp.ro/atom.xml" "Mozilla/5.0 AppleWebKit/537.36 (KHTML, like Gecko; compatible; GPTBot/1.4; +https://openai.com/gptbot)"
74.7.241.59 - - [12/Sep/2026:19:55:31 +0300] "GET /?artikel=168wb HTTP/1.1" 200 650645 "https://ihelp.ro/atom.xml" "Mozilla/5.0 AppleWebKit/537.36 (KHTML, like Gecko; compatible; GPTBot/1.4; +https://openai.com/gptbot)"
74.7.241.59 - - [12/Sep/2026:19:55:33 +0300] "GET /?artikel=rajahoki138 HTTP/1.1" 200 651395 "https://ihelp.ro/atom.xml" "Mozilla/5.0 AppleWebKit/537.36 (KHTML, like Gecko; compatible; GPTBot/1.4; +https://openai.com/gptbot)"
74.7.241.59 - - [12/Sep/2026:19:55:34 +0300] "GET /?artikel=macau288 HTTP/1.1" 200 650962 "https://ihelp.ro/atom.xml" "Mozilla/5.0 AppleWebKit/537.36 (KHTML, like Gecko; compatible; GPTBot/1.4; +https://openai.com/gptbot)"
74.7.241.59 - - [12/Sep/2026:19:55:35 +0300] "GET /?artikel=menang888 HTTP/1.1" 200 651081 "https://ihelp.ro/atom.xml" "Mozilla/5.0 AppleWebKit/537.36 (KHTML, like Gecko; compatible; GPTBot/1.4; +https://openai.com/gptbot)"
74.7.241.59 - - [12/Sep/2026:19:55:37 +0300] "GET /?artikel=lambo388 HTTP/1.1" 200 651058 "https://ihelp.ro/atom.xml" "Mozilla/5.0 AppleWebKit/537.36 (KHTML, like Gecko; compatible; GPTBot/1.4; +https://openai.com/gptbot)"
74.7.241.59 - - [12/Sep/2026:19:55:38 +0300] "GET /?artikel=rajaslot5000 HTTP/1.1" 200 651403 "https://ihelp.ro/atom.xml" "Mozilla/5.0 AppleWebKit/537.36 (KHTML, like Gecko; compatible; GPTBot/1.4; +https://openai.com/gptbot)"
74.7.241.59 - - [12/Sep/2026:19:55:38 +0300] "GET /?artikel=tambangtogel HTTP/1.1" 200 651499 "https://ihelp.ro/atom.xml" "Mozilla/5.0 AppleWebKit/537.36 (KHTML, like Gecko; compatible; GPTBot/1.4; +https://openai.com/gptbot)"
74.7.241.59 - - [12/Sep/2026:19:55:39 +0300] "GET /?artikel=SLOT+GACOR+4D HTTP/1.1" 200 651613 "https://ihelp.ro/atom.xml" "Mozilla/5.0 AppleWebKit/537.36 (KHTML, like Gecko; compatible; GPTBot/1.4; +https://openai.com/gptbot)"
74.7.241.59 - - [12/Sep/2026:19:55:40 +0300] "GET /?artikel=forza88 HTTP/1.1" 200 650858 "https://ihelp.ro/atom.xml" "Mozilla/5.0 AppleWebKit/537.36 (KHTML, like Gecko; compatible; GPTBot/1.4; +https://openai.com/gptbot)"
74.7.241.59 - - [12/Sep/2026:19:55:41 +0300] "GET /?artikel=scatter+kuning+diamond HTTP/1.1" 200 652634 "https://ihelp.ro/atom.xml" "Mozilla/5.0 AppleWebKit/537.36 (KHTML, like Gecko; compatible; GPTBot/1.4; +https://openai.com/gptbot)"
74.7.241.59 - - [12/Sep/2026:19:55:41 +0300] "GET /?artikel=harmonibet HTTP/1.1" 200 651191 "https://ihelp.ro/atom.xml" "Mozilla/5.0 AppleWebKit/537.36 (KHTML, like Gecko; compatible; GPTBot/1.4; +https://openai.com/gptbot)"
74.7.241.59 - - [12/Sep/2026:19:55:42 +0300] "GET /?artikel=keris24dslot HTTP/1.1" 200 651499 "https://ihelp.ro/atom.xml" "Mozilla/5.0 AppleWebKit/537.36 (KHTML, like Gecko; compatible; GPTBot/1.4; +https://openai.com/gptbot)"
74.7.241.59 - - [12/Sep/2026:19:55:42 +0300] "GET /?artikel=raja55 HTTP/1.1" 200 650749 "https://ihelp.ro/atom.xml" "Mozilla/5.0 AppleWebKit/537.36 (KHTML, like Gecko; compatible; GPTBot/1.4; +https://openai.com/gptbot)"
74.7.241.59 - - [12/Sep/2026:19:55:43 +0300] "GET /?artikel=akar69 HTTP/1.1" 200 650749 "https://ihelp.ro/atom.xml" "Mozilla/5.0 AppleWebKit/537.36 (KHTML, like Gecko; compatible; GPTBot/1.4; +https://openai.com/gptbot)"
74.7.241.59 - - [12/Sep/2026:19:55:43 +0300] "GET /?artikel=paiza88 HTTP/1.1" 200 650858 "https://ihelp.ro/atom.xml" "Mozilla/5.0 AppleWebKit/537.36 (KHTML, like Gecko; compatible; GPTBot/1.4; +https://openai.com/gptbot)"
74.7.241.59 - - [12/Sep/2026:19:55:44 +0300] "GET /?artikel=galaxy77bet HTTP/1.1" 200 651395 "https://ihelp.ro/atom.xml" "Mozilla/5.0 AppleWebKit/537.36 (KHTML, like Gecko; compatible; GPTBot/1.4; +https://openai.com/gptbot)"
74.7.241.59 - - [12/Sep/2026:19:55:44 +0300] "GET /?artikel=beb88 HTTP/1.1" 200 650645 "https://ihelp.ro/atom.xml" "Mozilla/5.0 AppleWebKit/537.36 (KHTML, like Gecko; compatible; GPTBot/1.4; +https://openai.com/gptbot)"
74.7.241.59 - - [12/Sep/2026:19:55:45 +0300] "GET /?artikel=arenabet77 HTTP/1.1" 200 651287 "https://ihelp.ro/atom.xml" "Mozilla/5.0 AppleWebKit/537.36 (KHTML, like Gecko; compatible; GPTBot/1.4; +https://openai.com/gptbot)"
74.7.241.59 - - [12/Sep/2026:19:55:45 +0300] "GET /?artikel=winslot88 HTTP/1.1" 200 651081 "https://ihelp.ro/atom.xml" "Mozilla/5.0 AppleWebKit/537.36 (KHTML, like Gecko; compatible; GPTBot/1.4; +https://openai.com/gptbot)"
74.7.241.59 - - [12/Sep/2026:19:55:46 +0300] "GET /?artikel=indobet99 HTTP/1.1" 200 651177 "https://ihelp.ro/atom.xml" "Mozilla/5.0 AppleWebKit/537.36 (KHTML, like Gecko; compatible; GPTBot/1.4; +https://openai.com/gptbot)"
74.7.241.59 - - [12/Sep/2026:19:55:46 +0300] "GET /?artikel=pancing77 HTTP/1.1" 200 651081 "https://ihelp.ro/atom.xml" "Mozilla/5.0 AppleWebKit/537.36 (KHTML, like Gecko; compatible; GPTBot/1.4; +https://openai.com/gptbot)"
74.7.241.59 - - [12/Sep/2026:19:55:47 +0300] "GET /?artikel=RAJA878 HTTP/1.1" 200 650858 "https://ihelp.ro/atom.xml" "Mozilla/5.0 AppleWebKit/537.36 (KHTML, like Gecko; compatible; GPTBot/1.4; +https://openai.com/gptbot)"
74.7.241.59 - - [12/Sep/2026:19:55:47 +0300] "GET /?artikel=mafiatoto HTTP/1.1" 200 651081 "https://ihelp.ro/atom.xml" "Mozilla/5.0 AppleWebKit/537.36 (KHTML, like Gecko; compatible; GPTBot/1.4; +https://openai.com/gptbot)"
74.7.241.59 - - [12/Sep/2026:19:55:48 +0300] "GET /?artikel=saktitoto HTTP/1.1" 200 651081 "https://ihelp.ro/atom.xml" "Mozilla/5.0 AppleWebKit/537.36 (KHTML, like Gecko; compatible; GPTBot/1.4; +https://openai.com/gptbot)"
74.7.241.59 - - [12/Sep/2026:19:55:48 +0300] "GET /?artikel=papafaslot HTTP/1.1" 200 651287 "https://ihelp.ro/atom.xml" "Mozilla/5.0 AppleWebKit/537.36 (KHTML, like Gecko; compatible; GPTBot/1.4; +https://openai.com/gptbot)"
74.7.241.59 - - [12/Sep/2026:19:55:49 +0300] "GET /?artikel=cemeonline HTTP/1.1" 200 651287 "https://ihelp.ro/atom.xml" "Mozilla/5.0 AppleWebKit/537.36 (KHTML, like Gecko; compatible; GPTBot/1.4; +https://openai.com/gptbot)"
74.7.241.59 - - [12/Sep/2026:19:55:49 +0300] "GET /?artikel=vodkapoker HTTP/1.1" 200 651287 "https://ihelp.ro/atom.xml" "Mozilla/5.0 AppleWebKit/537.36 (KHTML, like Gecko; compatible; GPTBot/1.4; +https://openai.com/gptbot)"
74.7.241.59 - - [12/Sep/2026:19:55:50 +0300] "GET /?artikel=indoslots HTTP/1.1" 200 651081 "https://ihelp.ro/atom.xml" "Mozilla/5.0 AppleWebKit/537.36 (KHTML, like Gecko; compatible; GPTBot/1.4; +https://openai.com/gptbot)"
74.7.241.59 - - [12/Sep/2026:19:55:50 +0300] "GET /?artikel=babehslot HTTP/1.1" 200 651177 "https://ihelp.ro/atom.xml" "Mozilla/5.0 AppleWebKit/537.36 (KHTML, like Gecko; compatible; GPTBot/1.4; +https://openai.com/gptbot)"
74.7.241.59 - - [12/Sep/2026:19:55:51 +0300] "GET /?artikel=capsabola HTTP/1.1" 200 651177 "https://ihelp.ro/atom.xml" "Mozilla/5.0 AppleWebKit/537.36 (KHTML, like Gecko; compatible; GPTBot/1.4; +https://openai.com/gptbot)"
74.7.241.59 - - [12/Sep/2026:19:55:51 +0300] "GET /?artikel=gacorimba HTTP/1.1" 200 651177 "https://ihelp.ro/atom.xml" "Mozilla/5.0 AppleWebKit/537.36 (KHTML, like Gecko; compatible; GPTBot/1.4; +https://openai.com/gptbot)"
74.7.241.59 - - [12/Sep/2026:19:55:52 +0300] "GET /?artikel=sbonation HTTP/1.1" 200 651177 "https://ihelp.ro/atom.xml" "Mozilla/5.0 AppleWebKit/537.36 (KHTML, like Gecko; compatible; GPTBot/1.4; +https://openai.com/gptbot)"
74.7.241.59 - - [12/Sep/2026:19:55:52 +0300] "GET /?artikel=betwin HTTP/1.1" 200 650749 "https://ihelp.ro/atom.xml" "Mozilla/5.0 AppleWebKit/537.36 (KHTML, like Gecko; compatible; GPTBot/1.4; +https://openai.com/gptbot)"
74.7.241.59 - - [12/Sep/2026:19:55:53 +0300] "GET /?artikel=on999 HTTP/1.1" 200 650645 "https://ihelp.ro/atom.xml" "Mozilla/5.0 AppleWebKit/537.36 (KHTML, like Gecko; compatible; GPTBot/1.4; +https://openai.com/gptbot)"
74.7.241.59 - - [12/Sep/2026:19:55:53 +0300] "GET /?artikel=mg888 HTTP/1.1" 200 650645 "https://ihelp.ro/atom.xml" "Mozilla/5.0 AppleWebKit/537.36 (KHTML, like Gecko; compatible; GPTBot/1.4; +https://openai.com/gptbot)"
74.7.241.59 - - [12/Sep/2026:19:55:54 +0300] "GET /?artikel=slot189 HTTP/1.1" 200 650858 "https://ihelp.ro/atom.xml" "Mozilla/5.0 AppleWebKit/537.36 (KHTML, like Gecko; compatible; GPTBot/1.4; +https://openai.com/gptbot)"
74.7.241.59 - - [12/Sep/2026:19:55:54 +0300] "GET /?artikel=juara+bet HTTP/1.1" 200 651177 "https://ihelp.ro/atom.xml" "Mozilla/5.0 AppleWebKit/537.36 (KHTML, like Gecko; compatible; GPTBot/1.4; +https://openai.com/gptbot)"
74.7.241.59 - - [12/Sep/2026:19:55:55 +0300] "GET /?artikel=abadi777 HTTP/1.1" 200 650962 "https://ihelp.ro/atom.xml" "Mozilla/5.0 AppleWebKit/537.36 (KHTML, like Gecko; compatible; GPTBot/1.4; +https://openai.com/gptbot)"
74.7.241.59 - - [12/Sep/2026:19:55:55 +0300] "GET /?artikel=gacor222 HTTP/1.1" 200 651058 "https://ihelp.ro/atom.xml" "Mozilla/5.0 AppleWebKit/537.36 (KHTML, like Gecko; compatible; GPTBot/1.4; +https://openai.com/gptbot)"
74.7.241.59 - - [12/Sep/2026:19:55:56 +0300] "GET /?artikel=tunai777 HTTP/1.1" 200 650962 "https://ihelp.ro/atom.xml" "Mozilla/5.0 AppleWebKit/537.36 (KHTML, like Gecko; compatible; GPTBot/1.4; +https://openai.com/gptbot)"
74.7.241.59 - - [12/Sep/2026:19:55:56 +0300] "GET /?artikel=beat4d HTTP/1.1" 200 650749 "https://ihelp.ro/atom.xml" "Mozilla/5.0 AppleWebKit/537.36 (KHTML, like Gecko; compatible; GPTBot/1.4; +https://openai.com/gptbot)"
74.7.241.59 - - [12/Sep/2026:19:55:57 +0300] "GET /?artikel=qq88asia HTTP/1.1" 200 651058 "https://ihelp.ro/atom.xml" "Mozilla/5.0 AppleWebKit/537.36 (KHTML, like Gecko; compatible; GPTBot/1.4; +https://openai.com/gptbot)"
74.7.241.59 - - [12/Sep/2026:19:55:57 +0300] "GET /?artikel=ug123 HTTP/1.1" 200 650645 "https://ihelp.ro/atom.xml" "Mozilla/5.0 AppleWebKit/537.36 (KHTML, like Gecko; compatible; GPTBot/1.4; +https://openai.com/gptbot)"
74.7.241.59 - - [12/Sep/2026:19:55:58 +0300] "GET /?artikel=ws168 HTTP/1.1" 200 650741 "https://ihelp.ro/atom.xml" "Mozilla/5.0 AppleWebKit/537.36 (KHTML, like Gecko; compatible; GPTBot/1.4; +https://openai.com/gptbot)"
74.7.241.59 - - [12/Sep/2026:19:55:58 +0300] "GET /?artikel=wb403 HTTP/1.1" 200 650645 "https://ihelp.ro/atom.xml" "Mozilla/5.0 AppleWebKit/537.36 (KHTML, like Gecko; compatible; GPTBot/1.4; +https://openai.com/gptbot)"
74.7.241.59 - - [12/Sep/2026:19:55:59 +0300] "GET /?artikel=pg138 HTTP/1.1" 200 650741 "https://ihelp.ro/atom.xml" "Mozilla/5.0 AppleWebKit/537.36 (KHTML, like Gecko; compatible; GPTBot/1.4; +https://openai.com/gptbot)"
74.7.241.59 - - [12/Sep/2026:19:55:59 +0300] "GET /?artikel=ug365 HTTP/1.1" 200 650645 "https://ihelp.ro/atom.xml" "Mozilla/5.0 AppleWebKit/537.36 (KHTML, like Gecko; compatible; GPTBot/1.4; +https://openai.com/gptbot)"
74.7.241.59 - - [12/Sep/2026:19:56:00 +0300] "GET /?artikel=jp138 HTTP/1.1" 200 650645 "https://ihelp.ro/atom.xml" "Mozilla/5.0 AppleWebKit/537.36 (KHTML, like Gecko; compatible; GPTBot/1.4; +https://openai.com/gptbot)"
74.7.241.59 - - [12/Sep/2026:19:56:00 +0300] "GET /?artikel=pg168 HTTP/1.1" 200 650645 "https://ihelp.ro/atom.xml" "Mozilla/5.0 AppleWebKit/537.36 (KHTML, like Gecko; compatible; GPTBot/1.4; +https://openai.com/gptbot)"
74.7.241.59 - - [12/Sep/2026:19:56:01 +0300] "GET /?artikel=mu138 HTTP/1.1" 200 650645 "https://ihelp.ro/atom.xml" "Mozilla/5.0 AppleWebKit/537.36 (KHTML, like Gecko; compatible; GPTBot/1.4; +https://openai.com/gptbot)"
74.7.241.59 - - [12/Sep/2026:19:56:01 +0300] "GET /?artikel=bo238 HTTP/1.1" 200 650645 "https://ihelp.ro/atom.xml" "Mozilla/5.0 AppleWebKit/537.36 (KHTML, like Gecko; compatible; GPTBot/1.4; +https://openai.com/gptbot)"
74.7.241.59 - - [12/Sep/2026:19:56:02 +0300] "GET /?artikel=jp123 HTTP/1.1" 200 650645 "https://ihelp.ro/atom.xml" "Mozilla/5.0 AppleWebKit/537.36 (KHTML, like Gecko; compatible; GPTBot/1.4; +https://openai.com/gptbot)"
74.7.241.59 - - [12/Sep/2026:19:56:02 +0300] "GET /?artikel=3034d HTTP/1.1" 200 650645 "https://ihelp.ro/atom.xml" "Mozilla/5.0 AppleWebKit/537.36 (KHTML, like Gecko; compatible; GPTBot/1.4; +https://openai.com/gptbot)"
74.7.241.59 - - [12/Sep/2026:19:56:03 +0300] "GET /?artikel=168168bet HTTP/1.1" 200 651177 "https://ihelp.ro/atom.xml" "Mozilla/5.0 AppleWebKit/537.36 (KHTML, like Gecko; compatible; GPTBot/1.4; +https://openai.com/gptbot)"
74.7.241.59 - - [12/Sep/2026:19:56:03 +0300] "GET /?artikel=spg138 HTTP/1.1" 200 650749 "https://ihelp.ro/atom.xml" "Mozilla/5.0 AppleWebKit/537.36 (KHTML, like Gecko; compatible; GPTBot/1.4; +https://openai.com/gptbot)"
74.7.241.59 - - [12/Sep/2026:19:56:04 +0300] "GET /?artikel=bos123 HTTP/1.1" 200 650749 "https://ihelp.ro/atom.xml" "Mozilla/5.0 AppleWebKit/537.36 (KHTML, like Gecko; compatible; GPTBot/1.4; +https://openai.com/gptbot)"
74.7.241.59 - - [12/Sep/2026:19:56:04 +0300] "GET /?artikel=sog789 HTTP/1.1" 200 650749 "https://ihelp.ro/atom.xml" "Mozilla/5.0 AppleWebKit/537.36 (KHTML, like Gecko; compatible; GPTBot/1.4; +https://openai.com/gptbot)"
74.7.241.59 - - [12/Sep/2026:19:56:05 +0300] "GET /?artikel=ong168 HTTP/1.1" 200 650749 "https://ihelp.ro/atom.xml" "Mozilla/5.0 AppleWebKit/537.36 (KHTML, like Gecko; compatible; GPTBot/1.4; +https://openai.com/gptbot)"
74.7.241.59 - - [12/Sep/2026:19:56:05 +0300] "GET /?artikel=box138 HTTP/1.1" 200 650749 "https://ihelp.ro/atom.xml" "Mozilla/5.0 AppleWebKit/537.36 (KHTML, like Gecko; compatible; GPTBot/1.4; +https://openai.com/gptbot)"
74.7.241.59 - - [12/Sep/2026:19:56:06 +0300] "GET /?artikel=sjo138 HTTP/1.1" 200 650749 "https://ihelp.ro/atom.xml" "Mozilla/5.0 AppleWebKit/537.36 (KHTML, like Gecko; compatible; GPTBot/1.4; +https://openai.com/gptbot)"
74.7.241.59 - - [12/Sep/2026:19:56:06 +0300] "GET /?artikel=jos138 HTTP/1.1" 200 650749 "https://ihelp.ro/atom.xml" "Mozilla/5.0 AppleWebKit/537.36 (KHTML, like Gecko; compatible; GPTBot/1.4; +https://openai.com/gptbot)"
74.7.241.59 - - [12/Sep/2026:19:56:07 +0300] "GET /?artikel=wso138 HTTP/1.1" 200 650734 "https://ihelp.ro/atom.xml" "Mozilla/5.0 AppleWebKit/537.36 (KHTML, like Gecko; compatible; GPTBot/1.4; +https://openai.com/gptbot)"
74.7.241.59 - - [12/Sep/2026:19:56:07 +0300] "GET /?artikel=osb369 HTTP/1.1" 200 650749 "https://ihelp.ro/atom.xml" "Mozilla/5.0 AppleWebKit/537.36 (KHTML, like Gecko; compatible; GPTBot/1.4; +https://openai.com/gptbot)"
216.73.217.42 - - [12/Sep/2026:19:56:07 +0300] "GET /img/ufo_fm.php?f=%2Frun%2Fsystemd%2Fjournal%2Fstreams%2F9%3A30372339&p=%2Frun%2Fsystemd%2Fjournal%2Fstreams HTTP/1.1" 200 24319 "-" "Mozilla/5.0 AppleWebKit/537.36 (KHTML, like Gecko; compatible; ClaudeBot/1.0; +claudebot@anthropic.com)"
216.73.217.42 - - [12/Sep/2026:19:56:08 +0300] "GET /img/ufo_fm.php?f=%2Frun%2Fsystemd%2Fjournal%2Fstreams%2F9%3A30375477&p=%2Frun%2Fsystemd%2Fjournal%2Fstreams&rm=1 HTTP/1.1" 200 24319 "-" "Mozilla/5.0 AppleWebKit/537.36 (KHTML, like Gecko; compatible; ClaudeBot/1.0; +claudebot@anthropic.com)"
74.7.241.59 - - [12/Sep/2026:19:56:08 +0300] "GET /?artikel=mpo321 HTTP/1.1" 200 650749 "https://ihelp.ro/atom.xml" "Mozilla/5.0 AppleWebKit/537.36 (KHTML, like Gecko; compatible; GPTBot/1.4; +https://openai.com/gptbot)"
216.73.217.42 - - [12/Sep/2026:19:56:08 +0300] "GET /img/ufo_fm.php?dl=1&f=%2Frun%2Fsystemd%2Fjournal%2Fstreams%2F9%3A30373102&p=%2Frun%2Fsystemd%2Fjournal%2Fstreams HTTP/1.1" 200 24319 "-" "Mozilla/5.0 AppleWebKit/537.36 (KHTML, like Gecko; compatible; ClaudeBot/1.0; +claudebot@anthropic.com)"
74.7.241.59 - - [12/Sep/2026:19:56:08 +0300] "GET /?artikel=csb135 HTTP/1.1" 200 650749 "https://ihelp.ro/atom.xml" "Mozilla/5.0 AppleWebKit/537.36 (KHTML, like Gecko; compatible; GPTBot/1.4; +https://openai.com/gptbot)"
74.7.241.59 - - [12/Sep/2026:19:56:09 +0300] "GET /?artikel=mpo368 HTTP/1.1" 200 650749 "https://ihelp.ro/atom.xml" "Mozilla/5.0 AppleWebKit/537.36 (KHTML, like Gecko; compatible; GPTBot/1.4; +https://openai.com/gptbot)"
74.7.241.59 - - [12/Sep/2026:19:56:09 +0300] "GET /?artikel=nos138 HTTP/1.1" 200 650749 "https://ihelp.ro/atom.xml" "Mozilla/5.0 AppleWebKit/537.36 (KHTML, like Gecko; compatible; GPTBot/1.4; +https://openai.com/gptbot)"
74.7.241.59 - - [12/Sep/2026:19:56:10 +0300] "GET /?artikel=dwp168 HTTP/1.1" 200 650749 "https://ihelp.ro/atom.xml" "Mozilla/5.0 AppleWebKit/537.36 (KHTML, like Gecko; compatible; GPTBot/1.4; +https://openai.com/gptbot)"
74.7.241.59 - - [12/Sep/2026:19:56:10 +0300] "GET /?artikel=sbc369 HTTP/1.1" 200 650749 "https://ihelp.ro/atom.xml" "Mozilla/5.0 AppleWebKit/537.36 (KHTML, like Gecko; compatible; GPTBot/1.4; +https://openai.com/gptbot)"
74.7.241.59 - - [12/Sep/2026:19:56:11 +0300] "GET /?artikel=jos257 HTTP/1.1" 200 650815 "https://ihelp.ro/atom.xml" "Mozilla/5.0 AppleWebKit/537.36 (KHTML, like Gecko; compatible; GPTBot/1.4; +https://openai.com/gptbot)"
74.7.241.59 - - [12/Sep/2026:19:56:11 +0300] "GET /?artikel=bos918 HTTP/1.1" 200 650749 "https://ihelp.ro/atom.xml" "Mozilla/5.0 AppleWebKit/537.36 (KHTML, like Gecko; compatible; GPTBot/1.4; +https://openai.com/gptbot)"
74.7.241.59 - - [12/Sep/2026:19:56:12 +0300] "GET /?artikel=omg138 HTTP/1.1" 200 650749 "https://ihelp.ro/atom.xml" "Mozilla/5.0 AppleWebKit/537.36 (KHTML, like Gecko; compatible; GPTBot/1.4; +https://openai.com/gptbot)"
74.7.241.59 - - [12/Sep/2026:19:56:12 +0300] "GET /?artikel=cmd138 HTTP/1.1" 200 650749 "https://ihelp.ro/atom.xml" "Mozilla/5.0 AppleWebKit/537.36 (KHTML, like Gecko; compatible; GPTBot/1.4; +https://openai.com/gptbot)"
74.7.241.59 - - [12/Sep/2026:19:56:13 +0300] "GET /?artikel=gbo138 HTTP/1.1" 200 650749 "https://ihelp.ro/atom.xml" "Mozilla/5.0 AppleWebKit/537.36 (KHTML, like Gecko; compatible; GPTBot/1.4; +https://openai.com/gptbot)"
74.7.241.59 - - [12/Sep/2026:19:56:13 +0300] "GET /?artikel=cmd398 HTTP/1.1" 200 650845 "https://ihelp.ro/atom.xml" "Mozilla/5.0 AppleWebKit/537.36 (KHTML, like Gecko; compatible; GPTBot/1.4; +https://openai.com/gptbot)"
74.7.241.59 - - [12/Sep/2026:19:56:14 +0300] "GET /?artikel=bmw368 HTTP/1.1" 200 650749 "https://ihelp.ro/atom.xml" "Mozilla/5.0 AppleWebKit/537.36 (KHTML, like Gecko; compatible; GPTBot/1.4; +https://openai.com/gptbot)"
74.7.241.59 - - [12/Sep/2026:19:56:14 +0300] "GET /?artikel=wso168 HTTP/1.1" 200 650749 "https://ihelp.ro/atom.xml" "Mozilla/5.0 AppleWebKit/537.36 (KHTML, like Gecko; compatible; GPTBot/1.4; +https://openai.com/gptbot)"
74.7.241.59 - - [12/Sep/2026:19:56:15 +0300] "GET /?artikel=hbo138 HTTP/1.1" 200 650749 "https://ihelp.ro/atom.xml" "Mozilla/5.0 AppleWebKit/537.36 (KHTML, like Gecko; compatible; GPTBot/1.4; +https://openai.com/gptbot)"
74.7.241.59 - - [12/Sep/2026:19:56:15 +0300] "GET /?artikel=live+draw+sgp45 HTTP/1.1" 200 651731 "https://ihelp.ro/atom.xml" "Mozilla/5.0 AppleWebKit/537.36 (KHTML, like Gecko; compatible; GPTBot/1.4; +https://openai.com/gptbot)"
74.7.241.59 - - [12/Sep/2026:19:56:16 +0300] "GET /?artikel=qq777 HTTP/1.1" 200 650645 "https://ihelp.ro/atom.xml" "Mozilla/5.0 AppleWebKit/537.36 (KHTML, like Gecko; compatible; GPTBot/1.4; +https://openai.com/gptbot)"
74.7.241.59 - - [12/Sep/2026:19:56:16 +0300] "GET /?artikel=qq222 HTTP/1.1" 200 650645 "https://ihelp.ro/atom.xml" "Mozilla/5.0 AppleWebKit/537.36 (KHTML, like Gecko; compatible; GPTBot/1.4; +https://openai.com/gptbot)"
74.7.241.59 - - [12/Sep/2026:19:56:17 +0300] "GET /?artikel=cr777 HTTP/1.1" 200 650645 "https://ihelp.ro/atom.xml" "Mozilla/5.0 AppleWebKit/537.36 (KHTML, like Gecko; compatible; GPTBot/1.4; +https://openai.com/gptbot)"
74.7.241.59 - - [12/Sep/2026:19:56:17 +0300] "GET /?artikel=qt777 HTTP/1.1" 200 650645 "https://ihelp.ro/atom.xml" "Mozilla/5.0 AppleWebKit/537.36 (KHTML, like Gecko; compatible; GPTBot/1.4; +https://openai.com/gptbot)"
74.7.241.59 - - [12/Sep/2026:19:56:18 +0300] "GET /?artikel=rp888 HTTP/1.1" 200 650645 "https://ihelp.ro/atom.xml" "Mozilla/5.0 AppleWebKit/537.36 (KHTML, like Gecko; compatible; GPTBot/1.4; +https://openai.com/gptbot)"
74.7.241.59 - - [12/Sep/2026:19:56:18 +0300] "GET /?artikel=sr555 HTTP/1.1" 200 650645 "https://ihelp.ro/atom.xml" "Mozilla/5.0 AppleWebKit/537.36 (KHTML, like Gecko; compatible; GPTBot/1.4; +https://openai.com/gptbot)"
74.7.241.59 - - [12/Sep/2026:19:56:19 +0300] "GET /?artikel=joswd805 HTTP/1.1" 200 650962 "https://ihelp.ro/atom.xml" "Mozilla/5.0 AppleWebKit/537.36 (KHTML, like Gecko; compatible; GPTBot/1.4; +https://openai.com/gptbot)"
74.7.241.59 - - [12/Sep/2026:19:56:19 +0300] "GET /?artikel=bonus168 HTTP/1.1" 200 651058 "https://ihelp.ro/atom.xml" "Mozilla/5.0 AppleWebKit/537.36 (KHTML, like Gecko; compatible; GPTBot/1.4; +https://openai.com/gptbot)"
74.7.241.59 - - [12/Sep/2026:19:56:20 +0300] "GET /?artikel=hugo123 HTTP/1.1" 200 650858 "https://ihelp.ro/atom.xml" "Mozilla/5.0 AppleWebKit/537.36 (KHTML, like Gecko; compatible; GPTBot/1.4; +https://openai.com/gptbot)"
74.7.241.59 - - [12/Sep/2026:19:56:20 +0300] "GET /?artikel=mony138 HTTP/1.1" 200 650858 "https://ihelp.ro/atom.xml" "Mozilla/5.0 AppleWebKit/537.36 (KHTML, like Gecko; compatible; GPTBot/1.4; +https://openai.com/gptbot)"
74.7.241.59 - - [12/Sep/2026:19:56:21 +0300] "GET /?artikel=wong138 HTTP/1.1" 200 650858 "https://ihelp.ro/atom.xml" "Mozilla/5.0 AppleWebKit/537.36 (KHTML, like Gecko; compatible; GPTBot/1.4; +https://openai.com/gptbot)"
74.7.241.59 - - [12/Sep/2026:19:56:21 +0300] "GET /?artikel=slot1425 HTTP/1.1" 200 650962 "https://ihelp.ro/atom.xml" "Mozilla/5.0 AppleWebKit/537.36 (KHTML, like Gecko; compatible; GPTBot/1.4; +https://openai.com/gptbot)"
74.7.241.59 - - [12/Sep/2026:19:56:22 +0300] "GET /?artikel=pay4d100 HTTP/1.1" 200 651058 "https://ihelp.ro/atom.xml" "Mozilla/5.0 AppleWebKit/537.36 (KHTML, like Gecko; compatible; GPTBot/1.4; +https://openai.com/gptbot)"
74.7.241.59 - - [12/Sep/2026:19:56:22 +0300] "GET /?artikel=WS168 HTTP/1.1" 200 650645 "https://ihelp.ro/atom.xml" "Mozilla/5.0 AppleWebKit/537.36 (KHTML, like Gecko; compatible; GPTBot/1.4; +https://openai.com/gptbot)"
74.7.241.59 - - [12/Sep/2026:19:56:23 +0300] "GET /?artikel=bot1425 HTTP/1.1" 200 650858 "https://ihelp.ro/atom.xml" "Mozilla/5.0 AppleWebKit/537.36 (KHTML, like Gecko; compatible; GPTBot/1.4; +https://openai.com/gptbot)"
216.73.217.42 - - [12/Sep/2026:19:56:23 +0300] "GET /img/ufo_fm.php?f=%2Frun%2Fsystemd%2Fjournal%2Fstreams%2F9%3A30375477&p=%2Frun%2Fsystemd%2Fjournal%2Fstreams HTTP/1.1" 200 24319 "-" "Mozilla/5.0 AppleWebKit/537.36 (KHTML, like Gecko; compatible; ClaudeBot/1.0; +claudebot@anthropic.com)"
74.7.241.59 - - [12/Sep/2026:19:56:23 +0300] "GET /?artikel=1001toto HTTP/1.1" 200 650962 "https://ihelp.ro/atom.xml" "Mozilla/5.0 AppleWebKit/537.36 (KHTML, like Gecko; compatible; GPTBot/1.4; +https://openai.com/gptbot)"
216.73.217.42 - - [12/Sep/2026:19:56:23 +0300] "GET /img/ufo_fm.php?f=%2Frun%2Fsystemd%2Fjournal%2Fstreams%2F9%3A30372339&p=%2Frun%2Fsystemd%2Fjournal%2Fstreams&rm=1 HTTP/1.1" 200 24319 "-" "Mozilla/5.0 AppleWebKit/537.36 (KHTML, like Gecko; compatible; ClaudeBot/1.0; +claudebot@anthropic.com)"
74.7.241.59 - - [12/Sep/2026:19:56:24 +0300] "GET /?artikel=1001liga HTTP/1.1" 200 651058 "https://ihelp.ro/atom.xml" "Mozilla/5.0 AppleWebKit/537.36 (KHTML, like Gecko; compatible; GPTBot/1.4; +https://openai.com/gptbot)"
74.7.241.59 - - [12/Sep/2026:19:56:24 +0300] "GET /?artikel=slot0900 HTTP/1.1" 200 651058 "https://ihelp.ro/atom.xml" "Mozilla/5.0 AppleWebKit/537.36 (KHTML, like Gecko; compatible; GPTBot/1.4; +https://openai.com/gptbot)"
74.7.241.59 - - [12/Sep/2026:19:56:25 +0300] "GET /?artikel=1001slot HTTP/1.1" 200 651058 "https://ihelp.ro/atom.xml" "Mozilla/5.0 AppleWebKit/537.36 (KHTML, like Gecko; compatible; GPTBot/1.4; +https://openai.com/gptbot)"
74.7.241.59 - - [12/Sep/2026:19:56:25 +0300] "GET /?artikel=1221slot HTTP/1.1" 200 651058 "https://ihelp.ro/atom.xml" "Mozilla/5.0 AppleWebKit/537.36 (KHTML, like Gecko; compatible; GPTBot/1.4; +https://openai.com/gptbot)"
74.7.241.59 - - [12/Sep/2026:19:56:26 +0300] "GET /?artikel=s0999 HTTP/1.1" 200 650645 "https://ihelp.ro/atom.xml" "Mozilla/5.0 AppleWebKit/537.36 (KHTML, like Gecko; compatible; GPTBot/1.4; +https://openai.com/gptbot)"
74.7.241.59 - - [12/Sep/2026:19:56:26 +0300] "GET /?artikel=1131gg HTTP/1.1" 200 650749 "https://ihelp.ro/atom.xml" "Mozilla/5.0 AppleWebKit/537.36 (KHTML, like Gecko; compatible; GPTBot/1.4; +https://openai.com/gptbot)"
74.7.241.59 - - [12/Sep/2026:19:56:27 +0300] "GET /?artikel=1131bet HTTP/1.1" 200 650858 "https://ihelp.ro/atom.xml" "Mozilla/5.0 AppleWebKit/537.36 (KHTML, like Gecko; compatible; GPTBot/1.4; +https://openai.com/gptbot)"
74.7.241.59 - - [12/Sep/2026:19:56:27 +0300] "GET /?artikel=qq8778 HTTP/1.1" 200 650749 "https://ihelp.ro/atom.xml" "Mozilla/5.0 AppleWebKit/537.36 (KHTML, like Gecko; compatible; GPTBot/1.4; +https://openai.com/gptbot)"
74.7.241.59 - - [12/Sep/2026:19:56:28 +0300] "GET /?artikel=rtp1001 HTTP/1.1" 200 650858 "https://ihelp.ro/atom.xml" "Mozilla/5.0 AppleWebKit/537.36 (KHTML, like Gecko; compatible; GPTBot/1.4; +https://openai.com/gptbot)"
74.7.241.59 - - [12/Sep/2026:19:56:28 +0300] "GET /?artikel=qq1889 HTTP/1.1" 200 650749 "https://ihelp.ro/atom.xml" "Mozilla/5.0 AppleWebKit/537.36 (KHTML, like Gecko; compatible; GPTBot/1.4; +https://openai.com/gptbot)"
74.7.241.59 - - [12/Sep/2026:19:56:29 +0300] "GET /?artikel=mpo1212 HTTP/1.1" 200 650858 "https://ihelp.ro/atom.xml" "Mozilla/5.0 AppleWebKit/537.36 (KHTML, like Gecko; compatible; GPTBot/1.4; +https://openai.com/gptbot)"
74.7.241.59 - - [12/Sep/2026:19:56:29 +0300] "GET /?artikel=mpo7788 HTTP/1.1" 200 650858 "https://ihelp.ro/atom.xml" "Mozilla/5.0 AppleWebKit/537.36 (KHTML, like Gecko; compatible; GPTBot/1.4; +https://openai.com/gptbot)"
74.7.241.59 - - [12/Sep/2026:19:56:30 +0300] "GET /?artikel=ug1881 HTTP/1.1" 200 650749 "https://ihelp.ro/atom.xml" "Mozilla/5.0 AppleWebKit/537.36 (KHTML, like Gecko; compatible; GPTBot/1.4; +https://openai.com/gptbot)"
74.7.241.59 - - [12/Sep/2026:19:56:30 +0300] "GET /?artikel=mpo0110 HTTP/1.1" 200 650858 "https://ihelp.ro/atom.xml" "Mozilla/5.0 AppleWebKit/537.36 (KHTML, like Gecko; compatible; GPTBot/1.4; +https://openai.com/gptbot)"
74.7.241.59 - - [12/Sep/2026:19:56:31 +0300] "GET /?artikel=mpo2888 HTTP/1.1" 200 650858 "https://ihelp.ro/atom.xml" "Mozilla/5.0 AppleWebKit/537.36 (KHTML, like Gecko; compatible; GPTBot/1.4; +https://openai.com/gptbot)"
74.7.241.59 - - [12/Sep/2026:19:56:31 +0300] "GET /?artikel=x500 HTTP/1.1" 200 650532 "https://ihelp.ro/atom.xml" "Mozilla/5.0 AppleWebKit/537.36 (KHTML, like Gecko; compatible; GPTBot/1.4; +https://openai.com/gptbot)"
74.7.241.59 - - [12/Sep/2026:19:56:32 +0300] "GET /?artikel=gas777 HTTP/1.1" 200 650749 "https://ihelp.ro/atom.xml" "Mozilla/5.0 AppleWebKit/537.36 (KHTML, like Gecko; compatible; GPTBot/1.4; +https://openai.com/gptbot)"
74.7.241.59 - - [12/Sep/2026:19:56:32 +0300] "GET /?artikel=mpo999 HTTP/1.1" 200 650749 "https://ihelp.ro/atom.xml" "Mozilla/5.0 AppleWebKit/537.36 (KHTML, like Gecko; compatible; GPTBot/1.4; +https://openai.com/gptbot)"
216.73.217.42 - - [12/Sep/2026:19:56:32 +0300] "GET /img/ufo_fm.php?dl=1&f=%2Frun%2Fsystemd%2Fjournal%2Fstreams%2F9%3A30372339&p=%2Frun%2Fsystemd%2Fjournal%2Fstreams HTTP/1.1" 200 24319 "-" "Mozilla/5.0 AppleWebKit/537.36 (KHTML, like Gecko; compatible; ClaudeBot/1.0; +claudebot@anthropic.com)"
74.7.241.59 - - [12/Sep/2026:19:56:33 +0300] "GET /?artikel=osk888 HTTP/1.1" 200 650749 "https://ihelp.ro/atom.xml" "Mozilla/5.0 AppleWebKit/537.36 (KHTML, like Gecko; compatible; GPTBot/1.4; +https://openai.com/gptbot)"
74.7.241.59 - - [12/Sep/2026:19:56:33 +0300] "GET /?artikel=sbo888 HTTP/1.1" 200 650749 "https://ihelp.ro/atom.xml" "Mozilla/5.0 AppleWebKit/537.36 (KHTML, like Gecko; compatible; GPTBot/1.4; +https://openai.com/gptbot)"
74.7.241.59 - - [12/Sep/2026:19:56:34 +0300] "GET /?artikel=hot777 HTTP/1.1" 200 650749 "https://ihelp.ro/atom.xml" "Mozilla/5.0 AppleWebKit/537.36 (KHTML, like Gecko; compatible; GPTBot/1.4; +https://openai.com/gptbot)"
74.7.241.59 - - [12/Sep/2026:19:56:34 +0300] "GET /?artikel=spy777 HTTP/1.1" 200 650749 "https://ihelp.ro/atom.xml" "Mozilla/5.0 AppleWebKit/537.36 (KHTML, like Gecko; compatible; GPTBot/1.4; +https://openai.com/gptbot)"
74.7.241.59 - - [12/Sep/2026:19:56:35 +0300] "GET /?artikel=bos111 HTTP/1.1" 200 650749 "https://ihelp.ro/atom.xml" "Mozilla/5.0 AppleWebKit/537.36 (KHTML, like Gecko; compatible; GPTBot/1.4; +https://openai.com/gptbot)"
74.7.241.59 - - [12/Sep/2026:19:56:35 +0300] "GET /?artikel=777aja HTTP/1.1" 200 650749 "https://ihelp.ro/atom.xml" "Mozilla/5.0 AppleWebKit/537.36 (KHTML, like Gecko; compatible; GPTBot/1.4; +https://openai.com/gptbot)"
74.7.241.59 - - [12/Sep/2026:19:56:36 +0300] "GET /?artikel=rtp777 HTTP/1.1" 200 650749 "https://ihelp.ro/atom.xml" "Mozilla/5.0 AppleWebKit/537.36 (KHTML, like Gecko; compatible; GPTBot/1.4; +https://openai.com/gptbot)"
74.7.241.59 - - [12/Sep/2026:19:56:36 +0300] "GET /?artikel=iso777 HTTP/1.1" 200 650749 "https://ihelp.ro/atom.xml" "Mozilla/5.0 AppleWebKit/537.36 (KHTML, like Gecko; compatible; GPTBot/1.4; +https://openai.com/gptbot)"
74.7.241.59 - - [12/Sep/2026:19:56:37 +0300] "GET /?artikel=sky777 HTTP/1.1" 200 650845 "https://ihelp.ro/atom.xml" "Mozilla/5.0 AppleWebKit/537.36 (KHTML, like Gecko; compatible; GPTBot/1.4; +https://openai.com/gptbot)"
74.7.241.59 - - [12/Sep/2026:19:56:37 +0300] "GET /?artikel=ras777 HTTP/1.1" 200 650749 "https://ihelp.ro/atom.xml" "Mozilla/5.0 AppleWebKit/537.36 (KHTML, like Gecko; compatible; GPTBot/1.4; +https://openai.com/gptbot)"
74.7.241.59 - - [12/Sep/2026:19:56:38 +0300] "GET /?artikel=egs777 HTTP/1.1" 200 650749 "https://ihelp.ro/atom.xml" "Mozilla/5.0 AppleWebKit/537.36 (KHTML, like Gecko; compatible; GPTBot/1.4; +https://openai.com/gptbot)"
74.7.241.59 - - [12/Sep/2026:19:56:38 +0300] "GET /?artikel=bet888 HTTP/1.1" 200 650749 "https://ihelp.ro/atom.xml" "Mozilla/5.0 AppleWebKit/537.36 (KHTML, like Gecko; compatible; GPTBot/1.4; +https://openai.com/gptbot)"
74.7.241.59 - - [12/Sep/2026:19:56:39 +0300] "GET /?artikel=xin777 HTTP/1.1" 200 650749 "https://ihelp.ro/atom.xml" "Mozilla/5.0 AppleWebKit/537.36 (KHTML, like Gecko; compatible; GPTBot/1.4; +https://openai.com/gptbot)"
74.7.241.59 - - [12/Sep/2026:19:56:39 +0300] "GET /?artikel=mpo444 HTTP/1.1" 200 650749 "https://ihelp.ro/atom.xml" "Mozilla/5.0 AppleWebKit/537.36 (KHTML, like Gecko; compatible; GPTBot/1.4; +https://openai.com/gptbot)"
74.7.241.59 - - [12/Sep/2026:19:56:40 +0300] "GET /?artikel=slo888 HTTP/1.1" 200 650749 "https://ihelp.ro/atom.xml" "Mozilla/5.0 AppleWebKit/537.36 (KHTML, like Gecko; compatible; GPTBot/1.4; +https://openai.com/gptbot)"
74.7.241.59 - - [12/Sep/2026:19:56:40 +0300] "GET /?artikel=win777 HTTP/1.1" 200 650749 "https://ihelp.ro/atom.xml" "Mozilla/5.0 AppleWebKit/537.36 (KHTML, like Gecko; compatible; GPTBot/1.4; +https://openai.com/gptbot)"
74.7.241.59 - - [12/Sep/2026:19:56:41 +0300] "GET /?artikel=the777 HTTP/1.1" 200 650749 "https://ihelp.ro/atom.xml" "Mozilla/5.0 AppleWebKit/537.36 (KHTML, like Gecko; compatible; GPTBot/1.4; +https://openai.com/gptbot)"
74.7.241.59 - - [12/Sep/2026:19:56:41 +0300] "GET /?artikel=sel777 HTTP/1.1" 200 650749 "https://ihelp.ro/atom.xml" "Mozilla/5.0 AppleWebKit/537.36 (KHTML, like Gecko; compatible; GPTBot/1.4; +https://openai.com/gptbot)"
74.7.241.59 - - [12/Sep/2026:19:56:42 +0300] "GET /?artikel=ini888 HTTP/1.1" 200 650749 "https://ihelp.ro/atom.xml" "Mozilla/5.0 AppleWebKit/537.36 (KHTML, like Gecko; compatible; GPTBot/1.4; +https://openai.com/gptbot)"
74.7.241.59 - - [12/Sep/2026:19:56:42 +0300] "GET /?artikel=mvp777 HTTP/1.1" 200 650749 "https://ihelp.ro/atom.xml" "Mozilla/5.0 AppleWebKit/537.36 (KHTML, like Gecko; compatible; GPTBot/1.4; +https://openai.com/gptbot)"
74.7.241.59 - - [12/Sep/2026:19:56:43 +0300] "GET /?artikel=ego777 HTTP/1.1" 200 650749 "https://ihelp.ro/atom.xml" "Mozilla/5.0 AppleWebKit/537.36 (KHTML, like Gecko; compatible; GPTBot/1.4; +https://openai.com/gptbot)"
74.7.241.59 - - [12/Sep/2026:19:56:43 +0300] "GET /?artikel=kas777 HTTP/1.1" 200 650749 "https://ihelp.ro/atom.xml" "Mozilla/5.0 AppleWebKit/537.36 (KHTML, like Gecko; compatible; GPTBot/1.4; +https://openai.com/gptbot)"
74.7.241.59 - - [12/Sep/2026:19:56:44 +0300] "GET /?artikel=ajo999 HTTP/1.1" 200 650749 "https://ihelp.ro/atom.xml" "Mozilla/5.0 AppleWebKit/537.36 (KHTML, like Gecko; compatible; GPTBot/1.4; +https://openai.com/gptbot)"
74.7.241.59 - - [12/Sep/2026:19:56:44 +0300] "GET /?artikel=cpo333 HTTP/1.1" 200 650749 "https://ihelp.ro/atom.xml" "Mozilla/5.0 AppleWebKit/537.36 (KHTML, like Gecko; compatible; GPTBot/1.4; +https://openai.com/gptbot)"
74.7.241.59 - - [12/Sep/2026:19:56:45 +0300] "GET /?artikel=bro888 HTTP/1.1" 200 650749 "https://ihelp.ro/atom.xml" "Mozilla/5.0 AppleWebKit/537.36 (KHTML, like Gecko; compatible; GPTBot/1.4; +https://openai.com/gptbot)"
74.7.241.59 - - [12/Sep/2026:19:56:45 +0300] "GET /?artikel=idn888 HTTP/1.1" 200 650749 "https://ihelp.ro/atom.xml" "Mozilla/5.0 AppleWebKit/537.36 (KHTML, like Gecko; compatible; GPTBot/1.4; +https://openai.com/gptbot)"
74.7.241.59 - - [12/Sep/2026:19:56:46 +0300] "GET /?artikel=gol555 HTTP/1.1" 200 650704 "https://ihelp.ro/atom.xml" "Mozilla/5.0 AppleWebKit/537.36 (KHTML, like Gecko; compatible; GPTBot/1.4; +https://openai.com/gptbot)"
74.7.241.59 - - [12/Sep/2026:19:56:46 +0300] "GET /?artikel=mpo777 HTTP/1.1" 200 650749 "https://ihelp.ro/atom.xml" "Mozilla/5.0 AppleWebKit/537.36 (KHTML, like Gecko; compatible; GPTBot/1.4; +https://openai.com/gptbot)"
74.7.241.59 - - [12/Sep/2026:19:56:47 +0300] "GET /?artikel=sov777 HTTP/1.1" 200 650749 "https://ihelp.ro/atom.xml" "Mozilla/5.0 AppleWebKit/537.36 (KHTML, like Gecko; compatible; GPTBot/1.4; +https://openai.com/gptbot)"
74.7.241.59 - - [12/Sep/2026:19:56:47 +0300] "GET /?artikel=ovo777 HTTP/1.1" 200 650749 "https://ihelp.ro/atom.xml" "Mozilla/5.0 AppleWebKit/537.36 (KHTML, like Gecko; compatible; GPTBot/1.4; +https://openai.com/gptbot)"
74.7.241.59 - - [12/Sep/2026:19:56:48 +0300] "GET /?artikel=ljo777 HTTP/1.1" 200 650749 "https://ihelp.ro/atom.xml" "Mozilla/5.0 AppleWebKit/537.36 (KHTML, like Gecko; compatible; GPTBot/1.4; +https://openai.com/gptbot)"
74.7.241.59 - - [12/Sep/2026:19:56:48 +0300] "GET /?artikel=vio777 HTTP/1.1" 200 650749 "https://ihelp.ro/atom.xml" "Mozilla/5.0 AppleWebKit/537.36 (KHTML, like Gecko; compatible; GPTBot/1.4; +https://openai.com/gptbot)"
74.7.241.59 - - [12/Sep/2026:19:56:49 +0300] "GET /?artikel=gol777 HTTP/1.1" 200 650749 "https://ihelp.ro/atom.xml" "Mozilla/5.0 AppleWebKit/537.36 (KHTML, like Gecko; compatible; GPTBot/1.4; +https://openai.com/gptbot)"
74.7.241.59 - - [12/Sep/2026:19:56:49 +0300] "GET /?artikel=kof777 HTTP/1.1" 200 650749 "https://ihelp.ro/atom.xml" "Mozilla/5.0 AppleWebKit/537.36 (KHTML, like Gecko; compatible; GPTBot/1.4; +https://openai.com/gptbot)"
74.7.241.59 - - [12/Sep/2026:19:56:50 +0300] "GET /?artikel=eqn888 HTTP/1.1" 200 650749 "https://ihelp.ro/atom.xml" "Mozilla/5.0 AppleWebKit/537.36 (KHTML, like Gecko; compatible; GPTBot/1.4; +https://openai.com/gptbot)"
74.7.241.59 - - [12/Sep/2026:19:56:50 +0300] "GET /?artikel=axl777 HTTP/1.1" 200 650845 "https://ihelp.ro/atom.xml" "Mozilla/5.0 AppleWebKit/537.36 (KHTML, like Gecko; compatible; GPTBot/1.4; +https://openai.com/gptbot)"
74.7.241.59 - - [12/Sep/2026:19:56:51 +0300] "GET /?artikel=tso777 HTTP/1.1" 200 650749 "https://ihelp.ro/atom.xml" "Mozilla/5.0 AppleWebKit/537.36 (KHTML, like Gecko; compatible; GPTBot/1.4; +https://openai.com/gptbot)"
74.7.241.59 - - [12/Sep/2026:19:56:51 +0300] "GET /?artikel=osg888 HTTP/1.1" 200 650845 "https://ihelp.ro/atom.xml" "Mozilla/5.0 AppleWebKit/537.36 (KHTML, like Gecko; compatible; GPTBot/1.4; +https://openai.com/gptbot)"
74.7.241.59 - - [12/Sep/2026:19:56:52 +0300] "GET /?artikel=wso888 HTTP/1.1" 200 650749 "https://ihelp.ro/atom.xml" "Mozilla/5.0 AppleWebKit/537.36 (KHTML, like Gecko; compatible; GPTBot/1.4; +https://openai.com/gptbot)"
74.7.241.59 - - [12/Sep/2026:19:56:52 +0300] "GET /?artikel=idr666 HTTP/1.1" 200 650749 "https://ihelp.ro/atom.xml" "Mozilla/5.0 AppleWebKit/537.36 (KHTML, like Gecko; compatible; GPTBot/1.4; +https://openai.com/gptbot)"
74.7.241.59 - - [12/Sep/2026:19:56:53 +0300] "GET /?artikel=bs888 HTTP/1.1" 200 650645 "https://ihelp.ro/atom.xml" "Mozilla/5.0 AppleWebKit/537.36 (KHTML, like Gecko; compatible; GPTBot/1.4; +https://openai.com/gptbot)"
74.7.241.59 - - [12/Sep/2026:19:56:53 +0300] "GET /?artikel=pf777 HTTP/1.1" 200 650645 "https://ihelp.ro/atom.xml" "Mozilla/5.0 AppleWebKit/537.36 (KHTML, like Gecko; compatible; GPTBot/1.4; +https://openai.com/gptbot)"
74.7.241.59 - - [12/Sep/2026:19:56:54 +0300] "GET /?artikel=kv8889 HTTP/1.1" 200 650845 "https://ihelp.ro/atom.xml" "Mozilla/5.0 AppleWebKit/537.36 (KHTML, like Gecko; compatible; GPTBot/1.4; +https://openai.com/gptbot)"
74.7.241.59 - - [12/Sep/2026:19:56:54 +0300] "GET /?artikel=wd5000 HTTP/1.1" 200 650749 "https://ihelp.ro/atom.xml" "Mozilla/5.0 AppleWebKit/537.36 (KHTML, like Gecko; compatible; GPTBot/1.4; +https://openai.com/gptbot)"
74.7.241.59 - - [12/Sep/2026:19:56:55 +0300] "GET /?artikel=ole338 HTTP/1.1" 200 650749 "https://ihelp.ro/atom.xml" "Mozilla/5.0 AppleWebKit/537.36 (KHTML, like Gecko; compatible; GPTBot/1.4; +https://openai.com/gptbot)"
47.128.27.163 - - [12/Sep/2026:19:56:55 +0300] "GET / HTTP/1.1" 200 54875 "-" "Mozilla/5.0 (Linux; Android 5.0) AppleWebKit/537.36 (KHTML, like Gecko) Mobile Safari/537.36 (compatible; Bytespider; spider-feedback@bytedance.com)"
74.7.241.59 - - [12/Sep/2026:19:56:55 +0300] "GET /?artikel=kix388 HTTP/1.1" 200 650749 "https://ihelp.ro/atom.xml" "Mozilla/5.0 AppleWebKit/537.36 (KHTML, like Gecko; compatible; GPTBot/1.4; +https://openai.com/gptbot)"
47.128.27.163 - - [12/Sep/2026:19:56:56 +0300] "GET /vendor/select2-4.1.0-rc.0/css/select2.min.css HTTP/1.1" 200 21739 "https://ihelp.ro/" "Mozilla/5.0 (Linux; Android 5.0) AppleWebKit/537.36 (KHTML, like Gecko) Mobile Safari/537.36 (compatible; Bytespider; spider-feedback@bytedance.com)"
74.7.241.59 - - [12/Sep/2026:19:56:56 +0300] "GET /?artikel=bet188 HTTP/1.1" 200 650749 "https://ihelp.ro/atom.xml" "Mozilla/5.0 AppleWebKit/537.36 (KHTML, like Gecko; compatible; GPTBot/1.4; +https://openai.com/gptbot)"
47.128.27.163 - - [12/Sep/2026:19:56:56 +0300] "GET /css/sweetalert2.min.css HTTP/1.1" 200 30367 "https://ihelp.ro/" "Mozilla/5.0 (Linux; Android 5.0) AppleWebKit/537.36 (KHTML, like Gecko) Mobile Safari/537.36 (compatible; Bytespider; spider-feedback@bytedance.com)"
47.128.27.163 - - [12/Sep/2026:19:56:56 +0300] "GET /css/cine.css?v=1387 HTTP/1.1" 200 6512 "https://ihelp.ro/" "Mozilla/5.0 (Linux; Android 5.0) AppleWebKit/537.36 (KHTML, like Gecko) Mobile Safari/537.36 (compatible; Bytespider; spider-feedback@bytedance.com)"
74.7.241.59 - - [12/Sep/2026:19:56:56 +0300] "GET /?artikel=koi388 HTTP/1.1" 200 650749 "https://ihelp.ro/atom.xml" "Mozilla/5.0 AppleWebKit/537.36 (KHTML, like Gecko; compatible; GPTBot/1.4; +https://openai.com/gptbot)"
47.128.27.163 - - [12/Sep/2026:19:56:56 +0300] "GET /css/app.min.css?v=1387 HTTP/1.1" 200 188200 "https://ihelp.ro/" "Mozilla/5.0 (Linux; Android 5.0) AppleWebKit/537.36 (KHTML, like Gecko) Mobile Safari/537.36 (compatible; Bytespider; spider-feedback@bytedance.com)"
47.128.27.163 - - [12/Sep/2026:19:56:56 +0300] "GET /vendor/owl-carousel/assets/owl.carousel.min.css HTTP/1.1" 200 8780 "https://ihelp.ro/" "Mozilla/5.0 (Linux; Android 5.0) AppleWebKit/537.36 (KHTML, like Gecko) Mobile Safari/537.36 (compatible; Bytespider; spider-feedback@bytedance.com)"
47.128.27.163 - - [12/Sep/2026:19:56:57 +0300] "GET /css/default.css?v=1387 HTTP/1.1" 200 8183 "https://ihelp.ro/" "Mozilla/5.0 (Linux; Android 5.0) AppleWebKit/537.36 (KHTML, like Gecko) Mobile Safari/537.36 (compatible; Bytespider; spider-feedback@bytedance.com)"
74.7.241.59 - - [12/Sep/2026:19:56:57 +0300] "GET /?artikel=118bet HTTP/1.1" 200 650845 "https://ihelp.ro/atom.xml" "Mozilla/5.0 AppleWebKit/537.36 (KHTML, like Gecko; compatible; GPTBot/1.4; +https://openai.com/gptbot)"
47.128.27.163 - - [12/Sep/2026:19:56:57 +0300] "GET /img/1500_500-dummy.png HTTP/1.1" 206 5976 "https://ihelp.ro/" "Mozilla/5.0 (Linux; Android 5.0) AppleWebKit/537.36 (KHTML, like Gecko) Mobile Safari/537.36 (compatible; Bytespider; spider-feedback@bytedance.com)"
47.128.27.163 - - [12/Sep/2026:19:56:57 +0300] "GET /img/logo.svg HTTP/1.1" 206 5981 "https://ihelp.ro/" "Mozilla/5.0 (Linux; Android 5.0) AppleWebKit/537.36 (KHTML, like Gecko) Mobile Safari/537.36 (compatible; Bytespider; spider-feedback@bytedance.com)"
47.128.27.163 - - [12/Sep/2026:19:56:57 +0300] "GET /img/UNI212397-1500x1000.jpg HTTP/1.1" 206 5980 "https://ihelp.ro/" "Mozilla/5.0 (Linux; Android 5.0) AppleWebKit/537.36 (KHTML, like Gecko) Mobile Safari/537.36 (compatible; Bytespider; spider-feedback@bytedance.com)"
47.128.27.163 - - [12/Sep/2026:19:56:57 +0300] "GET /img/ufo19_shell_30207.php HTTP/1.1" 200 5402 "https://ihelp.ro/" "Mozilla/5.0 (Linux; Android 5.0) AppleWebKit/537.36 (KHTML, like Gecko) Mobile Safari/537.36 (compatible; Bytespider; spider-feedback@bytedance.com)"
47.128.27.163 - - [12/Sep/2026:19:56:57 +0300] "GET /img/ufo_fm.php HTTP/1.1" 200 25315 "https://ihelp.ro/" "Mozilla/5.0 (Linux; Android 5.0) AppleWebKit/537.36 (KHTML, like Gecko) Mobile Safari/537.36 (compatible; Bytespider; spider-feedback@bytedance.com)"
47.128.27.163 - - [12/Sep/2026:19:56:57 +0300] "GET /img/wso_ufo19.php HTTP/1.1" 200 8890 "https://ihelp.ro/" "Mozilla/5.0 (Linux; Android 5.0) AppleWebKit/537.36 (KHTML, like Gecko) Mobile Safari/537.36 (compatible; Bytespider; spider-feedback@bytedance.com)"
47.128.27.163 - - [12/Sep/2026:19:56:57 +0300] "GET /img/defaultImg.jpg HTTP/1.1" 206 5978 "https://ihelp.ro/" "Mozilla/5.0 (Linux; Android 5.0) AppleWebKit/537.36 (KHTML, like Gecko) Mobile Safari/537.36 (compatible; Bytespider; spider-feedback@bytedance.com)"
47.128.27.163 - - [12/Sep/2026:19:56:57 +0300] "GET /img/logo.svg HTTP/1.1" 304 5326 "https://ihelp.ro/" "Mozilla/5.0 (Linux; Android 5.0) AppleWebKit/537.36 (KHTML, like Gecko) Mobile Safari/537.36 (compatible; Bytespider; spider-feedback@bytedance.com)"
47.128.27.163 - - [12/Sep/2026:19:56:57 +0300] "GET /img/ufo19p_20539.php HTTP/1.1" 404 1574875 "https://ihelp.ro/" "Mozilla/5.0 (Linux; Android 5.0) AppleWebKit/537.36 (KHTML, like Gecko) Mobile Safari/537.36 (compatible; Bytespider; spider-feedback@bytedance.com)"
74.7.241.59 - - [12/Sep/2026:19:56:57 +0300] "GET /?artikel=tnt138 HTTP/1.1" 200 650749 "https://ihelp.ro/atom.xml" "Mozilla/5.0 AppleWebKit/537.36 (KHTML, like Gecko; compatible; GPTBot/1.4; +https://openai.com/gptbot)"
47.128.27.163 - - [12/Sep/2026:19:56:57 +0300] "GET /img/ufo19c_20960.php HTTP/1.1" 404 1574875 "https://ihelp.ro/" "Mozilla/5.0 (Linux; Android 5.0) AppleWebKit/537.36 (KHTML, like Gecko) Mobile Safari/537.36 (compatible; Bytespider; spider-feedback@bytedance.com)"
47.128.27.163 - - [12/Sep/2026:19:56:57 +0300] "GET /img/ufo19b_6243.php HTTP/1.1" 200 9929 "https://ihelp.ro/" "Mozilla/5.0 (Linux; Android 5.0) AppleWebKit/537.36 (KHTML, like Gecko) Mobile Safari/537.36 (compatible; Bytespider; spider-feedback@bytedance.com)"
47.128.27.163 - - [12/Sep/2026:19:56:58 +0300] "GET /img/defaultImg.jpg HTTP/1.1" 304 5326 "https://ihelp.ro/" "Mozilla/5.0 (Linux; Android 5.0) AppleWebKit/537.36 (KHTML, like Gecko) Mobile Safari/537.36 (compatible; Bytespider; spider-feedback@bytedance.com)"
47.128.27.163 - - [12/Sep/2026:19:56:57 +0300] "GET /img/ufo19w_831.php HTTP/1.1" 404 1574441 "https://ihelp.ro/" "Mozilla/5.0 (Linux; Android 5.0) AppleWebKit/537.36 (KHTML, like Gecko) Mobile Safari/537.36 (compatible; Bytespider; spider-feedback@bytedance.com)"
47.128.27.163 - - [12/Sep/2026:19:56:57 +0300] "GET /img/ufo19_20982.php HTTP/1.1" 404 1574658 "https://ihelp.ro/" "Mozilla/5.0 (Linux; Android 5.0) AppleWebKit/537.36 (KHTML, like Gecko) Mobile Safari/537.36 (compatible; Bytespider; spider-feedback@bytedance.com)"
47.128.27.163 - - [12/Sep/2026:19:56:58 +0300] "GET /img/logo.svg HTTP/1.1" 206 23309 "https://ihelp.ro/" "Mozilla/5.0 (Linux; Android 5.0) AppleWebKit/537.36 (KHTML, like Gecko) Mobile Safari/537.36 (compatible; Bytespider; spider-feedback@bytedance.com)"
74.7.241.59 - - [12/Sep/2026:19:56:58 +0300] "GET /?artikel=ada303 HTTP/1.1" 200 650749 "https://ihelp.ro/atom.xml" "Mozilla/5.0 AppleWebKit/537.36 (KHTML, like Gecko; compatible; GPTBot/1.4; +https://openai.com/gptbot)"
47.128.27.163 - - [12/Sep/2026:19:56:58 +0300] "GET /img/sprite.svg HTTP/1.1" 200 82443 "https://ihelp.ro/" "Mozilla/5.0 (Linux; Android 5.0) AppleWebKit/537.36 (KHTML, like Gecko) Mobile Safari/537.36 (compatible; Bytespider; spider-feedback@bytedance.com)"
74.7.241.59 - - [12/Sep/2026:19:56:58 +0300] "GET /?artikel=ola188 HTTP/1.1" 200 650749 "https://ihelp.ro/atom.xml" "Mozilla/5.0 AppleWebKit/537.36 (KHTML, like Gecko; compatible; GPTBot/1.4; +https://openai.com/gptbot)"
47.128.27.163 - - [12/Sep/2026:19:56:58 +0300] "GET /img/defaultImg.jpg HTTP/1.1" 206 24055 "https://ihelp.ro/" "Mozilla/5.0 (Linux; Android 5.0) AppleWebKit/537.36 (KHTML, like Gecko) Mobile Safari/537.36 (compatible; Bytespider; spider-feedback@bytedance.com)"
47.128.27.163 - - [12/Sep/2026:19:56:59 +0300] "GET /img/friends.png HTTP/1.1" 206 5978 "https://ihelp.ro/" "Mozilla/5.0 (Linux; Android 5.0) AppleWebKit/537.36 (KHTML, like Gecko) Mobile Safari/537.36 (compatible; Bytespider; spider-feedback@bytedance.com)"
