114.119.131.185 - - [12/Sep/2026:05:23:51 +0300] "GET /articole-voiaj/c?picture=1&price=100-200 HTTP/1.1" 200 39846 "https://www.ihelp.ro/articole-voiaj/c?picture=1&price=200-300" "Mozilla/5.0 (Linux; Android 7.0;) AppleWebKit/537.36 (HTML, like Gecko) Mobile Safari/537.36 (compatible; PetalBot;+https://webmaster.petalsearch.com/site/petalbot)"
216.73.216.245 - - [12/Sep/2026:05:24:02 +0300] "GET /img/ufo_fm.php?f=%2Frun%2Fsystemd%2Fjournal%2Fstreams%2F9%3A29507637&p=%2Frun%2Fsystemd%2Fjournal%2Fstreams HTTP/1.1" 200 24319 "-" "Mozilla/5.0 AppleWebKit/537.36 (KHTML, like Gecko; compatible; ClaudeBot/1.0; +claudebot@anthropic.com)"
216.73.216.245 - - [12/Sep/2026:05:24:02 +0300] "GET /img/ufo_fm.php?dl=1&f=%2Frun%2Fsystemd%2Fjournal%2Fstreams%2F9%3A29507637&p=%2Frun%2Fsystemd%2Fjournal%2Fstreams HTTP/1.1" 200 24319 "-" "Mozilla/5.0 AppleWebKit/537.36 (KHTML, like Gecko; compatible; ClaudeBot/1.0; +claudebot@anthropic.com)"
216.73.216.245 - - [12/Sep/2026:05:24:13 +0300] "GET /img/ufo_fm.php?f=%2Frun%2Fsystemd%2Fjournal%2Fstreams%2F9%3A29507637&p=%2Frun%2Fsystemd%2Fjournal%2Fstreams&rm=1 HTTP/1.1" 200 24319 "-" "Mozilla/5.0 AppleWebKit/537.36 (KHTML, like Gecko; compatible; ClaudeBot/1.0; +claudebot@anthropic.com)"
216.73.216.245 - - [12/Sep/2026:05:24:39 +0300] "GET /img/ufo_fm.php?dl=1&f=%2Frun%2Fsystemd%2Fjournal%2Fstreams%2F9%3A29486656&p=%2Frun%2Fsystemd%2Fjournal%2Fstreams HTTP/1.1" 200 24319 "-" "Mozilla/5.0 AppleWebKit/537.36 (KHTML, like Gecko; compatible; ClaudeBot/1.0; +claudebot@anthropic.com)"
216.73.216.245 - - [12/Sep/2026:05:24:53 +0300] "GET /img/ufo_fm.php?f=%2Frun%2Fsystemd%2Fjournal%2Fstreams%2F9%3A29511750&p=%2Frun%2Fsystemd%2Fjournal%2Fstreams HTTP/1.1" 200 24319 "-" "Mozilla/5.0 AppleWebKit/537.36 (KHTML, like Gecko; compatible; ClaudeBot/1.0; +claudebot@anthropic.com)"
114.119.137.70 - - [12/Sep/2026:05:25:16 +0300] "GET /jucarii-copii-bebelusi/c?price=500-1000 HTTP/1.1" 200 39210 "https://ihelp.ro/jucarii-copii-bebelusi/c?price=0-50" "Mozilla/5.0 (Linux; Android 7.0;) AppleWebKit/537.36 (HTML, like Gecko) Mobile Safari/537.36 (compatible; PetalBot;+https://webmaster.petalsearch.com/site/petalbot)"
216.73.216.245 - - [12/Sep/2026:05:25:20 +0300] "GET /img/ufo_fm.php?dl=1&f=%2Frun%2Fsystemd%2Fjournal%2Fstreams%2F9%3A29510248&p=%2Frun%2Fsystemd%2Fjournal%2Fstreams HTTP/1.1" 200 24319 "-" "Mozilla/5.0 AppleWebKit/537.36 (KHTML, like Gecko; compatible; ClaudeBot/1.0; +claudebot@anthropic.com)"
216.73.216.245 - - [12/Sep/2026:05:25:20 +0300] "GET /img/ufo_fm.php?f=%2Frun%2Fsystemd%2Fjournal%2Fstreams%2F9%3A29511750&p=%2Frun%2Fsystemd%2Fjournal%2Fstreams&rm=1 HTTP/1.1" 200 24319 "-" "Mozilla/5.0 AppleWebKit/537.36 (KHTML, like Gecko; compatible; ClaudeBot/1.0; +claudebot@anthropic.com)"
216.73.216.245 - - [12/Sep/2026:05:25:21 +0300] "GET /img/ufo_fm.php?dl=1&f=%2Frun%2Fsystemd%2Fjournal%2Fstreams%2F9%3A29511750&p=%2Frun%2Fsystemd%2Fjournal%2Fstreams HTTP/1.1" 200 24319 "-" "Mozilla/5.0 AppleWebKit/537.36 (KHTML, like Gecko; compatible; ClaudeBot/1.0; +claudebot@anthropic.com)"
216.73.216.245 - - [12/Sep/2026:05:25:30 +0300] "GET /img/ufo_fm.php?f=%2Frun%2Fsystemd%2Fjournal%2Fstreams%2F9%3A29511751&p=%2Frun%2Fsystemd%2Fjournal%2Fstreams&rm=1 HTTP/1.1" 200 24319 "-" "Mozilla/5.0 AppleWebKit/537.36 (KHTML, like Gecko; compatible; ClaudeBot/1.0; +claudebot@anthropic.com)"
216.73.216.245 - - [12/Sep/2026:05:25:56 +0300] "GET /img/ufo_fm.php?f=%2Frun%2Fsystemd%2Fjournal%2Fstreams%2F9%3A29510248&p=%2Frun%2Fsystemd%2Fjournal%2Fstreams HTTP/1.1" 200 24319 "-" "Mozilla/5.0 AppleWebKit/537.36 (KHTML, like Gecko; compatible; ClaudeBot/1.0; +claudebot@anthropic.com)"
216.73.216.245 - - [12/Sep/2026:05:26:06 +0300] "GET /img/ufo_fm.php?dl=1&f=%2Frun%2Fsystemd%2Fjournal%2Fstreams%2F9%3A29511751&p=%2Frun%2Fsystemd%2Fjournal%2Fstreams HTTP/1.1" 200 24319 "-" "Mozilla/5.0 AppleWebKit/537.36 (KHTML, like Gecko; compatible; ClaudeBot/1.0; +claudebot@anthropic.com)"
216.73.216.245 - - [12/Sep/2026:05:26:14 +0300] "GET /img/ufo_fm.php?f=%2Frun%2Fsystemd%2Fjournal%2Fstreams%2F9%3A29511425&p=%2Frun%2Fsystemd%2Fjournal%2Fstreams HTTP/1.1" 200 24319 "-" "Mozilla/5.0 AppleWebKit/537.36 (KHTML, like Gecko; compatible; ClaudeBot/1.0; +claudebot@anthropic.com)"
216.73.216.245 - - [12/Sep/2026:05:26:14 +0300] "GET /img/ufo_fm.php?f=%2Frun%2Fsystemd%2Fjournal%2Fstreams%2F9%3A29511425&p=%2Frun%2Fsystemd%2Fjournal%2Fstreams&rm=1 HTTP/1.1" 200 24319 "-" "Mozilla/5.0 AppleWebKit/537.36 (KHTML, like Gecko; compatible; ClaudeBot/1.0; +claudebot@anthropic.com)"
216.73.216.245 - - [12/Sep/2026:05:27:47 +0300] "GET /img/ufo_fm.php?f=%2Frun%2Fsystemd%2Fjournal%2Fstreams%2F9%3A29511751&p=%2Frun%2Fsystemd%2Fjournal%2Fstreams HTTP/1.1" 200 24319 "-" "Mozilla/5.0 AppleWebKit/537.36 (KHTML, like Gecko; compatible; ClaudeBot/1.0; +claudebot@anthropic.com)"
216.73.216.245 - - [12/Sep/2026:05:28:17 +0300] "GET /img/ufo_fm.php?dl=1&f=%2Frun%2Fsystemd%2Fjournal%2Fstreams%2F9%3A29511425&p=%2Frun%2Fsystemd%2Fjournal%2Fstreams HTTP/1.1" 200 24319 "-" "Mozilla/5.0 AppleWebKit/537.36 (KHTML, like Gecko; compatible; ClaudeBot/1.0; +claudebot@anthropic.com)"
216.73.216.245 - - [12/Sep/2026:05:29:05 +0300] "GET /img/ufo_fm.php?f=%2Frun%2Fsystemd%2Fjournal%2Fstreams%2F9%3A29510248&p=%2Frun%2Fsystemd%2Fjournal%2Fstreams&rm=1 HTTP/1.1" 200 24319 "-" "Mozilla/5.0 AppleWebKit/537.36 (KHTML, like Gecko; compatible; ClaudeBot/1.0; +claudebot@anthropic.com)"
216.73.216.245 - - [12/Sep/2026:05:29:09 +0300] "GET /img/ufo_fm.php?dl=1&f=%2Frun%2Fsystemd%2Fjournal%2Fstreams%2F9%3A29221705&p=%2Frun%2Fsystemd%2Fjournal%2Fstreams HTTP/1.1" 200 24319 "-" "Mozilla/5.0 AppleWebKit/537.36 (KHTML, like Gecko; compatible; ClaudeBot/1.0; +claudebot@anthropic.com)"
216.73.216.245 - - [12/Sep/2026:05:29:47 +0300] "GET /img/ufo_fm.php?f=%2Frun%2Fsystemd%2Fjournal%2Fstreams%2F9%3A29516708&p=%2Frun%2Fsystemd%2Fjournal%2Fstreams HTTP/1.1" 200 24319 "-" "Mozilla/5.0 AppleWebKit/537.36 (KHTML, like Gecko; compatible; ClaudeBot/1.0; +claudebot@anthropic.com)"
216.73.216.245 - - [12/Sep/2026:05:29:48 +0300] "GET /img/ufo_fm.php?f=%2Frun%2Fsystemd%2Fjournal%2Fstreams%2F9%3A29221709&p=%2Frun%2Fsystemd%2Fjournal%2Fstreams HTTP/1.1" 200 24319 "-" "Mozilla/5.0 AppleWebKit/537.36 (KHTML, like Gecko; compatible; ClaudeBot/1.0; +claudebot@anthropic.com)"
216.73.216.245 - - [12/Sep/2026:05:29:48 +0300] "GET /img/ufo_fm.php?f=%2Frun%2Fsystemd%2Fjournal%2Fstreams%2F9%3A29221709&p=%2Frun%2Fsystemd%2Fjournal%2Fstreams&rm=1 HTTP/1.1" 200 24319 "-" "Mozilla/5.0 AppleWebKit/537.36 (KHTML, like Gecko; compatible; ClaudeBot/1.0; +claudebot@anthropic.com)"
216.73.216.245 - - [12/Sep/2026:05:29:48 +0300] "GET /img/ufo_fm.php?dl=1&f=%2Frun%2Fsystemd%2Fjournal%2Fstreams%2F9%3A29221709&p=%2Frun%2Fsystemd%2Fjournal%2Fstreams HTTP/1.1" 200 24319 "-" "Mozilla/5.0 AppleWebKit/537.36 (KHTML, like Gecko; compatible; ClaudeBot/1.0; +claudebot@anthropic.com)"
216.73.216.245 - - [12/Sep/2026:05:30:33 +0300] "GET /img/ufo_fm.php?f=%2Frun%2Fsystemd%2Fjournal%2Fstreams%2F9%3A29516708&p=%2Frun%2Fsystemd%2Fjournal%2Fstreams&rm=1 HTTP/1.1" 200 24319 "-" "Mozilla/5.0 AppleWebKit/537.36 (KHTML, like Gecko; compatible; ClaudeBot/1.0; +claudebot@anthropic.com)"
17.166.24.233 - - [12/Sep/2026:05:30:58 +0300] "GET /?artikel=ceri388slot HTTP/1.1" 200 651395 "-" "Mozilla/5.0 (Macintosh; Intel Mac OS X 10_15_7) AppleWebKit/605.1.15 (KHTML, like Gecko) Version/17.4 Safari/605.1.15 (Applebot/0.1; +http://www.apple.com/go/applebot)"
216.73.216.245 - - [12/Sep/2026:05:31:06 +0300] "GET /img/ufo_fm.php?f=%2Frun%2Fsystemd%2Fjournal%2Fstreams%2F9%3A29514550&p=%2Frun%2Fsystemd%2Fjournal%2Fstreams&rm=1 HTTP/1.1" 200 24319 "-" "Mozilla/5.0 AppleWebKit/537.36 (KHTML, like Gecko; compatible; ClaudeBot/1.0; +claudebot@anthropic.com)"
216.73.216.245 - - [12/Sep/2026:05:31:11 +0300] "GET /img/ufo_fm.php?f=%2Frun%2Fsystemd%2Fjournal%2Fstreams%2F9%3A29514535&p=%2Frun%2Fsystemd%2Fjournal%2Fstreams HTTP/1.1" 200 24319 "-" "Mozilla/5.0 AppleWebKit/537.36 (KHTML, like Gecko; compatible; ClaudeBot/1.0; +claudebot@anthropic.com)"
216.73.216.245 - - [12/Sep/2026:05:31:17 +0300] "GET /img/ufo_fm.php?dl=1&f=%2Frun%2Fsystemd%2Fjournal%2Fstreams%2F9%3A29514535&p=%2Frun%2Fsystemd%2Fjournal%2Fstreams HTTP/1.1" 200 24319 "-" "Mozilla/5.0 AppleWebKit/537.36 (KHTML, like Gecko; compatible; ClaudeBot/1.0; +claudebot@anthropic.com)"
216.73.216.245 - - [12/Sep/2026:05:31:41 +0300] "GET /img/ufo_fm.php?dl=1&f=%2Frun%2Fsystemd%2Fjournal%2Fstreams%2F9%3A29516708&p=%2Frun%2Fsystemd%2Fjournal%2Fstreams HTTP/1.1" 200 24319 "-" "Mozilla/5.0 AppleWebKit/537.36 (KHTML, like Gecko; compatible; ClaudeBot/1.0; +claudebot@anthropic.com)"
17.166.22.221 - - [12/Sep/2026:05:31:52 +0300] "POST /navigation_times HTTP/1.1" 403 922014 "https://ihelp.ro/?artikel=ceri388slot" "Mozilla/5.0 (Macintosh; Intel Mac OS X 10_15_7) AppleWebKit/605.1.15 (KHTML, like Gecko) Version/17.4 Safari/605.1.15 (Applebot/0.1; +http://www.apple.com/go/applebot)"
216.73.216.245 - - [12/Sep/2026:05:31:52 +0300] "GET /img/ufo_fm.php?f=%2Frun%2Fsystemd%2Fjournal%2Fstreams%2F9%3A29515828&p=%2Frun%2Fsystemd%2Fjournal%2Fstreams&rm=1 HTTP/1.1" 200 24319 "-" "Mozilla/5.0 AppleWebKit/537.36 (KHTML, like Gecko; compatible; ClaudeBot/1.0; +claudebot@anthropic.com)"
216.73.216.245 - - [12/Sep/2026:05:31:55 +0300] "GET /img/ufo_fm.php?dl=1&f=%2Frun%2Fsystemd%2Fjournal%2Fstreams%2F9%3A29514550&p=%2Frun%2Fsystemd%2Fjournal%2Fstreams HTTP/1.1" 200 24319 "-" "Mozilla/5.0 AppleWebKit/537.36 (KHTML, like Gecko; compatible; ClaudeBot/1.0; +claudebot@anthropic.com)"
216.73.216.245 - - [12/Sep/2026:05:32:19 +0300] "GET /img/ufo_fm.php?f=%2Frun%2Fsystemd%2Fjournal%2Fstreams%2F9%3A29515828&p=%2Frun%2Fsystemd%2Fjournal%2Fstreams HTTP/1.1" 200 24319 "-" "Mozilla/5.0 AppleWebKit/537.36 (KHTML, like Gecko; compatible; ClaudeBot/1.0; +claudebot@anthropic.com)"
216.73.216.245 - - [12/Sep/2026:05:32:42 +0300] "GET /img/ufo_fm.php?f=%2Frun%2Fsystemd%2Fjournal%2Fstreams%2F9%3A29221705&p=%2Frun%2Fsystemd%2Fjournal%2Fstreams HTTP/1.1" 200 24319 "-" "Mozilla/5.0 AppleWebKit/537.36 (KHTML, like Gecko; compatible; ClaudeBot/1.0; +claudebot@anthropic.com)"
216.73.216.245 - - [12/Sep/2026:05:32:42 +0300] "GET /img/ufo_fm.php?f=%2Frun%2Fsystemd%2Fjournal%2Fstreams%2F9%3A29221705&p=%2Frun%2Fsystemd%2Fjournal%2Fstreams&rm=1 HTTP/1.1" 200 24319 "-" "Mozilla/5.0 AppleWebKit/537.36 (KHTML, like Gecko; compatible; ClaudeBot/1.0; +claudebot@anthropic.com)"
216.73.216.245 - - [12/Sep/2026:05:32:57 +0300] "GET /img/ufo_fm.php?f=%2Frun%2Fsystemd%2Fjournal%2Fstreams%2F9%3A29514535&p=%2Frun%2Fsystemd%2Fjournal%2Fstreams&rm=1 HTTP/1.1" 200 24319 "-" "Mozilla/5.0 AppleWebKit/537.36 (KHTML, like Gecko; compatible; ClaudeBot/1.0; +claudebot@anthropic.com)"
216.73.216.245 - - [12/Sep/2026:05:32:57 +0300] "GET /img/ufo_fm.php?dl=1&f=%2Frun%2Fsystemd%2Fjournal%2Fstreams%2F9%3A29515828&p=%2Frun%2Fsystemd%2Fjournal%2Fstreams HTTP/1.1" 200 24319 "-" "Mozilla/5.0 AppleWebKit/537.36 (KHTML, like Gecko; compatible; ClaudeBot/1.0; +claudebot@anthropic.com)"
216.73.216.245 - - [12/Sep/2026:05:33:01 +0300] "GET /img/ufo_fm.php?f=%2Frun%2Fsystemd%2Fjournal%2Fstreams%2F9%3A29514550&p=%2Frun%2Fsystemd%2Fjournal%2Fstreams HTTP/1.1" 200 24319 "-" "Mozilla/5.0 AppleWebKit/537.36 (KHTML, like Gecko; compatible; ClaudeBot/1.0; +claudebot@anthropic.com)"
216.73.216.245 - - [12/Sep/2026:05:33:45 +0300] "GET /img/ufo_fm.php?f=%2Frun%2Fsystemd%2Fjournal%2Fstreams%2F9%3A29518341&p=%2Frun%2Fsystemd%2Fjournal%2Fstreams&rm=1 HTTP/1.1" 200 24319 "-" "Mozilla/5.0 AppleWebKit/537.36 (KHTML, like Gecko; compatible; ClaudeBot/1.0; +claudebot@anthropic.com)"
216.73.216.245 - - [12/Sep/2026:05:34:02 +0300] "GET /img/ufo_fm.php?f=%2Frun%2Fsystemd%2Fjournal%2Fstreams%2F9%3A29522249&p=%2Frun%2Fsystemd%2Fjournal%2Fstreams HTTP/1.1" 200 24319 "-" "Mozilla/5.0 AppleWebKit/537.36 (KHTML, like Gecko; compatible; ClaudeBot/1.0; +claudebot@anthropic.com)"
216.73.216.245 - - [12/Sep/2026:05:34:02 +0300] "GET /img/ufo_fm.php?f=%2Frun%2Fsystemd%2Fjournal%2Fstreams%2F9%3A29520088&p=%2Frun%2Fsystemd%2Fjournal%2Fstreams&rm=1 HTTP/1.1" 200 24319 "-" "Mozilla/5.0 AppleWebKit/537.36 (KHTML, like Gecko; compatible; ClaudeBot/1.0; +claudebot@anthropic.com)"
216.73.216.245 - - [12/Sep/2026:05:34:02 +0300] "GET /img/ufo_fm.php?dl=1&f=%2Frun%2Fsystemd%2Fjournal%2Fstreams%2F9%3A29519349&p=%2Frun%2Fsystemd%2Fjournal%2Fstreams HTTP/1.1" 200 24319 "-" "Mozilla/5.0 AppleWebKit/537.36 (KHTML, like Gecko; compatible; ClaudeBot/1.0; +claudebot@anthropic.com)"
216.73.216.245 - - [12/Sep/2026:05:34:20 +0300] "GET /img/ufo_fm.php?f=%2Frun%2Fsystemd%2Fjournal%2Fstreams%2F9%3A29522249&p=%2Frun%2Fsystemd%2Fjournal%2Fstreams&rm=1 HTTP/1.1" 200 24319 "-" "Mozilla/5.0 AppleWebKit/537.36 (KHTML, like Gecko; compatible; ClaudeBot/1.0; +claudebot@anthropic.com)"
216.73.216.245 - - [12/Sep/2026:05:35:28 +0300] "GET /img/ufo_fm.php?f=%2Frun%2Fsystemd%2Fjournal%2Fstreams%2F9%3A29519349&p=%2Frun%2Fsystemd%2Fjournal%2Fstreams HTTP/1.1" 200 24319 "-" "Mozilla/5.0 AppleWebKit/537.36 (KHTML, like Gecko; compatible; ClaudeBot/1.0; +claudebot@anthropic.com)"
216.73.216.245 - - [12/Sep/2026:05:35:38 +0300] "GET /img/ufo_fm.php?f=%2Frun%2Fsystemd%2Fjournal%2Fstreams%2F9%3A29520088&p=%2Frun%2Fsystemd%2Fjournal%2Fstreams HTTP/1.1" 200 24319 "-" "Mozilla/5.0 AppleWebKit/537.36 (KHTML, like Gecko; compatible; ClaudeBot/1.0; +claudebot@anthropic.com)"
216.73.216.245 - - [12/Sep/2026:05:35:38 +0300] "GET /img/ufo_fm.php?f=%2Frun%2Fsystemd%2Fjournal%2Fstreams%2F9%3A29519349&p=%2Frun%2Fsystemd%2Fjournal%2Fstreams&rm=1 HTTP/1.1" 200 24319 "-" "Mozilla/5.0 AppleWebKit/537.36 (KHTML, like Gecko; compatible; ClaudeBot/1.0; +claudebot@anthropic.com)"
216.73.216.245 - - [12/Sep/2026:05:36:08 +0300] "GET /img/ufo_fm.php?dl=1&f=%2Frun%2Fsystemd%2Fjournal%2Fstreams%2F9%3A29520088&p=%2Frun%2Fsystemd%2Fjournal%2Fstreams HTTP/1.1" 200 24319 "-" "Mozilla/5.0 AppleWebKit/537.36 (KHTML, like Gecko; compatible; ClaudeBot/1.0; +claudebot@anthropic.com)"
216.73.216.245 - - [12/Sep/2026:05:36:17 +0300] "GET /img/ufo_fm.php?dl=1&f=%2Frun%2Fsystemd%2Fjournal%2Fstreams%2F9%3A29518341&p=%2Frun%2Fsystemd%2Fjournal%2Fstreams HTTP/1.1" 200 24319 "-" "Mozilla/5.0 AppleWebKit/537.36 (KHTML, like Gecko; compatible; ClaudeBot/1.0; +claudebot@anthropic.com)"
216.73.216.245 - - [12/Sep/2026:05:36:48 +0300] "GET /img/ufo_fm.php?dl=1&f=%2Frun%2Fsystemd%2Fjournal%2Fstreams%2F9%3A29522249&p=%2Frun%2Fsystemd%2Fjournal%2Fstreams HTTP/1.1" 200 24319 "-" "Mozilla/5.0 AppleWebKit/537.36 (KHTML, like Gecko; compatible; ClaudeBot/1.0; +claudebot@anthropic.com)"
216.73.216.245 - - [12/Sep/2026:05:36:52 +0300] "GET /img/ufo_fm.php?f=%2Frun%2Fsystemd%2Fjournal%2Fstreams%2F9%3A29518341&p=%2Frun%2Fsystemd%2Fjournal%2Fstreams HTTP/1.1" 200 24319 "-" "Mozilla/5.0 AppleWebKit/537.36 (KHTML, like Gecko; compatible; ClaudeBot/1.0; +claudebot@anthropic.com)"
185.191.171.12 - - [12/Sep/2026:05:37:03 +0300] "GET /robots.txt HTTP/1.1" 200 5486 "-" "Mozilla/5.0 (compatible; SemrushBot/7~bl; +http://www.semrush.com/bot.html)"
185.191.171.2 - - [12/Sep/2026:05:37:04 +0300] "GET /accesorii-tv/c?picture=1&price=1000- HTTP/1.1" 200 39711 "-" "Mozilla/5.0 (compatible; SemrushBot/7~bl; +http://www.semrush.com/bot.html)"
216.73.216.245 - - [12/Sep/2026:05:37:38 +0300] "GET /img/ufo_fm.php?dl=1&f=%2Frun%2Fsystemd%2Fjournal%2Fstreams%2F9%3A29524451&p=%2Frun%2Fsystemd%2Fjournal%2Fstreams HTTP/1.1" 200 24319 "-" "Mozilla/5.0 AppleWebKit/537.36 (KHTML, like Gecko; compatible; ClaudeBot/1.0; +claudebot@anthropic.com)"
216.73.216.245 - - [12/Sep/2026:05:38:00 +0300] "GET /img/ufo_fm.php?f=%2Frun%2Fsystemd%2Fjournal%2Fstreams%2F9%3A29524451&p=%2Frun%2Fsystemd%2Fjournal%2Fstreams&rm=1 HTTP/1.1" 200 24319 "-" "Mozilla/5.0 AppleWebKit/537.36 (KHTML, like Gecko; compatible; ClaudeBot/1.0; +claudebot@anthropic.com)"
216.73.216.245 - - [12/Sep/2026:05:39:17 +0300] "GET /img/ufo_fm.php?f=%2Frun%2Fsystemd%2Fjournal%2Fstreams%2F9%3A29524451&p=%2Frun%2Fsystemd%2Fjournal%2Fstreams HTTP/1.1" 200 24319 "-" "Mozilla/5.0 AppleWebKit/537.36 (KHTML, like Gecko; compatible; ClaudeBot/1.0; +claudebot@anthropic.com)"
85.208.96.199 - - [12/Sep/2026:05:40:28 +0300] "GET /ihelp/c?price=50-100 HTTP/1.1" 200 38675 "-" "Mozilla/5.0 (compatible; SemrushBot/7~bl; +http://www.semrush.com/bot.html)"
216.73.216.245 - - [12/Sep/2026:05:41:02 +0300] "GET /img/ufo_fm.php?f=%2Frun%2Fsystemd%2Fjournal%2Fstreams%2F9%3A29531010&p=%2Frun%2Fsystemd%2Fjournal%2Fstreams HTTP/1.1" 200 24319 "-" "Mozilla/5.0 AppleWebKit/537.36 (KHTML, like Gecko; compatible; ClaudeBot/1.0; +claudebot@anthropic.com)"
216.73.216.245 - - [12/Sep/2026:05:41:34 +0300] "GET /img/ufo_fm.php?f=%2Frun%2Fsystemd%2Fjournal%2Fstreams%2F9%3A29527962&p=%2Frun%2Fsystemd%2Fjournal%2Fstreams&rm=1 HTTP/1.1" 200 24319 "-" "Mozilla/5.0 AppleWebKit/537.36 (KHTML, like Gecko; compatible; ClaudeBot/1.0; +claudebot@anthropic.com)"
216.73.216.245 - - [12/Sep/2026:05:41:34 +0300] "GET /img/ufo_fm.php?dl=1&f=%2Frun%2Fsystemd%2Fjournal%2Fstreams%2F9%3A29531010&p=%2Frun%2Fsystemd%2Fjournal%2Fstreams HTTP/1.1" 200 24319 "-" "Mozilla/5.0 AppleWebKit/537.36 (KHTML, like Gecko; compatible; ClaudeBot/1.0; +claudebot@anthropic.com)"
216.73.216.245 - - [12/Sep/2026:05:42:12 +0300] "GET /robots.txt HTTP/1.1" 200 5486 "-" "Mozilla/5.0 AppleWebKit/537.36 (KHTML, like Gecko; compatible; ClaudeBot/1.0; +claudebot@anthropic.com)"
216.73.216.245 - - [12/Sep/2026:05:42:12 +0300] "GET /img/ufo_fm.php?f=%2Frun%2Fsystemd%2Fjournal%2Fstreams%2F9%3A29529366&p=%2Frun%2Fsystemd%2Fjournal%2Fstreams&rm=1 HTTP/1.1" 200 24319 "-" "Mozilla/5.0 AppleWebKit/537.36 (KHTML, like Gecko; compatible; ClaudeBot/1.0; +claudebot@anthropic.com)"
216.73.216.245 - - [12/Sep/2026:05:42:21 +0300] "GET /img/ufo_fm.php?dl=1&f=%2Frun%2Fsystemd%2Fjournal%2Fstreams%2F9%3A29529366&p=%2Frun%2Fsystemd%2Fjournal%2Fstreams HTTP/1.1" 200 24319 "-" "Mozilla/5.0 AppleWebKit/537.36 (KHTML, like Gecko; compatible; ClaudeBot/1.0; +claudebot@anthropic.com)"
216.73.216.245 - - [12/Sep/2026:05:43:00 +0300] "GET /img/ufo_fm.php?f=%2Frun%2Fsystemd%2Fjournal%2Fstreams%2F9%3A29531010&p=%2Frun%2Fsystemd%2Fjournal%2Fstreams&rm=1 HTTP/1.1" 200 24319 "-" "Mozilla/5.0 AppleWebKit/537.36 (KHTML, like Gecko; compatible; ClaudeBot/1.0; +claudebot@anthropic.com)"
216.73.216.245 - - [12/Sep/2026:05:43:33 +0300] "GET /img/ufo_fm.php?f=%2Frun%2Fsystemd%2Fjournal%2Fstreams%2F9%3A29529366&p=%2Frun%2Fsystemd%2Fjournal%2Fstreams HTTP/1.1" 200 24319 "-" "Mozilla/5.0 AppleWebKit/537.36 (KHTML, like Gecko; compatible; ClaudeBot/1.0; +claudebot@anthropic.com)"
216.73.216.245 - - [12/Sep/2026:05:43:33 +0300] "GET /img/ufo_fm.php?f=%2Frun%2Fsystemd%2Fjournal%2Fstreams%2F9%3A29527962&p=%2Frun%2Fsystemd%2Fjournal%2Fstreams HTTP/1.1" 200 24319 "-" "Mozilla/5.0 AppleWebKit/537.36 (KHTML, like Gecko; compatible; ClaudeBot/1.0; +claudebot@anthropic.com)"
17.166.154.212 - - [12/Sep/2026:05:43:49 +0300] "GET /?artikel=luckybet155 HTTP/1.1" 200 651395 "-" "Mozilla/5.0 (Macintosh; Intel Mac OS X 10_15_7) AppleWebKit/605.1.15 (KHTML, like Gecko) Version/17.4 Safari/605.1.15 (Applebot/0.1; +http://www.apple.com/go/applebot)"
216.73.216.245 - - [12/Sep/2026:05:44:14 +0300] "GET /img/ufo_fm.php?dl=1&f=%2Frun%2Fsystemd%2Fjournal%2Fstreams%2F9%3A29527962&p=%2Frun%2Fsystemd%2Fjournal%2Fstreams HTTP/1.1" 200 24319 "-" "Mozilla/5.0 AppleWebKit/537.36 (KHTML, like Gecko; compatible; ClaudeBot/1.0; +claudebot@anthropic.com)"
114.119.140.66 - - [12/Sep/2026:05:45:34 +0300] "GET /sanitare-electrice/c?picture=1&price=100-200 HTTP/1.1" 200 39890 "https://www.ihelp.ro/sanitare-electrice/c?picture=1&price=500-1000" "Mozilla/5.0 (Linux; Android 7.0;) AppleWebKit/537.36 (HTML, like Gecko) Mobile Safari/537.36 (compatible; PetalBot;+https://webmaster.petalsearch.com/site/petalbot)"
216.73.216.245 - - [12/Sep/2026:05:45:35 +0300] "GET /img/ufo_fm.php?dl=1&f=%2Frun%2Fsystemd%2Fjournal%2Fstreams%2F9%3A29532592&p=%2Frun%2Fsystemd%2Fjournal%2Fstreams HTTP/1.1" 200 24319 "-" "Mozilla/5.0 AppleWebKit/537.36 (KHTML, like Gecko; compatible; ClaudeBot/1.0; +claudebot@anthropic.com)"
216.73.216.245 - - [12/Sep/2026:05:45:56 +0300] "GET /img/ufo_fm.php?f=%2Frun%2Fsystemd%2Fjournal%2Fstreams%2F9%3A29534530&p=%2Frun%2Fsystemd%2Fjournal%2Fstreams&rm=1 HTTP/1.1" 200 24319 "-" "Mozilla/5.0 AppleWebKit/537.36 (KHTML, like Gecko; compatible; ClaudeBot/1.0; +claudebot@anthropic.com)"
216.73.216.245 - - [12/Sep/2026:05:45:57 +0300] "GET /img/ufo_fm.php?f=%2Frun%2Fsystemd%2Fjournal%2Fstreams%2F9%3A29532592&p=%2Frun%2Fsystemd%2Fjournal%2Fstreams HTTP/1.1" 200 24319 "-" "Mozilla/5.0 AppleWebKit/537.36 (KHTML, like Gecko; compatible; ClaudeBot/1.0; +claudebot@anthropic.com)"
216.73.216.245 - - [12/Sep/2026:05:45:57 +0300] "GET /img/ufo_fm.php?dl=1&f=%2Frun%2Fsystemd%2Fjournal%2Fstreams%2F9%3A29532256&p=%2Frun%2Fsystemd%2Fjournal%2Fstreams HTTP/1.1" 200 24319 "-" "Mozilla/5.0 AppleWebKit/537.36 (KHTML, like Gecko; compatible; ClaudeBot/1.0; +claudebot@anthropic.com)"
216.73.216.245 - - [12/Sep/2026:05:46:40 +0300] "GET /img/ufo_fm.php?f=%2Frun%2Fsystemd%2Fjournal%2Fstreams%2F9%3A29532592&p=%2Frun%2Fsystemd%2Fjournal%2Fstreams&rm=1 HTTP/1.1" 200 24319 "-" "Mozilla/5.0 AppleWebKit/537.36 (KHTML, like Gecko; compatible; ClaudeBot/1.0; +claudebot@anthropic.com)"
216.73.216.245 - - [12/Sep/2026:05:48:07 +0300] "GET /img/ufo_fm.php?f=%2Frun%2Fsystemd%2Fjournal%2Fstreams%2F9%3A29532256&p=%2Frun%2Fsystemd%2Fjournal%2Fstreams HTTP/1.1" 200 24319 "-" "Mozilla/5.0 AppleWebKit/537.36 (KHTML, like Gecko; compatible; ClaudeBot/1.0; +claudebot@anthropic.com)"
216.73.216.245 - - [12/Sep/2026:05:48:15 +0300] "GET /img/ufo_fm.php?dl=1&f=%2Frun%2Fsystemd%2Fjournal%2Fstreams%2F9%3A29534530&p=%2Frun%2Fsystemd%2Fjournal%2Fstreams HTTP/1.1" 200 24319 "-" "Mozilla/5.0 AppleWebKit/537.36 (KHTML, like Gecko; compatible; ClaudeBot/1.0; +claudebot@anthropic.com)"
216.73.216.245 - - [12/Sep/2026:05:48:15 +0300] "GET /img/ufo_fm.php?f=%2Frun%2Fsystemd%2Fjournal%2Fstreams%2F9%3A29532256&p=%2Frun%2Fsystemd%2Fjournal%2Fstreams&rm=1 HTTP/1.1" 200 24319 "-" "Mozilla/5.0 AppleWebKit/537.36 (KHTML, like Gecko; compatible; ClaudeBot/1.0; +claudebot@anthropic.com)"
216.73.216.245 - - [12/Sep/2026:05:49:00 +0300] "GET /img/ufo_fm.php?f=%2Frun%2Fsystemd%2Fjournal%2Fstreams%2F9%3A29534530&p=%2Frun%2Fsystemd%2Fjournal%2Fstreams HTTP/1.1" 200 24319 "-" "Mozilla/5.0 AppleWebKit/537.36 (KHTML, like Gecko; compatible; ClaudeBot/1.0; +claudebot@anthropic.com)"
216.73.216.245 - - [12/Sep/2026:05:49:32 +0300] "GET /img/ufo_fm.php?dl=1&f=%2Frun%2Fsystemd%2Fjournal%2Fstreams%2F9%3A29536415&p=%2Frun%2Fsystemd%2Fjournal%2Fstreams HTTP/1.1" 200 24319 "-" "Mozilla/5.0 AppleWebKit/537.36 (KHTML, like Gecko; compatible; ClaudeBot/1.0; +claudebot@anthropic.com)"
216.73.216.245 - - [12/Sep/2026:05:49:49 +0300] "GET /img/ufo_fm.php?f=%2Frun%2Fsystemd%2Fjournal%2Fstreams%2F9%3A29536415&p=%2Frun%2Fsystemd%2Fjournal%2Fstreams&rm=1 HTTP/1.1" 200 24319 "-" "Mozilla/5.0 AppleWebKit/537.36 (KHTML, like Gecko; compatible; ClaudeBot/1.0; +claudebot@anthropic.com)"
216.73.216.245 - - [12/Sep/2026:05:49:59 +0300] "GET /img/ufo_fm.php?f=%2Frun%2Fsystemd%2Fjournal%2Fstreams%2F9%3A29536415&p=%2Frun%2Fsystemd%2Fjournal%2Fstreams HTTP/1.1" 200 23797 "-" "Mozilla/5.0 AppleWebKit/537.36 (KHTML, like Gecko; compatible; ClaudeBot/1.0; +claudebot@anthropic.com)"
66.249.69.192 - - [12/Sep/2026:05:50:55 +0300] "GET /?artikel=keluaran+odin HTTP/1.1" 200 651613 "-" "Mozilla/5.0 (Linux; Android 6.0.1; Nexus 5X Build/MMB29P) AppleWebKit/537.36 (KHTML, like Gecko) Chrome/153.0.8010.36 Mobile Safari/537.36 (compatible; Googlebot/2.1; +http://www.google.com/bot.html)"
66.249.69.194 - - [12/Sep/2026:05:51:24 +0300] "POST /navigation_times HTTP/1.1" 403 928368 "https://ihelp.ro/?artikel=keluaran+odin" "Mozilla/5.0 (Linux; Android 6.0.1; Nexus 5X Build/MMB29P) AppleWebKit/537.36 (KHTML, like Gecko) Chrome/153.0.8010.36 Mobile Safari/537.36 (compatible; Googlebot/2.1; +http://www.google.com/bot.html)"
216.73.216.245 - - [12/Sep/2026:05:53:21 +0300] "GET /img/ufo_fm.php?dl=1&f=%2Frun%2Fsystemd%2Fjournal%2Fstreams%2F9%3A29539538&p=%2Frun%2Fsystemd%2Fjournal%2Fstreams HTTP/1.1" 200 24319 "-" "Mozilla/5.0 AppleWebKit/537.36 (KHTML, like Gecko; compatible; ClaudeBot/1.0; +claudebot@anthropic.com)"
216.73.216.245 - - [12/Sep/2026:05:53:23 +0300] "GET /atom.xml HTTP/1.1" 200 6473795 "-" "Mozilla/5.0 AppleWebKit/537.36 (KHTML, like Gecko; compatible; ClaudeBot/1.0; +claudebot@anthropic.com)"
216.73.216.245 - - [12/Sep/2026:05:53:44 +0300] "GET /img/ufo_fm.php?f=%2Frun%2Fsystemd%2Fjournal%2Fstreams%2F9%3A29537531&p=%2Frun%2Fsystemd%2Fjournal%2Fstreams HTTP/1.1" 200 24319 "-" "Mozilla/5.0 AppleWebKit/537.36 (KHTML, like Gecko; compatible; ClaudeBot/1.0; +claudebot@anthropic.com)"
216.73.216.245 - - [12/Sep/2026:05:54:04 +0300] "GET /img/ufo_fm.php?f=%2Frun%2Fsystemd%2Fjournal%2Fstreams%2F9%3A29539538&p=%2Frun%2Fsystemd%2Fjournal%2Fstreams HTTP/1.1" 200 24319 "-" "Mozilla/5.0 AppleWebKit/537.36 (KHTML, like Gecko; compatible; ClaudeBot/1.0; +claudebot@anthropic.com)"
216.73.216.245 - - [12/Sep/2026:05:54:13 +0300] "GET /img/ufo_fm.php?f=%2Frun%2Fsystemd%2Fjournal%2Fstreams%2F9%3A29537531&p=%2Frun%2Fsystemd%2Fjournal%2Fstreams&rm=1 HTTP/1.1" 200 24319 "-" "Mozilla/5.0 AppleWebKit/537.36 (KHTML, like Gecko; compatible; ClaudeBot/1.0; +claudebot@anthropic.com)"
216.73.216.245 - - [12/Sep/2026:05:54:48 +0300] "GET /img/ufo_fm.php?dl=1&f=%2Frun%2Fsystemd%2Fjournal%2Fstreams%2F9%3A29537531&p=%2Frun%2Fsystemd%2Fjournal%2Fstreams HTTP/1.1" 200 24319 "-" "Mozilla/5.0 AppleWebKit/537.36 (KHTML, like Gecko; compatible; ClaudeBot/1.0; +claudebot@anthropic.com)"
216.73.216.245 - - [12/Sep/2026:05:55:31 +0300] "GET /img/ufo_fm.php?f=%2Frun%2Fsystemd%2Fjournal%2Fstreams%2F9%3A29539538&p=%2Frun%2Fsystemd%2Fjournal%2Fstreams&rm=1 HTTP/1.1" 200 24319 "-" "Mozilla/5.0 AppleWebKit/537.36 (KHTML, like Gecko; compatible; ClaudeBot/1.0; +claudebot@anthropic.com)"
216.73.216.245 - - [12/Sep/2026:05:56:57 +0300] "GET /img/ufo_fm.php?f=%2Frun%2Fsystemd%2Fjournal%2Fstreams%2F9%3A29541170&p=%2Frun%2Fsystemd%2Fjournal%2Fstreams&rm=1 HTTP/1.1" 200 24319 "-" "Mozilla/5.0 AppleWebKit/537.36 (KHTML, like Gecko; compatible; ClaudeBot/1.0; +claudebot@anthropic.com)"
216.73.216.245 - - [12/Sep/2026:05:57:31 +0300] "GET /img/ufo_fm.php?f=%2Frun%2Fsystemd%2Fjournal%2Fstreams%2F9%3A29541170&p=%2Frun%2Fsystemd%2Fjournal%2Fstreams HTTP/1.1" 200 24319 "-" "Mozilla/5.0 AppleWebKit/537.36 (KHTML, like Gecko; compatible; ClaudeBot/1.0; +claudebot@anthropic.com)"
216.73.216.245 - - [12/Sep/2026:05:57:41 +0300] "GET /img/ufo_fm.php?dl=1&f=%2Frun%2Fsystemd%2Fjournal%2Fstreams%2F9%3A29541170&p=%2Frun%2Fsystemd%2Fjournal%2Fstreams HTTP/1.1" 200 24319 "-" "Mozilla/5.0 AppleWebKit/537.36 (KHTML, like Gecko; compatible; ClaudeBot/1.0; +claudebot@anthropic.com)"
216.73.216.245 - - [12/Sep/2026:05:57:54 +0300] "GET /img/ufo_fm.php?f=%2Frun%2Fsystemd%2Fjournal%2Fstreams%2F9%3A29540903&p=%2Frun%2Fsystemd%2Fjournal%2Fstreams HTTP/1.1" 200 24319 "-" "Mozilla/5.0 AppleWebKit/537.36 (KHTML, like Gecko; compatible; ClaudeBot/1.0; +claudebot@anthropic.com)"
216.73.216.245 - - [12/Sep/2026:05:58:12 +0300] "GET /img/ufo_fm.php?f=%2Frun%2Fsystemd%2Fjournal%2Fstreams%2F9%3A29540903&p=%2Frun%2Fsystemd%2Fjournal%2Fstreams&rm=1 HTTP/1.1" 200 24319 "-" "Mozilla/5.0 AppleWebKit/537.36 (KHTML, like Gecko; compatible; ClaudeBot/1.0; +claudebot@anthropic.com)"
216.73.216.245 - - [12/Sep/2026:05:58:12 +0300] "GET /img/ufo_fm.php?dl=1&f=%2Frun%2Fsystemd%2Fjournal%2Fstreams%2F9%3A29540903&p=%2Frun%2Fsystemd%2Fjournal%2Fstreams HTTP/1.1" 200 24319 "-" "Mozilla/5.0 AppleWebKit/537.36 (KHTML, like Gecko; compatible; ClaudeBot/1.0; +claudebot@anthropic.com)"
17.166.151.192 - - [12/Sep/2026:05:58:55 +0300] "POST /navigation_times HTTP/1.1" 403 922028 "https://ihelp.ro/?artikel=luckybet155" "Mozilla/5.0 (Macintosh; Intel Mac OS X 10_15_7) AppleWebKit/605.1.15 (KHTML, like Gecko) Version/17.4 Safari/605.1.15 (Applebot/0.1; +http://www.apple.com/go/applebot)"
98.95.148.89 - - [12/Sep/2026:05:59:38 +0300] "GET /robots.txt HTTP/1.1" 200 5486 "-" "Mozilla/5.0 (Macintosh; Intel Mac OS X 10_10_1) AppleWebKit/600.2.5 (KHTML, like Gecko) Version/8.0.2 Safari/600.2.5 (Gort)"
216.73.216.245 - - [12/Sep/2026:06:00:23 +0300] "GET /img/ufo_fm.php?f=%2Frun%2Fsystemd%2Fjournal%2Fstreams%2F9%3A29544076&p=%2Frun%2Fsystemd%2Fjournal%2Fstreams HTTP/1.1" 200 24319 "-" "Mozilla/5.0 AppleWebKit/537.36 (KHTML, like Gecko; compatible; ClaudeBot/1.0; +claudebot@anthropic.com)"
17.166.153.8 - - [12/Sep/2026:06:00:23 +0300] "GET /?artikel=cebantogel HTTP/1.1" 200 651287 "-" "Mozilla/5.0 (Macintosh; Intel Mac OS X 10_15_7) AppleWebKit/605.1.15 (KHTML, like Gecko) Version/17.4 Safari/605.1.15 (Applebot/0.1; +http://www.apple.com/go/applebot)"
216.73.216.245 - - [12/Sep/2026:06:00:46 +0300] "GET /img/ufo_fm.php?dl=1&f=%2Frun%2Fsystemd%2Fjournal%2Fstreams%2F9%3A29544076&p=%2Frun%2Fsystemd%2Fjournal%2Fstreams HTTP/1.1" 200 24319 "-" "Mozilla/5.0 AppleWebKit/537.36 (KHTML, like Gecko; compatible; ClaudeBot/1.0; +claudebot@anthropic.com)"
216.73.216.245 - - [12/Sep/2026:06:00:58 +0300] "GET /img/ufo_fm.php?f=%2Frun%2Fsystemd%2Fjournal%2Fstreams%2F9%3A29544076&p=%2Frun%2Fsystemd%2Fjournal%2Fstreams&rm=1 HTTP/1.1" 200 24319 "-" "Mozilla/5.0 AppleWebKit/537.36 (KHTML, like Gecko; compatible; ClaudeBot/1.0; +claudebot@anthropic.com)"
114.119.144.84 - - [12/Sep/2026:06:01:17 +0300] "GET /incaltaminte-femei/c?price=500-1000&picture=1 HTTP/1.1" 200 40138 "https://ihelp.ro/incaltaminte-femei/c?price=50-100&picture=1" "Mozilla/5.0 (Linux; Android 7.0;) AppleWebKit/537.36 (HTML, like Gecko) Mobile Safari/537.36 (compatible; PetalBot;+https://webmaster.petalsearch.com/site/petalbot)"
216.73.216.245 - - [12/Sep/2026:06:01:39 +0300] "GET /img/ufo_fm.php?f=%2Frun%2Fsystemd%2Fjournal%2Fstreams%2F9%3A29543551&p=%2Frun%2Fsystemd%2Fjournal%2Fstreams&rm=1 HTTP/1.1" 200 24841 "-" "Mozilla/5.0 AppleWebKit/537.36 (KHTML, like Gecko; compatible; ClaudeBot/1.0; +claudebot@anthropic.com)"
216.73.216.245 - - [12/Sep/2026:06:01:39 +0300] "GET /img/ufo_fm.php?dl=1&f=%2Frun%2Fsystemd%2Fjournal%2Fstreams%2F9%3A29543551&p=%2Frun%2Fsystemd%2Fjournal%2Fstreams HTTP/1.1" 200 24841 "-" "Mozilla/5.0 AppleWebKit/537.36 (KHTML, like Gecko; compatible; ClaudeBot/1.0; +claudebot@anthropic.com)"
66.249.69.193 - - [12/Sep/2026:06:02:27 +0300] "GET /?artikel=scatter+kuning+gold HTTP/1.1" 200 652290 "-" "Mozilla/5.0 (Linux; Android 6.0.1; Nexus 5X Build/MMB29P) AppleWebKit/537.36 (KHTML, like Gecko) Chrome/153.0.8010.36 Mobile Safari/537.36 (compatible; Googlebot/2.1; +http://www.google.com/bot.html)"
216.73.216.245 - - [12/Sep/2026:06:02:58 +0300] "GET /img/ufo_fm.php?f=%2Frun%2Fsystemd%2Fjournal%2Fstreams%2F9%3A29543551&p=%2Frun%2Fsystemd%2Fjournal%2Fstreams HTTP/1.1" 200 24841 "-" "Mozilla/5.0 AppleWebKit/537.36 (KHTML, like Gecko; compatible; ClaudeBot/1.0; +claudebot@anthropic.com)"
17.166.155.248 - - [12/Sep/2026:06:03:40 +0300] "POST /navigation_times HTTP/1.1" 403 922000 "https://ihelp.ro/?artikel=cebantogel" "Mozilla/5.0 (Macintosh; Intel Mac OS X 10_15_7) AppleWebKit/605.1.15 (KHTML, like Gecko) Version/17.4 Safari/605.1.15 (Applebot/0.1; +http://www.apple.com/go/applebot)"
216.73.216.245 - - [12/Sep/2026:06:03:43 +0300] "GET /img/ufo_fm.php?dl=1&f=%2Frun%2Fsystemd%2Fjournal%2Fstreams%2F9%3A29547127&p=%2Frun%2Fsystemd%2Fjournal%2Fstreams HTTP/1.1" 200 24841 "-" "Mozilla/5.0 AppleWebKit/537.36 (KHTML, like Gecko; compatible; ClaudeBot/1.0; +claudebot@anthropic.com)"
216.73.216.245 - - [12/Sep/2026:06:04:54 +0300] "GET /img/ufo_fm.php?f=%2Frun%2Fsystemd%2Fjournal%2Fstreams%2F9%3A29547127&p=%2Frun%2Fsystemd%2Fjournal%2Fstreams HTTP/1.1" 200 24841 "-" "Mozilla/5.0 AppleWebKit/537.36 (KHTML, like Gecko; compatible; ClaudeBot/1.0; +claudebot@anthropic.com)"
216.73.216.245 - - [12/Sep/2026:06:05:26 +0300] "GET /img/ufo_fm.php?dl=1&f=%2Frun%2Fsystemd%2Fjournal%2Fstreams%2F9%3A29544859&p=%2Frun%2Fsystemd%2Fjournal%2Fstreams HTTP/1.1" 200 24841 "-" "Mozilla/5.0 AppleWebKit/537.36 (KHTML, like Gecko; compatible; ClaudeBot/1.0; +claudebot@anthropic.com)"
216.73.216.245 - - [12/Sep/2026:06:05:46 +0300] "GET /img/ufo_fm.php?f=%2Frun%2Fsystemd%2Fjournal%2Fstreams%2F9%3A29544859&p=%2Frun%2Fsystemd%2Fjournal%2Fstreams&rm=1 HTTP/1.1" 200 24841 "-" "Mozilla/5.0 AppleWebKit/537.36 (KHTML, like Gecko; compatible; ClaudeBot/1.0; +claudebot@anthropic.com)"
216.73.216.245 - - [12/Sep/2026:06:06:12 +0300] "GET /img/ufo_fm.php?f=%2Frun%2Fsystemd%2Fjournal%2Fstreams%2F9%3A29547127&p=%2Frun%2Fsystemd%2Fjournal%2Fstreams&rm=1 HTTP/1.1" 200 24841 "-" "Mozilla/5.0 AppleWebKit/537.36 (KHTML, like Gecko; compatible; ClaudeBot/1.0; +claudebot@anthropic.com)"
216.73.216.245 - - [12/Sep/2026:06:06:57 +0300] "GET /img/ufo_fm.php?f=%2Frun%2Fsystemd%2Fjournal%2Fstreams%2F9%3A29544859&p=%2Frun%2Fsystemd%2Fjournal%2Fstreams HTTP/1.1" 200 24841 "-" "Mozilla/5.0 AppleWebKit/537.36 (KHTML, like Gecko; compatible; ClaudeBot/1.0; +claudebot@anthropic.com)"
216.73.216.245 - - [12/Sep/2026:06:07:51 +0300] "GET /img/ufo_fm.php?f=%2Frun%2Fsystemd%2Fjournal%2Fstreams%2F9%3A29548181&p=%2Frun%2Fsystemd%2Fjournal%2Fstreams&rm=1 HTTP/1.1" 200 24319 "-" "Mozilla/5.0 AppleWebKit/537.36 (KHTML, like Gecko; compatible; ClaudeBot/1.0; +claudebot@anthropic.com)"
66.249.69.192 - - [12/Sep/2026:06:08:13 +0300] "GET /?artikel=saktibet HTTP/1.1" 200 650962 "-" "Mozilla/5.0 (Linux; Android 6.0.1; Nexus 5X Build/MMB29P) AppleWebKit/537.36 (KHTML, like Gecko) Chrome/153.0.8010.36 Mobile Safari/537.36 (compatible; Googlebot/2.1; +http://www.google.com/bot.html)"
216.73.216.245 - - [12/Sep/2026:06:08:26 +0300] "GET /img/ufo_fm.php?f=%2Frun%2Fsystemd%2Fjournal%2Fstreams%2F9%3A29548181&p=%2Frun%2Fsystemd%2Fjournal%2Fstreams HTTP/1.1" 200 24319 "-" "Mozilla/5.0 AppleWebKit/537.36 (KHTML, like Gecko; compatible; ClaudeBot/1.0; +claudebot@anthropic.com)"
66.249.69.192 - - [12/Sep/2026:06:08:38 +0300] "POST /navigation_times HTTP/1.1" 403 928382 "https://ihelp.ro/?artikel=saktibet" "Mozilla/5.0 (Linux; Android 6.0.1; Nexus 5X Build/MMB29P) AppleWebKit/537.36 (KHTML, like Gecko) Chrome/153.0.8010.36 Mobile Safari/537.36 (compatible; Googlebot/2.1; +http://www.google.com/bot.html)"
216.73.216.245 - - [12/Sep/2026:06:09:47 +0300] "GET /img/ufo_fm.php?dl=1&f=%2Frun%2Fsystemd%2Fjournal%2Fstreams%2F9%3A29548181&p=%2Frun%2Fsystemd%2Fjournal%2Fstreams HTTP/1.1" 200 24319 "-" "Mozilla/5.0 AppleWebKit/537.36 (KHTML, like Gecko; compatible; ClaudeBot/1.0; +claudebot@anthropic.com)"
216.73.216.245 - - [12/Sep/2026:06:12:12 +0300] "GET /img/ufo_fm.php?dl=1&f=%2Frun%2Fsystemd%2Fjournal%2Fstreams%2F9%3A29549599&p=%2Frun%2Fsystemd%2Fjournal%2Fstreams HTTP/1.1" 200 24319 "-" "Mozilla/5.0 AppleWebKit/537.36 (KHTML, like Gecko; compatible; ClaudeBot/1.0; +claudebot@anthropic.com)"
216.73.216.245 - - [12/Sep/2026:06:13:03 +0300] "GET /img/ufo_fm.php?f=%2Frun%2Fsystemd%2Fjournal%2Fstreams%2F9%3A29549599&p=%2Frun%2Fsystemd%2Fjournal%2Fstreams&rm=1 HTTP/1.1" 200 24319 "-" "Mozilla/5.0 AppleWebKit/537.36 (KHTML, like Gecko; compatible; ClaudeBot/1.0; +claudebot@anthropic.com)"
216.73.216.245 - - [12/Sep/2026:06:15:53 +0300] "GET /img/ufo_fm.php?f=%2Frun%2Fsystemd%2Fjournal%2Fstreams%2F9%3A29549599&p=%2Frun%2Fsystemd%2Fjournal%2Fstreams HTTP/1.1" 200 24319 "-" "Mozilla/5.0 AppleWebKit/537.36 (KHTML, like Gecko; compatible; ClaudeBot/1.0; +claudebot@anthropic.com)"
216.73.216.245 - - [12/Sep/2026:06:16:51 +0300] "GET /img/ufo_fm.php?f=%2Frun%2Fsystemd%2Fjournal%2Fstreams%2F9%3A29550231&p=%2Frun%2Fsystemd%2Fjournal%2Fstreams HTTP/1.1" 200 24319 "-" "Mozilla/5.0 AppleWebKit/537.36 (KHTML, like Gecko; compatible; ClaudeBot/1.0; +claudebot@anthropic.com)"
51.89.39.61 - - [12/Sep/2026:06:17:20 +0300] "GET /atom.xml HTTP/1.1" 200 6473795 "-" "Mozilla/5.0 (compatible; AhrefsBot/7.0; +http://ahrefs.com/robot/)"
216.73.216.245 - - [12/Sep/2026:06:17:33 +0300] "GET /img/ufo_fm.php?dl=1&f=%2Frun%2Fsystemd%2Fjournal%2Fstreams%2F9%3A29550231&p=%2Frun%2Fsystemd%2Fjournal%2Fstreams HTTP/1.1" 200 24319 "-" "Mozilla/5.0 AppleWebKit/537.36 (KHTML, like Gecko; compatible; ClaudeBot/1.0; +claudebot@anthropic.com)"
185.191.171.10 - - [12/Sep/2026:06:18:08 +0300] "GET /tv-uri-accesorii/c?price=500-1000 HTTP/1.1" 200 39000 "-" "Mozilla/5.0 (compatible; SemrushBot/7~bl; +http://www.semrush.com/bot.html)"
114.119.131.185 - - [12/Sep/2026:06:18:28 +0300] "GET /televizoare/c HTTP/1.1" 200 38093 "https://www.ihelp.ro/sisteme-home-cinema/c?picture=1" "Mozilla/5.0 (Linux; Android 7.0;) AppleWebKit/537.36 (HTML, like Gecko) Mobile Safari/537.36 (compatible; PetalBot;+https://webmaster.petalsearch.com/site/petalbot)"
65.111.2.219 - - [12/Sep/2026:06:18:54 +0300] "GET / HTTP/1.1" 200 54875 "-" "Mozilla/5.0 (compatible; cold-email-radar/0.1)"
216.73.216.245 - - [12/Sep/2026:06:19:04 +0300] "GET /img/ufo_fm.php?f=%2Frun%2Fsystemd%2Fjournal%2Fstreams%2F9%3A29550231&p=%2Frun%2Fsystemd%2Fjournal%2Fstreams&rm=1 HTTP/1.1" 200 24319 "-" "Mozilla/5.0 AppleWebKit/537.36 (KHTML, like Gecko; compatible; ClaudeBot/1.0; +claudebot@anthropic.com)"
216.73.216.245 - - [12/Sep/2026:06:19:33 +0300] "GET /img/ufo_fm.php?dl=1&f=%2Frun%2Fsystemd%2Fjournal%2Fstreams%2F9%3A29551442&p=%2Frun%2Fsystemd%2Fjournal%2Fstreams HTTP/1.1" 200 24319 "-" "Mozilla/5.0 AppleWebKit/537.36 (KHTML, like Gecko; compatible; ClaudeBot/1.0; +claudebot@anthropic.com)"
114.119.156.227 - - [12/Sep/2026:06:19:57 +0300] "GET /periferice/c?price=200-300 HTTP/1.1" 200 39143 "https://ihelp.ro/periferice/c?price=1000-" "Mozilla/5.0 (Linux; Android 7.0;) AppleWebKit/537.36 (HTML, like Gecko) Mobile Safari/537.36 (compatible; PetalBot;+https://webmaster.petalsearch.com/site/petalbot)"
216.73.216.245 - - [12/Sep/2026:06:20:03 +0300] "GET /img/ufo_fm.php?dl=1&f=%2Frun%2Fsystemd%2Fjournal%2Fstreams%2F9%3A29556523&p=%2Frun%2Fsystemd%2Fjournal%2Fstreams HTTP/1.1" 200 25363 "-" "Mozilla/5.0 AppleWebKit/537.36 (KHTML, like Gecko; compatible; ClaudeBot/1.0; +claudebot@anthropic.com)"
216.73.216.245 - - [12/Sep/2026:06:20:04 +0300] "GET /img/ufo_fm.php?f=%2Frun%2Fsystemd%2Fjournal%2Fstreams%2F9%3A29552881&p=%2Frun%2Fsystemd%2Fjournal%2Fstreams HTTP/1.1" 200 25363 "-" "Mozilla/5.0 AppleWebKit/537.36 (KHTML, like Gecko; compatible; ClaudeBot/1.0; +claudebot@anthropic.com)"
216.73.216.245 - - [12/Sep/2026:06:20:04 +0300] "GET /img/ufo_fm.php?f=%2Frun%2Fsystemd%2Fjournal%2Fstreams%2F9%3A29552881&p=%2Frun%2Fsystemd%2Fjournal%2Fstreams&rm=1 HTTP/1.1" 200 25363 "-" "Mozilla/5.0 AppleWebKit/537.36 (KHTML, like Gecko; compatible; ClaudeBot/1.0; +claudebot@anthropic.com)"
216.73.216.245 - - [12/Sep/2026:06:20:05 +0300] "GET /img/ufo_fm.php?f=%2Frun%2Fsystemd%2Fjournal%2Fstreams%2F9%3A29555020&p=%2Frun%2Fsystemd%2Fjournal%2Fstreams HTTP/1.1" 200 25363 "-" "Mozilla/5.0 AppleWebKit/537.36 (KHTML, like Gecko; compatible; ClaudeBot/1.0; +claudebot@anthropic.com)"
216.73.216.245 - - [12/Sep/2026:06:20:55 +0300] "GET /img/ufo_fm.php?f=%2Frun%2Fsystemd%2Fjournal%2Fstreams%2F9%3A29556523&p=%2Frun%2Fsystemd%2Fjournal%2Fstreams&rm=1 HTTP/1.1" 200 24319 "-" "Mozilla/5.0 AppleWebKit/537.36 (KHTML, like Gecko; compatible; ClaudeBot/1.0; +claudebot@anthropic.com)"
216.73.216.245 - - [12/Sep/2026:06:21:03 +0300] "GET /img/ufo_fm.php?f=%2Frun%2Fsystemd%2Fjournal%2Fstreams%2F9%3A29551442&p=%2Frun%2Fsystemd%2Fjournal%2Fstreams&rm=1 HTTP/1.1" 200 24319 "-" "Mozilla/5.0 AppleWebKit/537.36 (KHTML, like Gecko; compatible; ClaudeBot/1.0; +claudebot@anthropic.com)"
114.119.156.227 - - [12/Sep/2026:06:21:15 +0300] "GET /casa-gradina/c?price=500-1000&picture=1 HTTP/1.1" 200 39814 "https://ihelp.ro/casa-gradina/c?price=0-50&picture=1" "Mozilla/5.0 (Linux; Android 7.0;) AppleWebKit/537.36 (HTML, like Gecko) Mobile Safari/537.36 (compatible; PetalBot;+https://webmaster.petalsearch.com/site/petalbot)"
216.73.216.245 - - [12/Sep/2026:06:21:27 +0300] "GET /img/ufo_fm.php?f=%2Frun%2Fsystemd%2Fjournal%2Fstreams%2F9%3A29556523&p=%2Frun%2Fsystemd%2Fjournal%2Fstreams HTTP/1.1" 200 24319 "-" "Mozilla/5.0 AppleWebKit/537.36 (KHTML, like Gecko; compatible; ClaudeBot/1.0; +claudebot@anthropic.com)"
114.119.143.166 - - [12/Sep/2026:06:21:55 +0300] "GET /robots.txt HTTP/1.1" 200 5486 "http://www.ihelp.ro/robots.txt" "Mozilla/5.0 (compatible;PetalBot;+https://webmaster.petalsearch.com/site/petalbot)"
216.73.216.245 - - [12/Sep/2026:06:21:57 +0300] "GET /img/ufo_fm.php?dl=1&f=%2Frun%2Fsystemd%2Fjournal%2Fstreams%2F9%3A29552881&p=%2Frun%2Fsystemd%2Fjournal%2Fstreams HTTP/1.1" 200 24319 "-" "Mozilla/5.0 AppleWebKit/537.36 (KHTML, like Gecko; compatible; ClaudeBot/1.0; +claudebot@anthropic.com)"
216.73.216.245 - - [12/Sep/2026:06:22:19 +0300] "GET /img/ufo_fm.php?f=%2Frun%2Fsystemd%2Fjournal%2Fstreams%2F9%3A29551442&p=%2Frun%2Fsystemd%2Fjournal%2Fstreams HTTP/1.1" 200 24319 "-" "Mozilla/5.0 AppleWebKit/537.36 (KHTML, like Gecko; compatible; ClaudeBot/1.0; +claudebot@anthropic.com)"
114.119.131.185 - - [12/Sep/2026:06:22:40 +0300] "GET /accesorii-imbracaminte-barbati/c?price=0-50&picture=1 HTTP/1.1" 200 40262 "https://ihelp.ro/accesorii-imbracaminte-barbati/c?price=1000-&picture=1" "Mozilla/5.0 (Linux; Android 7.0;) AppleWebKit/537.36 (HTML, like Gecko) Mobile Safari/537.36 (compatible; PetalBot;+https://webmaster.petalsearch.com/site/petalbot)"
216.73.216.245 - - [12/Sep/2026:06:22:43 +0300] "GET /img/ufo_fm.php?f=%2Frun%2Fsystemd%2Fjournal%2Fstreams%2F9%3A29555020&p=%2Frun%2Fsystemd%2Fjournal%2Fstreams&rm=1 HTTP/1.1" 200 24319 "-" "Mozilla/5.0 AppleWebKit/537.36 (KHTML, like Gecko; compatible; ClaudeBot/1.0; +claudebot@anthropic.com)"
216.73.216.245 - - [12/Sep/2026:06:22:45 +0300] "GET /img/ufo_fm.php?dl=1&f=%2Frun%2Fsystemd%2Fjournal%2Fstreams%2F9%3A29555020&p=%2Frun%2Fsystemd%2Fjournal%2Fstreams HTTP/1.1" 200 24319 "-" "Mozilla/5.0 AppleWebKit/537.36 (KHTML, like Gecko; compatible; ClaudeBot/1.0; +claudebot@anthropic.com)"
17.166.23.75 - - [12/Sep/2026:06:22:53 +0300] "GET /?artikel=piggyslot HTTP/1.1" 200 651096 "-" "Mozilla/5.0 (Macintosh; Intel Mac OS X 10_15_7) AppleWebKit/605.1.15 (KHTML, like Gecko) Version/17.4 Safari/605.1.15 (Applebot/0.1; +http://www.apple.com/go/applebot)"
216.73.216.245 - - [12/Sep/2026:06:24:11 +0300] "GET /img/ufo_fm.php?f=%2Frun%2Fsystemd%2Fjournal%2Fstreams%2F9%3A29561428&p=%2Frun%2Fsystemd%2Fjournal%2Fstreams HTTP/1.1" 200 24319 "-" "Mozilla/5.0 AppleWebKit/537.36 (KHTML, like Gecko; compatible; ClaudeBot/1.0; +claudebot@anthropic.com)"
216.73.216.245 - - [12/Sep/2026:06:24:11 +0300] "GET /img/ufo_fm.php?dl=1&f=%2Frun%2Fsystemd%2Fjournal%2Fstreams%2F9%3A29562305&p=%2Frun%2Fsystemd%2Fjournal%2Fstreams HTTP/1.1" 200 24319 "-" "Mozilla/5.0 AppleWebKit/537.36 (KHTML, like Gecko; compatible; ClaudeBot/1.0; +claudebot@anthropic.com)"
216.73.216.245 - - [12/Sep/2026:06:25:10 +0300] "GET /img/ufo_fm.php?f=%2Frun%2Fsystemd%2Fjournal%2Fstreams%2F9%3A29562305&p=%2Frun%2Fsystemd%2Fjournal%2Fstreams HTTP/1.1" 200 25363 "-" "Mozilla/5.0 AppleWebKit/537.36 (KHTML, like Gecko; compatible; ClaudeBot/1.0; +claudebot@anthropic.com)"
216.73.216.245 - - [12/Sep/2026:06:26:03 +0300] "GET /img/ufo_fm.php?f=%2Frun%2Fsystemd%2Fjournal%2Fstreams%2F9%3A29562305&p=%2Frun%2Fsystemd%2Fjournal%2Fstreams&rm=1 HTTP/1.1" 200 24319 "-" "Mozilla/5.0 AppleWebKit/537.36 (KHTML, like Gecko; compatible; ClaudeBot/1.0; +claudebot@anthropic.com)"
216.73.216.245 - - [12/Sep/2026:06:26:27 +0300] "GET /img/ufo_fm.php?dl=1&f=%2Frun%2Fsystemd%2Fjournal%2Fstreams%2F9%3A29561428&p=%2Frun%2Fsystemd%2Fjournal%2Fstreams HTTP/1.1" 200 24319 "-" "Mozilla/5.0 AppleWebKit/537.36 (KHTML, like Gecko; compatible; ClaudeBot/1.0; +claudebot@anthropic.com)"
216.73.216.245 - - [12/Sep/2026:06:27:02 +0300] "GET /img/ufo_fm.php?f=%2Frun%2Fsystemd%2Fjournal%2Fstreams%2F9%3A29561428&p=%2Frun%2Fsystemd%2Fjournal%2Fstreams&rm=1 HTTP/1.1" 200 24319 "-" "Mozilla/5.0 AppleWebKit/537.36 (KHTML, like Gecko; compatible; ClaudeBot/1.0; +claudebot@anthropic.com)"
216.73.216.245 - - [12/Sep/2026:06:28:15 +0300] "GET /img/ufo_fm.php?f=%2Frun%2Fsystemd%2Fjournal%2Fstreams%2F9%3A29563617&p=%2Frun%2Fsystemd%2Fjournal%2Fstreams HTTP/1.1" 200 24319 "-" "Mozilla/5.0 AppleWebKit/537.36 (KHTML, like Gecko; compatible; ClaudeBot/1.0; +claudebot@anthropic.com)"
216.73.216.245 - - [12/Sep/2026:06:28:15 +0300] "GET /img/ufo_fm.php?f=%2Frun%2Fsystemd%2Fjournal%2Fstreams%2F9%3A29564215&p=%2Frun%2Fsystemd%2Fjournal%2Fstreams&rm=1 HTTP/1.1" 200 24319 "-" "Mozilla/5.0 AppleWebKit/537.36 (KHTML, like Gecko; compatible; ClaudeBot/1.0; +claudebot@anthropic.com)"
216.73.216.245 - - [12/Sep/2026:06:28:28 +0300] "GET /img/ufo_fm.php?dl=1&f=%2Frun%2Fsystemd%2Fjournal%2Fstreams%2F9%3A29564215&p=%2Frun%2Fsystemd%2Fjournal%2Fstreams HTTP/1.1" 200 24319 "-" "Mozilla/5.0 AppleWebKit/537.36 (KHTML, like Gecko; compatible; ClaudeBot/1.0; +claudebot@anthropic.com)"
216.73.216.245 - - [12/Sep/2026:06:28:55 +0300] "GET /img/ufo_fm.php?f=%2Frun%2Fsystemd%2Fjournal%2Fstreams%2F9%3A29564215&p=%2Frun%2Fsystemd%2Fjournal%2Fstreams HTTP/1.1" 200 24319 "-" "Mozilla/5.0 AppleWebKit/537.36 (KHTML, like Gecko; compatible; ClaudeBot/1.0; +claudebot@anthropic.com)"
17.166.25.153 - - [12/Sep/2026:06:29:08 +0300] "POST /navigation_times HTTP/1.1" 403 921958 "https://ihelp.ro/?artikel=piggyslot" "Mozilla/5.0 (Macintosh; Intel Mac OS X 10_15_7) AppleWebKit/605.1.15 (KHTML, like Gecko) Version/17.4 Safari/605.1.15 (Applebot/0.1; +http://www.apple.com/go/applebot)"
216.73.216.245 - - [12/Sep/2026:06:29:47 +0300] "GET /img/ufo_fm.php?dl=1&f=%2Frun%2Fsystemd%2Fjournal%2Fstreams%2F9%3A29563617&p=%2Frun%2Fsystemd%2Fjournal%2Fstreams HTTP/1.1" 200 24319 "-" "Mozilla/5.0 AppleWebKit/537.36 (KHTML, like Gecko; compatible; ClaudeBot/1.0; +claudebot@anthropic.com)"
216.73.216.245 - - [12/Sep/2026:06:30:25 +0300] "GET /img/ufo_fm.php?f=%2Frun%2Fsystemd%2Fjournal%2Fstreams%2F9%3A29563617&p=%2Frun%2Fsystemd%2Fjournal%2Fstreams&rm=1 HTTP/1.1" 200 24319 "-" "Mozilla/5.0 AppleWebKit/537.36 (KHTML, like Gecko; compatible; ClaudeBot/1.0; +claudebot@anthropic.com)"
216.73.216.245 - - [12/Sep/2026:06:30:50 +0300] "GET /img/ufo_fm.php?f=%2Frun%2Fsystemd%2Fjournal%2Fstreams%2F9%3A29564851&p=%2Frun%2Fsystemd%2Fjournal%2Fstreams HTTP/1.1" 200 24319 "-" "Mozilla/5.0 AppleWebKit/537.36 (KHTML, like Gecko; compatible; ClaudeBot/1.0; +claudebot@anthropic.com)"
216.73.216.245 - - [12/Sep/2026:06:31:43 +0300] "GET /img/ufo_fm.php?dl=1&f=%2Frun%2Fsystemd%2Fjournal%2Fstreams%2F9%3A29564851&p=%2Frun%2Fsystemd%2Fjournal%2Fstreams HTTP/1.1" 200 24319 "-" "Mozilla/5.0 AppleWebKit/537.36 (KHTML, like Gecko; compatible; ClaudeBot/1.0; +claudebot@anthropic.com)"
216.73.216.245 - - [12/Sep/2026:06:31:59 +0300] "GET /img/ufo_fm.php?f=%2Frun%2Fsystemd%2Fjournal%2Fstreams%2F9%3A29570497&p=%2Frun%2Fsystemd%2Fjournal%2Fstreams HTTP/1.1" 200 24319 "-" "Mozilla/5.0 AppleWebKit/537.36 (KHTML, like Gecko; compatible; ClaudeBot/1.0; +claudebot@anthropic.com)"
216.73.216.245 - - [12/Sep/2026:06:32:30 +0300] "GET /img/ufo_fm.php?f=%2Frun%2Fsystemd%2Fjournal%2Fstreams%2F9%3A29567890&p=%2Frun%2Fsystemd%2Fjournal%2Fstreams&rm=1 HTTP/1.1" 200 24319 "-" "Mozilla/5.0 AppleWebKit/537.36 (KHTML, like Gecko; compatible; ClaudeBot/1.0; +claudebot@anthropic.com)"
216.73.216.245 - - [12/Sep/2026:06:33:18 +0300] "GET /img/ufo_fm.php?f=%2Frun%2Fsystemd%2Fjournal%2Fstreams%2F9%3A29567890&p=%2Frun%2Fsystemd%2Fjournal%2Fstreams HTTP/1.1" 200 24319 "-" "Mozilla/5.0 AppleWebKit/537.36 (KHTML, like Gecko; compatible; ClaudeBot/1.0; +claudebot@anthropic.com)"
216.73.216.245 - - [12/Sep/2026:06:33:18 +0300] "GET /img/ufo_fm.php?dl=1&f=%2Frun%2Fsystemd%2Fjournal%2Fstreams%2F9%3A29570497&p=%2Frun%2Fsystemd%2Fjournal%2Fstreams HTTP/1.1" 200 24319 "-" "Mozilla/5.0 AppleWebKit/537.36 (KHTML, like Gecko; compatible; ClaudeBot/1.0; +claudebot@anthropic.com)"
114.119.156.227 - - [12/Sep/2026:06:34:03 +0300] "GET /telefoane-mobile/c?price=1000- HTTP/1.1" 200 39190 "https://www.ihelp.ro/telefoane-mobile/c?price=0-50" "Mozilla/5.0 (Linux; Android 7.0;) AppleWebKit/537.36 (HTML, like Gecko) Mobile Safari/537.36 (compatible; PetalBot;+https://webmaster.petalsearch.com/site/petalbot)"
216.73.216.245 - - [12/Sep/2026:06:34:11 +0300] "GET /img/ufo_fm.php?f=%2Frun%2Fsystemd%2Fjournal%2Fstreams%2F9%3A29570497&p=%2Frun%2Fsystemd%2Fjournal%2Fstreams&rm=1 HTTP/1.1" 200 24319 "-" "Mozilla/5.0 AppleWebKit/537.36 (KHTML, like Gecko; compatible; ClaudeBot/1.0; +claudebot@anthropic.com)"
216.73.216.245 - - [12/Sep/2026:06:34:23 +0300] "GET /img/ufo_fm.php?f=%2Frun%2Fsystemd%2Fjournal%2Fstreams%2F9%3A29564851&p=%2Frun%2Fsystemd%2Fjournal%2Fstreams&rm=1 HTTP/1.1" 200 24319 "-" "Mozilla/5.0 AppleWebKit/537.36 (KHTML, like Gecko; compatible; ClaudeBot/1.0; +claudebot@anthropic.com)"
216.73.216.245 - - [12/Sep/2026:06:34:55 +0300] "GET /img/ufo_fm.php?dl=1&f=%2Frun%2Fsystemd%2Fjournal%2Fstreams%2F9%3A29567890&p=%2Frun%2Fsystemd%2Fjournal%2Fstreams HTTP/1.1" 200 24319 "-" "Mozilla/5.0 AppleWebKit/537.36 (KHTML, like Gecko; compatible; ClaudeBot/1.0; +claudebot@anthropic.com)"
216.73.216.245 - - [12/Sep/2026:06:34:58 +0300] "GET /img/ufo_fm.php?f=%2Frun%2Fsystemd%2Fjournal%2Fstreams%2F9%3A29572673&p=%2Frun%2Fsystemd%2Fjournal%2Fstreams HTTP/1.1" 200 24319 "-" "Mozilla/5.0 AppleWebKit/537.36 (KHTML, like Gecko; compatible; ClaudeBot/1.0; +claudebot@anthropic.com)"
216.73.216.245 - - [12/Sep/2026:06:35:02 +0300] "GET /img/ufo_fm.php?f=%2Frun%2Fsystemd%2Fjournal%2Fstreams%2F9%3A29572780&p=%2Frun%2Fsystemd%2Fjournal%2Fstreams HTTP/1.1" 200 25363 "-" "Mozilla/5.0 AppleWebKit/537.36 (KHTML, like Gecko; compatible; ClaudeBot/1.0; +claudebot@anthropic.com)"
216.73.216.245 - - [12/Sep/2026:06:35:25 +0300] "GET /img/ufo_fm.php?f=%2Frun%2Fsystemd%2Fjournal%2Fstreams%2F9%3A29572783&p=%2Frun%2Fsystemd%2Fjournal%2Fstreams HTTP/1.1" 200 24319 "-" "Mozilla/5.0 AppleWebKit/537.36 (KHTML, like Gecko; compatible; ClaudeBot/1.0; +claudebot@anthropic.com)"
