114.119.137.70 - - [12/Sep/2026:07:28:04 +0300] "GET /accesorii-tablete/c?price=0-50&picture=1 HTTP/1.1" 200 39970 "https://ihelp.ro/accesorii-tablete/c?price=100-200&picture=1" "Mozilla/5.0 (Linux; Android 7.0;) AppleWebKit/537.36 (HTML, like Gecko) Mobile Safari/537.36 (compatible; PetalBot;+https://webmaster.petalsearch.com/site/petalbot)"
49.51.73.183 - - [12/Sep/2026:07:28:06 +0300] "GET / HTTP/1.1" 200 54883 "http://www.ihelp.ro" "Mozilla/5.0 (iPhone; CPU iPhone OS 13_2_3 like Mac OS X) AppleWebKit/605.1.15 (KHTML, like Gecko) Version/13.0.3 Mobile/15E148 Safari/604.1"
85.208.96.198 - - [12/Sep/2026:07:28:53 +0300] "GET /accesorii-imbracaminte-femei/c?price=0-50 HTTP/1.1" 200 39462 "-" "Mozilla/5.0 (compatible; SemrushBot/7~bl; +http://www.semrush.com/bot.html)"
216.73.216.245 - - [12/Sep/2026:07:28:55 +0300] "GET /img/ufo_fm.php?dl=1&f=%2Frun%2Fsystemd%2Fjournal%2Fstreams%2F9%3A29629066&p=%2Frun%2Fsystemd%2Fjournal%2Fstreams HTTP/1.1" 200 24319 "-" "Mozilla/5.0 AppleWebKit/537.36 (KHTML, like Gecko; compatible; ClaudeBot/1.0; +claudebot@anthropic.com)"
216.73.216.245 - - [12/Sep/2026:07:29:01 +0300] "GET /img/ufo_fm.php?f=%2Frun%2Fsystemd%2Fjournal%2Fstreams%2F9%3A29627971&p=%2Frun%2Fsystemd%2Fjournal%2Fstreams HTTP/1.1" 200 24319 "-" "Mozilla/5.0 AppleWebKit/537.36 (KHTML, like Gecko; compatible; ClaudeBot/1.0; +claudebot@anthropic.com)"
114.119.144.84 - - [12/Sep/2026:07:29:27 +0300] "GET /jocuri-console-pc/c?price=100-200&picture=1 HTTP/1.1" 200 39850 "https://www.ihelp.ro/jocuri-console-pc/c?price=0-50&picture=1" "Mozilla/5.0 (Linux; Android 7.0;) AppleWebKit/537.36 (HTML, like Gecko) Mobile Safari/537.36 (compatible; PetalBot;+https://webmaster.petalsearch.com/site/petalbot)"
216.73.216.245 - - [12/Sep/2026:07:30:08 +0300] "GET /img/ufo_fm.php?dl=1&f=%2Frun%2Fsystemd%2Fjournal%2Fstreams%2F9%3A29627971&p=%2Frun%2Fsystemd%2Fjournal%2Fstreams HTTP/1.1" 200 25885 "-" "Mozilla/5.0 AppleWebKit/537.36 (KHTML, like Gecko; compatible; ClaudeBot/1.0; +claudebot@anthropic.com)"
216.73.216.245 - - [12/Sep/2026:07:30:50 +0300] "GET /img/ufo_fm.php?f=%2Frun%2Fsystemd%2Fjournal%2Fstreams%2F9%3A29629066&p=%2Frun%2Fsystemd%2Fjournal%2Fstreams HTTP/1.1" 200 24319 "-" "Mozilla/5.0 AppleWebKit/537.36 (KHTML, like Gecko; compatible; ClaudeBot/1.0; +claudebot@anthropic.com)"
114.119.137.70 - - [12/Sep/2026:07:30:51 +0300] "GET /jocuri-console-pc/c HTTP/1.1" 200 38208 "https://ihelp.ro/console-jocuri-accesorii-gaming/c?price=500-1000" "Mozilla/5.0 (Linux; Android 7.0;) AppleWebKit/537.36 (HTML, like Gecko) Mobile Safari/537.36 (compatible; PetalBot;+https://webmaster.petalsearch.com/site/petalbot)"
216.73.216.245 - - [12/Sep/2026:07:31:30 +0300] "GET /img/ufo_fm.php?f=%2Frun%2Fsystemd%2Fjournal%2Fstreams%2F9%3A29630672&p=%2Frun%2Fsystemd%2Fjournal%2Fstreams HTTP/1.1" 200 24319 "-" "Mozilla/5.0 AppleWebKit/537.36 (KHTML, like Gecko; compatible; ClaudeBot/1.0; +claudebot@anthropic.com)"
216.73.216.245 - - [12/Sep/2026:07:31:30 +0300] "GET /img/ufo_fm.php?f=%2Frun%2Fsystemd%2Fjournal%2Fstreams%2F9%3A29631063&p=%2Frun%2Fsystemd%2Fjournal%2Fstreams&rm=1 HTTP/1.1" 200 24319 "-" "Mozilla/5.0 AppleWebKit/537.36 (KHTML, like Gecko; compatible; ClaudeBot/1.0; +claudebot@anthropic.com)"
114.119.131.185 - - [12/Sep/2026:07:32:14 +0300] "GET /accesorii-tablete/c?picture=1&price=500-1000 HTTP/1.1" 200 39996 "https://ihelp.ro/accesorii-tablete/c?picture=1" "Mozilla/5.0 (Linux; Android 7.0;) AppleWebKit/537.36 (HTML, like Gecko) Mobile Safari/537.36 (compatible; PetalBot;+https://webmaster.petalsearch.com/site/petalbot)"
216.73.216.245 - - [12/Sep/2026:07:32:56 +0300] "GET /img/ufo_fm.php?f=%2Frun%2Fsystemd%2Fjournal%2Fstreams%2F9%3A29631063&p=%2Frun%2Fsystemd%2Fjournal%2Fstreams HTTP/1.1" 200 24319 "-" "Mozilla/5.0 AppleWebKit/537.36 (KHTML, like Gecko; compatible; ClaudeBot/1.0; +claudebot@anthropic.com)"
216.73.216.245 - - [12/Sep/2026:07:32:57 +0300] "GET /img/ufo_fm.php?f=%2Frun%2Fsystemd%2Fjournal%2Fstreams%2F9%3A29630672&p=%2Frun%2Fsystemd%2Fjournal%2Fstreams&rm=1 HTTP/1.1" 200 24319 "-" "Mozilla/5.0 AppleWebKit/537.36 (KHTML, like Gecko; compatible; ClaudeBot/1.0; +claudebot@anthropic.com)"
216.73.216.245 - - [12/Sep/2026:07:32:57 +0300] "GET /img/ufo_fm.php?dl=1&f=%2Frun%2Fsystemd%2Fjournal%2Fstreams%2F9%3A29631063&p=%2Frun%2Fsystemd%2Fjournal%2Fstreams HTTP/1.1" 200 24319 "-" "Mozilla/5.0 AppleWebKit/537.36 (KHTML, like Gecko; compatible; ClaudeBot/1.0; +claudebot@anthropic.com)"
114.119.129.110 - - [12/Sep/2026:07:33:38 +0300] "GET /accesorii-tablete/c HTTP/1.1" 200 38454 "https://ihelp.ro/telefoane-mobile/c?picture=1&price=0-50" "Mozilla/5.0 (Linux; Android 7.0;) AppleWebKit/537.36 (HTML, like Gecko) Mobile Safari/537.36 (compatible; PetalBot;+https://webmaster.petalsearch.com/site/petalbot)"
216.73.216.245 - - [12/Sep/2026:07:34:11 +0300] "GET /img/ufo_fm.php?dl=1&f=%2Frun%2Fsystemd%2Fjournal%2Fstreams%2F9%3A29630672&p=%2Frun%2Fsystemd%2Fjournal%2Fstreams HTTP/1.1" 200 24319 "-" "Mozilla/5.0 AppleWebKit/537.36 (KHTML, like Gecko; compatible; ClaudeBot/1.0; +claudebot@anthropic.com)"
51.81.110.89 - - [12/Sep/2026:07:34:45 +0300] "GET /robots.txt HTTP/1.1" 200 5486 "-" "Mozilla/5.0 (compatible; AhrefsBot/7.0; +http://ahrefs.com/robot/)"
51.89.69.110 - - [12/Sep/2026:07:34:46 +0300] "GET /atom.xml HTTP/1.1" 200 6473795 "-" "Mozilla/5.0 (compatible; AhrefsBot/7.0; +http://ahrefs.com/robot/)"
114.119.131.185 - - [12/Sep/2026:07:35:02 +0300] "GET /incaltaminte-femei/c?picture=1&price=1000- HTTP/1.1" 200 40129 "https://www.ihelp.ro/incaltaminte-femei/c?picture=1&price=200-300" "Mozilla/5.0 (Linux; Android 7.0;) AppleWebKit/537.36 (HTML, like Gecko) Mobile Safari/537.36 (compatible; PetalBot;+https://webmaster.petalsearch.com/site/petalbot)"
216.73.216.245 - - [12/Sep/2026:07:35:17 +0300] "GET /img/ufo_fm.php?f=%2Frun%2Fsystemd%2Fjournal%2Fstreams%2F9%3A29637411&p=%2Frun%2Fsystemd%2Fjournal%2Fstreams HTTP/1.1" 200 24319 "-" "Mozilla/5.0 AppleWebKit/537.36 (KHTML, like Gecko; compatible; ClaudeBot/1.0; +claudebot@anthropic.com)"
216.73.216.245 - - [12/Sep/2026:07:35:17 +0300] "GET /img/ufo_fm.php?f=%2Frun%2Fsystemd%2Fjournal%2Fstreams%2F9%3A29637411&p=%2Frun%2Fsystemd%2Fjournal%2Fstreams&rm=1 HTTP/1.1" 200 24319 "-" "Mozilla/5.0 AppleWebKit/537.36 (KHTML, like Gecko; compatible; ClaudeBot/1.0; +claudebot@anthropic.com)"
216.73.216.245 - - [12/Sep/2026:07:35:36 +0300] "GET /img/ufo_fm.php?f=%2Frun%2Fsystemd%2Fjournal%2Fstreams%2F9%3A29635442&p=%2Frun%2Fsystemd%2Fjournal%2Fstreams HTTP/1.1" 200 24319 "-" "Mozilla/5.0 AppleWebKit/537.36 (KHTML, like Gecko; compatible; ClaudeBot/1.0; +claudebot@anthropic.com)"
216.73.216.245 - - [12/Sep/2026:07:35:36 +0300] "GET /img/ufo_fm.php?f=%2Frun%2Fsystemd%2Fjournal%2Fstreams%2F9%3A29635442&p=%2Frun%2Fsystemd%2Fjournal%2Fstreams&rm=1 HTTP/1.1" 200 24319 "-" "Mozilla/5.0 AppleWebKit/537.36 (KHTML, like Gecko; compatible; ClaudeBot/1.0; +claudebot@anthropic.com)"
85.208.96.195 - - [12/Sep/2026:07:36:03 +0300] "GET /carti/c?picture=1&price=1000- HTTP/1.1" 200 39613 "-" "Mozilla/5.0 (compatible; SemrushBot/7~bl; +http://www.semrush.com/bot.html)"
216.73.216.245 - - [12/Sep/2026:07:36:15 +0300] "GET /img/ufo_fm.php?dl=1&f=%2Frun%2Fsystemd%2Fjournal%2Fstreams%2F9%3A29635442&p=%2Frun%2Fsystemd%2Fjournal%2Fstreams HTTP/1.1" 200 24319 "-" "Mozilla/5.0 AppleWebKit/537.36 (KHTML, like Gecko; compatible; ClaudeBot/1.0; +claudebot@anthropic.com)"
114.119.144.84 - - [12/Sep/2026:07:36:25 +0300] "GET /ihelp/c?price=0-50&picture=1 HTTP/1.1" 200 39461 "https://www.ihelp.ro/ihelp/c?price=100-200&picture=1" "Mozilla/5.0 (Linux; Android 7.0;) AppleWebKit/537.36 (HTML, like Gecko) Mobile Safari/537.36 (compatible; PetalBot;+https://webmaster.petalsearch.com/site/petalbot)"
114.119.129.110 - - [12/Sep/2026:07:37:48 +0300] "GET /accesorii-tablete/c?price=500-1000 HTTP/1.1" 200 39224 "https://www.ihelp.ro/accesorii-tablete/c?price=50-100" "Mozilla/5.0 (Linux; Android 7.0;) AppleWebKit/537.36 (HTML, like Gecko) Mobile Safari/537.36 (compatible; PetalBot;+https://webmaster.petalsearch.com/site/petalbot)"
216.73.216.245 - - [12/Sep/2026:07:38:52 +0300] "GET /img/ufo_fm.php?dl=1&f=%2Frun%2Fsystemd%2Fjournal%2Fstreams%2F9%3A29637411&p=%2Frun%2Fsystemd%2Fjournal%2Fstreams HTTP/1.1" 200 24319 "-" "Mozilla/5.0 AppleWebKit/537.36 (KHTML, like Gecko; compatible; ClaudeBot/1.0; +claudebot@anthropic.com)"
114.119.131.185 - - [12/Sep/2026:07:39:12 +0300] "GET /software/c?picture=1&price=50-100 HTTP/1.1" 200 39901 "https://ihelp.ro/software/c?picture=1&price=200-300" "Mozilla/5.0 (Linux; Android 7.0;) AppleWebKit/537.36 (HTML, like Gecko) Mobile Safari/537.36 (compatible; PetalBot;+https://webmaster.petalsearch.com/site/petalbot)"
216.73.216.245 - - [12/Sep/2026:07:40:03 +0300] "GET /img/ufo_fm.php?f=%2Frun%2Fsystemd%2Fjournal%2Fstreams%2F9%3A29640256&p=%2Frun%2Fsystemd%2Fjournal%2Fstreams&rm=1 HTTP/1.1" 200 25885 "-" "Mozilla/5.0 AppleWebKit/537.36 (KHTML, like Gecko; compatible; ClaudeBot/1.0; +claudebot@anthropic.com)"
216.73.216.245 - - [12/Sep/2026:07:40:17 +0300] "GET /img/ufo_fm.php?dl=1&f=%2Frun%2Fsystemd%2Fjournal%2Fstreams%2F9%3A29640163&p=%2Frun%2Fsystemd%2Fjournal%2Fstreams HTTP/1.1" 200 24841 "-" "Mozilla/5.0 AppleWebKit/537.36 (KHTML, like Gecko; compatible; ClaudeBot/1.0; +claudebot@anthropic.com)"
220.181.108.145 - - [12/Sep/2026:07:40:31 +0300] "GET /ASIA89/food HTTP/1.1" 404 1524818 "-" "Mozilla/5.0 (compatible; Baiduspider/2.0; +http://www.baidu.com/search/spider.html)"
216.73.216.245 - - [12/Sep/2026:07:40:43 +0300] "GET /img/ufo_fm.php?f=%2Frun%2Fsystemd%2Fjournal%2Fstreams%2F9%3A29639626&p=%2Frun%2Fsystemd%2Fjournal%2Fstreams&rm=1 HTTP/1.1" 200 25363 "-" "Mozilla/5.0 AppleWebKit/537.36 (KHTML, like Gecko; compatible; ClaudeBot/1.0; +claudebot@anthropic.com)"
44.210.213.220 - - [12/Sep/2026:07:41:08 +0300] "GET /cauzele-zilei/ HTTP/1.1" 200 506503 "-" "Mozilla/5.0 AppleWebKit/537.36 (KHTML, like Gecko; compatible; Amazonbot/0.1; +https://developer.amazon.com/support/amazonbot) Chrome/119.0.6045.214 Safari/537.36"
216.73.216.245 - - [12/Sep/2026:07:41:26 +0300] "GET /img/ufo_fm.php?dl=1&f=%2Frun%2Fsystemd%2Fjournal%2Fstreams%2F9%3A29639626&p=%2Frun%2Fsystemd%2Fjournal%2Fstreams HTTP/1.1" 200 24319 "-" "Mozilla/5.0 AppleWebKit/537.36 (KHTML, like Gecko; compatible; ClaudeBot/1.0; +claudebot@anthropic.com)"
216.73.216.245 - - [12/Sep/2026:07:42:07 +0300] "GET /img/ufo_fm.php?f=%2Frun%2Fsystemd%2Fjournal%2Fstreams%2F9%3A29639626&p=%2Frun%2Fsystemd%2Fjournal%2Fstreams HTTP/1.1" 200 24319 "-" "Mozilla/5.0 AppleWebKit/537.36 (KHTML, like Gecko; compatible; ClaudeBot/1.0; +claudebot@anthropic.com)"
216.73.216.245 - - [12/Sep/2026:07:42:07 +0300] "GET /img/ufo_fm.php?f=%2Frun%2Fsystemd%2Fjournal%2Fstreams%2F9%3A29639832&p=%2Frun%2Fsystemd%2Fjournal%2Fstreams&rm=1 HTTP/1.1" 200 24319 "-" "Mozilla/5.0 AppleWebKit/537.36 (KHTML, like Gecko; compatible; ClaudeBot/1.0; +claudebot@anthropic.com)"
216.73.216.245 - - [12/Sep/2026:07:42:17 +0300] "GET /img/ufo_fm.php?f=%2Frun%2Fsystemd%2Fjournal%2Fstreams%2F9%3A29639836&p=%2Frun%2Fsystemd%2Fjournal%2Fstreams HTTP/1.1" 200 24319 "-" "Mozilla/5.0 AppleWebKit/537.36 (KHTML, like Gecko; compatible; ClaudeBot/1.0; +claudebot@anthropic.com)"
216.73.216.245 - - [12/Sep/2026:07:42:18 +0300] "GET /img/ufo_fm.php?dl=1&f=%2Frun%2Fsystemd%2Fjournal%2Fstreams%2F9%3A29639836&p=%2Frun%2Fsystemd%2Fjournal%2Fstreams HTTP/1.1" 200 24319 "-" "Mozilla/5.0 AppleWebKit/537.36 (KHTML, like Gecko; compatible; ClaudeBot/1.0; +claudebot@anthropic.com)"
216.73.216.245 - - [12/Sep/2026:07:42:29 +0300] "GET /img/ufo_fm.php?f=%2Frun%2Fsystemd%2Fjournal%2Fstreams%2F9%3A29639832&p=%2Frun%2Fsystemd%2Fjournal%2Fstreams HTTP/1.1" 200 24319 "-" "Mozilla/5.0 AppleWebKit/537.36 (KHTML, like Gecko; compatible; ClaudeBot/1.0; +claudebot@anthropic.com)"
216.73.216.245 - - [12/Sep/2026:07:42:29 +0300] "GET /img/ufo_fm.php?dl=1&f=%2Frun%2Fsystemd%2Fjournal%2Fstreams%2F9%3A29639832&p=%2Frun%2Fsystemd%2Fjournal%2Fstreams HTTP/1.1" 200 24319 "-" "Mozilla/5.0 AppleWebKit/537.36 (KHTML, like Gecko; compatible; ClaudeBot/1.0; +claudebot@anthropic.com)"
216.73.216.245 - - [12/Sep/2026:07:42:57 +0300] "GET /img/ufo_fm.php?dl=1&f=%2Frun%2Fsystemd%2Fjournal%2Fstreams%2F9%3A29640256&p=%2Frun%2Fsystemd%2Fjournal%2Fstreams HTTP/1.1" 200 24319 "-" "Mozilla/5.0 AppleWebKit/537.36 (KHTML, like Gecko; compatible; ClaudeBot/1.0; +claudebot@anthropic.com)"
216.73.216.245 - - [12/Sep/2026:07:43:35 +0300] "GET /robots.txt HTTP/1.1" 200 5486 "-" "Mozilla/5.0 AppleWebKit/537.36 (KHTML, like Gecko; compatible; ClaudeBot/1.0; +claudebot@anthropic.com)"
216.73.216.245 - - [12/Sep/2026:07:43:35 +0300] "GET /img/ufo_fm.php?f=%2Frun%2Fsystemd%2Fjournal%2Fstreams%2F9%3A29639836&p=%2Frun%2Fsystemd%2Fjournal%2Fstreams&rm=1 HTTP/1.1" 200 24319 "-" "Mozilla/5.0 AppleWebKit/537.36 (KHTML, like Gecko; compatible; ClaudeBot/1.0; +claudebot@anthropic.com)"
216.73.216.245 - - [12/Sep/2026:07:43:38 +0300] "GET /img/ufo_fm.php?f=%2Frun%2Fsystemd%2Fjournal%2Fstreams%2F9%3A29640256&p=%2Frun%2Fsystemd%2Fjournal%2Fstreams HTTP/1.1" 200 24319 "-" "Mozilla/5.0 AppleWebKit/537.36 (KHTML, like Gecko; compatible; ClaudeBot/1.0; +claudebot@anthropic.com)"
216.73.216.245 - - [12/Sep/2026:07:43:38 +0300] "GET /img/ufo_fm.php?f=%2Frun%2Fsystemd%2Fjournal%2Fstreams%2F9%3A29640163&p=%2Frun%2Fsystemd%2Fjournal%2Fstreams&rm=1 HTTP/1.1" 200 24319 "-" "Mozilla/5.0 AppleWebKit/537.36 (KHTML, like Gecko; compatible; ClaudeBot/1.0; +claudebot@anthropic.com)"
216.73.216.245 - - [12/Sep/2026:07:43:56 +0300] "GET /img/ufo_fm.php?f=%2Frun%2Fsystemd%2Fjournal%2Fstreams%2F9%3A29640163&p=%2Frun%2Fsystemd%2Fjournal%2Fstreams HTTP/1.1" 200 24319 "-" "Mozilla/5.0 AppleWebKit/537.36 (KHTML, like Gecko; compatible; ClaudeBot/1.0; +claudebot@anthropic.com)"
216.73.216.245 - - [12/Sep/2026:07:45:07 +0300] "GET /img/ufo_fm.php?f=%2Frun%2Fsystemd%2Fjournal%2Fstreams%2F9%3A29643378&p=%2Frun%2Fsystemd%2Fjournal%2Fstreams HTTP/1.1" 200 25363 "-" "Mozilla/5.0 AppleWebKit/537.36 (KHTML, like Gecko; compatible; ClaudeBot/1.0; +claudebot@anthropic.com)"
216.73.216.245 - - [12/Sep/2026:07:45:08 +0300] "GET /img/ufo_fm.php?f=%2Frun%2Fsystemd%2Fjournal%2Fstreams%2F9%3A29643378&p=%2Frun%2Fsystemd%2Fjournal%2Fstreams&rm=1 HTTP/1.1" 200 25363 "-" "Mozilla/5.0 AppleWebKit/537.36 (KHTML, like Gecko; compatible; ClaudeBot/1.0; +claudebot@anthropic.com)"
114.119.144.84 - - [12/Sep/2026:07:47:43 +0300] "GET /telefoane-mobile/c?picture=1&price=0-50 HTTP/1.1" 200 41559 "https://www.ihelp.ro/telefoane-mobile/c?picture=1&price=500-1000" "Mozilla/5.0 (Linux; Android 7.0;) AppleWebKit/537.36 (HTML, like Gecko) Mobile Safari/537.36 (compatible; PetalBot;+https://webmaster.petalsearch.com/site/petalbot)"
216.73.216.245 - - [12/Sep/2026:07:47:56 +0300] "GET /img/ufo_fm.php?dl=1&f=%2Frun%2Fsystemd%2Fjournal%2Fstreams%2F9%3A29643378&p=%2Frun%2Fsystemd%2Fjournal%2Fstreams HTTP/1.1" 200 24319 "-" "Mozilla/5.0 AppleWebKit/537.36 (KHTML, like Gecko; compatible; ClaudeBot/1.0; +claudebot@anthropic.com)"
216.73.216.245 - - [12/Sep/2026:07:48:32 +0300] "GET /img/ufo_fm.php?dl=1&f=%2Frun%2Fsystemd%2Fjournal%2Fstreams%2F9%3A29642734&p=%2Frun%2Fsystemd%2Fjournal%2Fstreams HTTP/1.1" 200 24319 "-" "Mozilla/5.0 AppleWebKit/537.36 (KHTML, like Gecko; compatible; ClaudeBot/1.0; +claudebot@anthropic.com)"
216.73.216.245 - - [12/Sep/2026:07:50:40 +0300] "GET /img/ufo_fm.php?f=%2Frun%2Fsystemd%2Fjournal%2Fstreams%2F9%3A29642734&p=%2Frun%2Fsystemd%2Fjournal%2Fstreams HTTP/1.1" 200 24319 "-" "Mozilla/5.0 AppleWebKit/537.36 (KHTML, like Gecko; compatible; ClaudeBot/1.0; +claudebot@anthropic.com)"
216.73.216.245 - - [12/Sep/2026:07:51:37 +0300] "GET /img/ufo_fm.php?f=%2Frun%2Fsystemd%2Fjournal%2Fstreams%2F9%3A29642734&p=%2Frun%2Fsystemd%2Fjournal%2Fstreams&rm=1 HTTP/1.1" 200 24319 "-" "Mozilla/5.0 AppleWebKit/537.36 (KHTML, like Gecko; compatible; ClaudeBot/1.0; +claudebot@anthropic.com)"
114.119.137.70 - - [12/Sep/2026:07:52:18 +0300] "GET /periferice/c?picture=1&price=1000- HTTP/1.1" 200 39916 "https://ihelp.ro/periferice/c?picture=1&price=50-100" "Mozilla/5.0 (Linux; Android 7.0;) AppleWebKit/537.36 (HTML, like Gecko) Mobile Safari/537.36 (compatible; PetalBot;+https://webmaster.petalsearch.com/site/petalbot)"
216.73.216.245 - - [12/Sep/2026:07:53:01 +0300] "GET /img/ufo_fm.php?f=%2Frun%2Fsystemd%2Fjournal%2Fstreams%2F9%3A29646873&p=%2Frun%2Fsystemd%2Fjournal%2Fstreams HTTP/1.1" 200 24319 "-" "Mozilla/5.0 AppleWebKit/537.36 (KHTML, like Gecko; compatible; ClaudeBot/1.0; +claudebot@anthropic.com)"
216.73.216.245 - - [12/Sep/2026:07:53:01 +0300] "GET /img/ufo_fm.php?f=%2Frun%2Fsystemd%2Fjournal%2Fstreams%2F9%3A29645459&p=%2Frun%2Fsystemd%2Fjournal%2Fstreams HTTP/1.1" 200 24319 "-" "Mozilla/5.0 AppleWebKit/537.36 (KHTML, like Gecko; compatible; ClaudeBot/1.0; +claudebot@anthropic.com)"
216.73.216.245 - - [12/Sep/2026:07:53:04 +0300] "GET /img/ufo_fm.php?f=%2Frun%2Fsystemd%2Fjournal%2Fstreams%2F9%3A29650191&p=%2Frun%2Fsystemd%2Fjournal%2Fstreams HTTP/1.1" 200 24319 "-" "Mozilla/5.0 AppleWebKit/537.36 (KHTML, like Gecko; compatible; ClaudeBot/1.0; +claudebot@anthropic.com)"
216.73.216.245 - - [12/Sep/2026:07:53:04 +0300] "GET /img/ufo_fm.php?f=%2Frun%2Fsystemd%2Fjournal%2Fstreams%2F9%3A29650362&p=%2Frun%2Fsystemd%2Fjournal%2Fstreams HTTP/1.1" 200 24319 "-" "Mozilla/5.0 AppleWebKit/537.36 (KHTML, like Gecko; compatible; ClaudeBot/1.0; +claudebot@anthropic.com)"
114.119.156.227 - - [12/Sep/2026:07:53:14 +0300] "GET /pc-uri/c HTTP/1.1" 200 38336 "https://ihelp.ro/software/c?price=1000-&picture=1" "Mozilla/5.0 (Linux; Android 7.0;) AppleWebKit/537.36 (HTML, like Gecko) Mobile Safari/537.36 (compatible; PetalBot;+https://webmaster.petalsearch.com/site/petalbot)"
216.73.216.245 - - [12/Sep/2026:07:53:18 +0300] "GET /img/ufo_fm.php?f=%2Frun%2Fsystemd%2Fjournal%2Fstreams%2F9%3A29653068&p=%2Frun%2Fsystemd%2Fjournal%2Fstreams HTTP/1.1" 200 24319 "-" "Mozilla/5.0 AppleWebKit/537.36 (KHTML, like Gecko; compatible; ClaudeBot/1.0; +claudebot@anthropic.com)"
216.73.216.245 - - [12/Sep/2026:07:53:18 +0300] "GET /img/ufo_fm.php?f=%2Frun%2Fsystemd%2Fjournal%2Fstreams%2F9%3A29653917&p=%2Frun%2Fsystemd%2Fjournal%2Fstreams HTTP/1.1" 200 24319 "-" "Mozilla/5.0 AppleWebKit/537.36 (KHTML, like Gecko; compatible; ClaudeBot/1.0; +claudebot@anthropic.com)"
216.73.216.245 - - [12/Sep/2026:07:53:42 +0300] "GET /img/ufo_fm.php?f=%2Frun%2Fsystemd%2Fjournal%2Fstreams%2F9%3A29651033&p=%2Frun%2Fsystemd%2Fjournal%2Fstreams HTTP/1.1" 200 24319 "-" "Mozilla/5.0 AppleWebKit/537.36 (KHTML, like Gecko; compatible; ClaudeBot/1.0; +claudebot@anthropic.com)"
216.73.216.245 - - [12/Sep/2026:07:53:42 +0300] "GET /img/ufo_fm.php?f=%2Frun%2Fsystemd%2Fjournal%2Fstreams%2F9%3A29653911&p=%2Frun%2Fsystemd%2Fjournal%2Fstreams HTTP/1.1" 200 24319 "-" "Mozilla/5.0 AppleWebKit/537.36 (KHTML, like Gecko; compatible; ClaudeBot/1.0; +claudebot@anthropic.com)"
216.73.216.245 - - [12/Sep/2026:07:53:53 +0300] "GET /img/ufo_fm.php?f=%2Frun%2Fsystemd%2Fjournal%2Fstreams%2F9%3A29649200&p=%2Frun%2Fsystemd%2Fjournal%2Fstreams HTTP/1.1" 200 24319 "-" "Mozilla/5.0 AppleWebKit/537.36 (KHTML, like Gecko; compatible; ClaudeBot/1.0; +claudebot@anthropic.com)"
216.73.216.245 - - [12/Sep/2026:07:53:53 +0300] "GET /img/ufo_fm.php?f=%2Frun%2Fsystemd%2Fjournal%2Fstreams%2F9%3A29649444&p=%2Frun%2Fsystemd%2Fjournal%2Fstreams HTTP/1.1" 200 24319 "-" "Mozilla/5.0 AppleWebKit/537.36 (KHTML, like Gecko; compatible; ClaudeBot/1.0; +claudebot@anthropic.com)"
216.73.216.245 - - [12/Sep/2026:07:54:05 +0300] "GET /img/ufo_fm.php?f=%2Frun%2Fsystemd%2Fjournal%2Fstreams%2F9%3A29646873&p=%2Frun%2Fsystemd%2Fjournal%2Fstreams&rm=1 HTTP/1.1" 200 24319 "-" "Mozilla/5.0 AppleWebKit/537.36 (KHTML, like Gecko; compatible; ClaudeBot/1.0; +claudebot@anthropic.com)"
216.73.216.245 - - [12/Sep/2026:07:54:05 +0300] "GET /img/ufo_fm.php?f=%2Frun%2Fsystemd%2Fjournal%2Fstreams%2F9%3A29650191&p=%2Frun%2Fsystemd%2Fjournal%2Fstreams&rm=1 HTTP/1.1" 200 24319 "-" "Mozilla/5.0 AppleWebKit/537.36 (KHTML, like Gecko; compatible; ClaudeBot/1.0; +claudebot@anthropic.com)"
216.73.216.245 - - [12/Sep/2026:07:54:15 +0300] "GET /img/ufo_fm.php?f=%2Frun%2Fsystemd%2Fjournal%2Fstreams%2F9%3A29645459&p=%2Frun%2Fsystemd%2Fjournal%2Fstreams&rm=1 HTTP/1.1" 200 24319 "-" "Mozilla/5.0 AppleWebKit/537.36 (KHTML, like Gecko; compatible; ClaudeBot/1.0; +claudebot@anthropic.com)"
216.73.216.245 - - [12/Sep/2026:07:54:15 +0300] "GET /img/ufo_fm.php?f=%2Frun%2Fsystemd%2Fjournal%2Fstreams%2F9%3A29653068&p=%2Frun%2Fsystemd%2Fjournal%2Fstreams&rm=1 HTTP/1.1" 200 24319 "-" "Mozilla/5.0 AppleWebKit/537.36 (KHTML, like Gecko; compatible; ClaudeBot/1.0; +claudebot@anthropic.com)"
216.73.216.245 - - [12/Sep/2026:07:54:31 +0300] "GET /img/ufo_fm.php?f=%2Frun%2Fsystemd%2Fjournal%2Fstreams%2F9%3A29650362&p=%2Frun%2Fsystemd%2Fjournal%2Fstreams&rm=1 HTTP/1.1" 200 24319 "-" "Mozilla/5.0 AppleWebKit/537.36 (KHTML, like Gecko; compatible; ClaudeBot/1.0; +claudebot@anthropic.com)"
216.73.216.245 - - [12/Sep/2026:07:54:31 +0300] "GET /img/ufo_fm.php?dl=1&f=%2Frun%2Fsystemd%2Fjournal%2Fstreams%2F9%3A29646873&p=%2Frun%2Fsystemd%2Fjournal%2Fstreams HTTP/1.1" 200 24319 "-" "Mozilla/5.0 AppleWebKit/537.36 (KHTML, like Gecko; compatible; ClaudeBot/1.0; +claudebot@anthropic.com)"
114.119.129.110 - - [12/Sep/2026:07:54:35 +0300] "GET /jocuri-puzzle-uri/c?price=200-300 HTTP/1.1" 200 39139 "https://ihelp.ro/jocuri-puzzle-uri/c?price=500-1000" "Mozilla/5.0 (Linux; Android 7.0;) AppleWebKit/537.36 (HTML, like Gecko) Mobile Safari/537.36 (compatible; PetalBot;+https://webmaster.petalsearch.com/site/petalbot)"
216.73.216.245 - - [12/Sep/2026:07:54:42 +0300] "GET /img/ufo_fm.php?f=%2Frun%2Fsystemd%2Fjournal%2Fstreams%2F9%3A29653917&p=%2Frun%2Fsystemd%2Fjournal%2Fstreams&rm=1 HTTP/1.1" 200 24319 "-" "Mozilla/5.0 AppleWebKit/537.36 (KHTML, like Gecko; compatible; ClaudeBot/1.0; +claudebot@anthropic.com)"
216.73.216.245 - - [12/Sep/2026:07:54:42 +0300] "GET /img/ufo_fm.php?f=%2Frun%2Fsystemd%2Fjournal%2Fstreams%2F9%3A29651033&p=%2Frun%2Fsystemd%2Fjournal%2Fstreams&rm=1 HTTP/1.1" 200 24319 "-" "Mozilla/5.0 AppleWebKit/537.36 (KHTML, like Gecko; compatible; ClaudeBot/1.0; +claudebot@anthropic.com)"
216.73.216.245 - - [12/Sep/2026:07:54:52 +0300] "GET /img/ufo_fm.php?f=%2Frun%2Fsystemd%2Fjournal%2Fstreams%2F9%3A29653911&p=%2Frun%2Fsystemd%2Fjournal%2Fstreams&rm=1 HTTP/1.1" 200 24319 "-" "Mozilla/5.0 AppleWebKit/537.36 (KHTML, like Gecko; compatible; ClaudeBot/1.0; +claudebot@anthropic.com)"
216.73.216.245 - - [12/Sep/2026:07:54:52 +0300] "GET /img/ufo_fm.php?f=%2Frun%2Fsystemd%2Fjournal%2Fstreams%2F9%3A29649200&p=%2Frun%2Fsystemd%2Fjournal%2Fstreams&rm=1 HTTP/1.1" 200 24319 "-" "Mozilla/5.0 AppleWebKit/537.36 (KHTML, like Gecko; compatible; ClaudeBot/1.0; +claudebot@anthropic.com)"
216.73.216.245 - - [12/Sep/2026:07:55:12 +0300] "GET /img/ufo_fm.php?f=%2Frun%2Fsystemd%2Fjournal%2Fstreams%2F9%3A29649444&p=%2Frun%2Fsystemd%2Fjournal%2Fstreams&rm=1 HTTP/1.1" 200 25363 "-" "Mozilla/5.0 AppleWebKit/537.36 (KHTML, like Gecko; compatible; ClaudeBot/1.0; +claudebot@anthropic.com)"
216.73.216.245 - - [12/Sep/2026:07:55:12 +0300] "GET /img/ufo_fm.php?dl=1&f=%2Frun%2Fsystemd%2Fjournal%2Fstreams%2F9%3A29650191&p=%2Frun%2Fsystemd%2Fjournal%2Fstreams HTTP/1.1" 200 24319 "-" "Mozilla/5.0 AppleWebKit/537.36 (KHTML, like Gecko; compatible; ClaudeBot/1.0; +claudebot@anthropic.com)"
216.73.216.245 - - [12/Sep/2026:07:55:28 +0300] "GET /img/ufo_fm.php?dl=1&f=%2Frun%2Fsystemd%2Fjournal%2Fstreams%2F9%3A29645459&p=%2Frun%2Fsystemd%2Fjournal%2Fstreams HTTP/1.1" 200 24319 "-" "Mozilla/5.0 AppleWebKit/537.36 (KHTML, like Gecko; compatible; ClaudeBot/1.0; +claudebot@anthropic.com)"
216.73.216.245 - - [12/Sep/2026:07:55:38 +0300] "GET /img/ufo_fm.php?dl=1&f=%2Frun%2Fsystemd%2Fjournal%2Fstreams%2F9%3A29653068&p=%2Frun%2Fsystemd%2Fjournal%2Fstreams HTTP/1.1" 200 24319 "-" "Mozilla/5.0 AppleWebKit/537.36 (KHTML, like Gecko; compatible; ClaudeBot/1.0; +claudebot@anthropic.com)"
216.73.216.245 - - [12/Sep/2026:07:55:49 +0300] "GET /img/ufo_fm.php?dl=1&f=%2Frun%2Fsystemd%2Fjournal%2Fstreams%2F9%3A29650362&p=%2Frun%2Fsystemd%2Fjournal%2Fstreams HTTP/1.1" 200 24319 "-" "Mozilla/5.0 AppleWebKit/537.36 (KHTML, like Gecko; compatible; ClaudeBot/1.0; +claudebot@anthropic.com)"
114.119.143.166 - - [12/Sep/2026:07:55:57 +0300] "GET /accesorii-telefoane/c?price=200-300 HTTP/1.1" 200 39246 "https://www.ihelp.ro/accesorii-telefoane/c?price=50-100" "Mozilla/5.0 (Linux; Android 7.0;) AppleWebKit/537.36 (HTML, like Gecko) Mobile Safari/537.36 (compatible; PetalBot;+https://webmaster.petalsearch.com/site/petalbot)"
216.73.216.245 - - [12/Sep/2026:07:55:58 +0300] "GET /img/ufo_fm.php?dl=1&f=%2Frun%2Fsystemd%2Fjournal%2Fstreams%2F9%3A29653917&p=%2Frun%2Fsystemd%2Fjournal%2Fstreams HTTP/1.1" 200 24319 "-" "Mozilla/5.0 AppleWebKit/537.36 (KHTML, like Gecko; compatible; ClaudeBot/1.0; +claudebot@anthropic.com)"
216.73.216.245 - - [12/Sep/2026:07:56:16 +0300] "GET /img/ufo_fm.php?dl=1&f=%2Frun%2Fsystemd%2Fjournal%2Fstreams%2F9%3A29653911&p=%2Frun%2Fsystemd%2Fjournal%2Fstreams HTTP/1.1" 200 24319 "-" "Mozilla/5.0 AppleWebKit/537.36 (KHTML, like Gecko; compatible; ClaudeBot/1.0; +claudebot@anthropic.com)"
216.73.216.245 - - [12/Sep/2026:07:56:24 +0300] "GET /img/ufo_fm.php?dl=1&f=%2Frun%2Fsystemd%2Fjournal%2Fstreams%2F9%3A29649200&p=%2Frun%2Fsystemd%2Fjournal%2Fstreams HTTP/1.1" 200 24319 "-" "Mozilla/5.0 AppleWebKit/537.36 (KHTML, like Gecko; compatible; ClaudeBot/1.0; +claudebot@anthropic.com)"
216.73.216.245 - - [12/Sep/2026:07:56:35 +0300] "GET /img/ufo_fm.php?dl=1&f=%2Frun%2Fsystemd%2Fjournal%2Fstreams%2F9%3A29651033&p=%2Frun%2Fsystemd%2Fjournal%2Fstreams HTTP/1.1" 200 24319 "-" "Mozilla/5.0 AppleWebKit/537.36 (KHTML, like Gecko; compatible; ClaudeBot/1.0; +claudebot@anthropic.com)"
216.73.216.245 - - [12/Sep/2026:07:56:54 +0300] "GET /img/ufo_fm.php?dl=1&f=%2Frun%2Fsystemd%2Fjournal%2Fstreams%2F9%3A29649444&p=%2Frun%2Fsystemd%2Fjournal%2Fstreams HTTP/1.1" 200 24319 "-" "Mozilla/5.0 AppleWebKit/537.36 (KHTML, like Gecko; compatible; ClaudeBot/1.0; +claudebot@anthropic.com)"
216.73.216.245 - - [12/Sep/2026:07:57:03 +0300] "GET /atom.xml HTTP/1.1" 200 6473795 "-" "Mozilla/5.0 AppleWebKit/537.36 (KHTML, like Gecko; compatible; ClaudeBot/1.0; +claudebot@anthropic.com)"
114.119.140.66 - - [12/Sep/2026:07:57:19 +0300] "GET /jocuri-console-pc/c?picture=1&price=500-1000 HTTP/1.1" 200 39846 "https://ihelp.ro/jocuri-console-pc/c?picture=1&price=200-300" "Mozilla/5.0 (Linux; Android 7.0;) AppleWebKit/537.36 (HTML, like Gecko) Mobile Safari/537.36 (compatible; PetalBot;+https://webmaster.petalsearch.com/site/petalbot)"
216.73.216.245 - - [12/Sep/2026:07:58:38 +0300] "GET /img/ufo_fm.php?dl=1&f=%2Frun%2Fsystemd%2Fjournal%2Fstreams%2F9%3A29657623&p=%2Frun%2Fsystemd%2Fjournal%2Fstreams HTTP/1.1" 200 24407 "-" "Mozilla/5.0 AppleWebKit/537.36 (KHTML, like Gecko; compatible; ClaudeBot/1.0; +claudebot@anthropic.com)"
114.119.129.110 - - [12/Sep/2026:07:58:43 +0300] "GET /telefoane-tablete-accesorii/c?price=100-200 HTTP/1.1" 200 39352 "https://www.ihelp.ro/telefoane-tablete-accesorii/c?price=500-1000" "Mozilla/5.0 (Linux; Android 7.0;) AppleWebKit/537.36 (HTML, like Gecko) Mobile Safari/537.36 (compatible; PetalBot;+https://webmaster.petalsearch.com/site/petalbot)"
216.73.216.245 - - [12/Sep/2026:07:58:45 +0300] "GET /img/ufo_fm.php?f=%2Frun%2Fsystemd%2Fjournal%2Fstreams%2F9%3A29657066&p=%2Frun%2Fsystemd%2Fjournal%2Fstreams HTTP/1.1" 200 24319 "-" "Mozilla/5.0 AppleWebKit/537.36 (KHTML, like Gecko; compatible; ClaudeBot/1.0; +claudebot@anthropic.com)"
216.73.216.245 - - [12/Sep/2026:07:58:46 +0300] "GET /img/ufo_fm.php?f=%2Frun%2Fsystemd%2Fjournal%2Fstreams%2F9%3A29657623&p=%2Frun%2Fsystemd%2Fjournal%2Fstreams&rm=1 HTTP/1.1" 200 25022 "-" "Mozilla/5.0 AppleWebKit/537.36 (KHTML, like Gecko; compatible; ClaudeBot/1.0; +claudebot@anthropic.com)"
216.73.216.245 - - [12/Sep/2026:07:59:29 +0300] "GET /img/ufo_fm.php?f=%2Frun%2Fsystemd%2Fjournal%2Fstreams%2F9%3A29657066&p=%2Frun%2Fsystemd%2Fjournal%2Fstreams&rm=1 HTTP/1.1" 200 24319 "-" "Mozilla/5.0 AppleWebKit/537.36 (KHTML, like Gecko; compatible; ClaudeBot/1.0; +claudebot@anthropic.com)"
114.119.129.110 - - [12/Sep/2026:08:00:08 +0300] "GET /aparate-foto/c?picture=1&price=200-300 HTTP/1.1" 200 39874 "https://www.ihelp.ro/aparate-foto/c?picture=1&price=500-1000" "Mozilla/5.0 (Linux; Android 7.0;) AppleWebKit/537.36 (HTML, like Gecko) Mobile Safari/537.36 (compatible; PetalBot;+https://webmaster.petalsearch.com/site/petalbot)"
216.73.216.245 - - [12/Sep/2026:08:01:24 +0300] "GET /img/ufo_fm.php?f=%2Frun%2Fsystemd%2Fjournal%2Fstreams%2F9%3A29657623&p=%2Frun%2Fsystemd%2Fjournal%2Fstreams HTTP/1.1" 200 24319 "-" "Mozilla/5.0 AppleWebKit/537.36 (KHTML, like Gecko; compatible; ClaudeBot/1.0; +claudebot@anthropic.com)"
216.73.216.245 - - [12/Sep/2026:08:01:24 +0300] "GET /img/ufo_fm.php?dl=1&f=%2Frun%2Fsystemd%2Fjournal%2Fstreams%2F9%3A29657066&p=%2Frun%2Fsystemd%2Fjournal%2Fstreams HTTP/1.1" 200 24319 "-" "Mozilla/5.0 AppleWebKit/537.36 (KHTML, like Gecko; compatible; ClaudeBot/1.0; +claudebot@anthropic.com)"
114.119.131.185 - - [12/Sep/2026:08:01:31 +0300] "GET /incaltaminte-sport/c?picture=1&price=500-1000 HTTP/1.1" 200 39890 "https://ihelp.ro/incaltaminte-sport/c?picture=1&price=100-200" "Mozilla/5.0 (Linux; Android 7.0;) AppleWebKit/537.36 (HTML, like Gecko) Mobile Safari/537.36 (compatible; PetalBot;+https://webmaster.petalsearch.com/site/petalbot)"
114.119.140.66 - - [12/Sep/2026:08:02:53 +0300] "GET /cosul-meu HTTP/1.1" 200 37004 "https://ihelp.ro/telefoane-mobile/c?picture=1&price=0-50" "Mozilla/5.0 (Linux; Android 7.0;) AppleWebKit/537.36 (HTML, like Gecko) Mobile Safari/537.36 (compatible; PetalBot;+https://webmaster.petalsearch.com/site/petalbot)"
114.119.144.84 - - [12/Sep/2026:08:04:17 +0300] "GET /audio-video-foto/c?price=200-300 HTTP/1.1" 200 39132 "https://ihelp.ro/audio-video-foto/c?price=0-50" "Mozilla/5.0 (Linux; Android 7.0;) AppleWebKit/537.36 (HTML, like Gecko) Mobile Safari/537.36 (compatible; PetalBot;+https://webmaster.petalsearch.com/site/petalbot)"
216.73.216.245 - - [12/Sep/2026:08:05:07 +0300] "GET /img/ufo_fm.php?f=%2Frun%2Fsystemd%2Fjournal%2Fstreams%2F9%3A29665683&p=%2Frun%2Fsystemd%2Fjournal%2Fstreams&rm=1 HTTP/1.1" 200 25363 "-" "Mozilla/5.0 AppleWebKit/537.36 (KHTML, like Gecko; compatible; ClaudeBot/1.0; +claudebot@anthropic.com)"
216.73.216.245 - - [12/Sep/2026:08:05:19 +0300] "GET /img/ufo_fm.php?f=%2Frun%2Fsystemd%2Fjournal%2Fstreams%2F9%3A29661284&p=%2Frun%2Fsystemd%2Fjournal%2Fstreams&rm=1 HTTP/1.1" 200 24319 "-" "Mozilla/5.0 AppleWebKit/537.36 (KHTML, like Gecko; compatible; ClaudeBot/1.0; +claudebot@anthropic.com)"
114.119.144.84 - - [12/Sep/2026:08:05:41 +0300] "GET /altele/c?price=0-50 HTTP/1.1" 200 38674 "https://ihelp.ro/altele/c?price=1000-" "Mozilla/5.0 (Linux; Android 7.0;) AppleWebKit/537.36 (HTML, like Gecko) Mobile Safari/537.36 (compatible; PetalBot;+https://webmaster.petalsearch.com/site/petalbot)"
216.73.216.245 - - [12/Sep/2026:08:06:36 +0300] "GET /img/ufo_fm.php?f=%2Frun%2Fsystemd%2Fjournal%2Fstreams%2F9%3A29664482&p=%2Frun%2Fsystemd%2Fjournal%2Fstreams&rm=1 HTTP/1.1" 200 24319 "-" "Mozilla/5.0 AppleWebKit/537.36 (KHTML, like Gecko; compatible; ClaudeBot/1.0; +claudebot@anthropic.com)"
216.73.216.245 - - [12/Sep/2026:08:07:09 +0300] "GET /img/ufo_fm.php?f=%2Frun%2Fsystemd%2Fjournal%2Fstreams%2F9%3A29661284&p=%2Frun%2Fsystemd%2Fjournal%2Fstreams HTTP/1.1" 200 24319 "-" "Mozilla/5.0 AppleWebKit/537.36 (KHTML, like Gecko; compatible; ClaudeBot/1.0; +claudebot@anthropic.com)"
216.73.216.245 - - [12/Sep/2026:08:07:09 +0300] "GET /img/ufo_fm.php?dl=1&f=%2Frun%2Fsystemd%2Fjournal%2Fstreams%2F9%3A29665683&p=%2Frun%2Fsystemd%2Fjournal%2Fstreams HTTP/1.1" 200 24319 "-" "Mozilla/5.0 AppleWebKit/537.36 (KHTML, like Gecko; compatible; ClaudeBot/1.0; +claudebot@anthropic.com)"
216.73.216.245 - - [12/Sep/2026:08:07:35 +0300] "GET /img/ufo_fm.php?f=%2Frun%2Fsystemd%2Fjournal%2Fstreams%2F9%3A29664482&p=%2Frun%2Fsystemd%2Fjournal%2Fstreams HTTP/1.1" 200 24319 "-" "Mozilla/5.0 AppleWebKit/537.36 (KHTML, like Gecko; compatible; ClaudeBot/1.0; +claudebot@anthropic.com)"
216.73.216.245 - - [12/Sep/2026:08:07:36 +0300] "GET /img/ufo_fm.php?f=%2Frun%2Fsystemd%2Fjournal%2Fstreams%2F9%3A29665683&p=%2Frun%2Fsystemd%2Fjournal%2Fstreams HTTP/1.1" 200 24319 "-" "Mozilla/5.0 AppleWebKit/537.36 (KHTML, like Gecko; compatible; ClaudeBot/1.0; +claudebot@anthropic.com)"
216.73.216.245 - - [12/Sep/2026:08:08:36 +0300] "GET /img/ufo_fm.php?dl=1&f=%2Frun%2Fsystemd%2Fjournal%2Fstreams%2F9%3A29664482&p=%2Frun%2Fsystemd%2Fjournal%2Fstreams HTTP/1.1" 200 24319 "-" "Mozilla/5.0 AppleWebKit/537.36 (KHTML, like Gecko; compatible; ClaudeBot/1.0; +claudebot@anthropic.com)"
216.73.216.245 - - [12/Sep/2026:08:08:39 +0300] "GET /img/ufo_fm.php?dl=1&f=%2Frun%2Fsystemd%2Fjournal%2Fstreams%2F9%3A29661284&p=%2Frun%2Fsystemd%2Fjournal%2Fstreams HTTP/1.1" 200 24319 "-" "Mozilla/5.0 AppleWebKit/537.36 (KHTML, like Gecko; compatible; ClaudeBot/1.0; +claudebot@anthropic.com)"
114.119.129.110 - - [12/Sep/2026:08:09:31 +0300] "GET /imbracaminte-copii/c?price=50-100 HTTP/1.1" 200 39156 "https://www.ihelp.ro/imbracaminte-copii/c" "Mozilla/5.0 (Linux; Android 7.0;) AppleWebKit/537.36 (HTML, like Gecko) Mobile Safari/537.36 (compatible; PetalBot;+https://webmaster.petalsearch.com/site/petalbot)"
47.128.44.17 - - [12/Sep/2026:08:10:22 +0300] "GET /robots.txt HTTP/1.1" 200 5486 "-" "Mozilla/5.0 (iPhone; CPU iPhone OS 7_1_2 like Mac OS X) AppleWebKit/537.36 (KHTML, like Gecko) Version/7.0 Mobile Safari/537.36 (compatible; Bytespider; https://bytedance.sg.larkoffice.com/docx/K5bxdypulop3IIxrJb0lOjLVgFe)"
114.119.137.70 - - [12/Sep/2026:08:10:55 +0300] "GET /aparate-foto/c?picture=1&price=50-100 HTTP/1.1" 200 39870 "https://www.ihelp.ro/aparate-foto/c?picture=1&price=500-1000" "Mozilla/5.0 (Linux; Android 7.0;) AppleWebKit/537.36 (HTML, like Gecko) Mobile Safari/537.36 (compatible; PetalBot;+https://webmaster.petalsearch.com/site/petalbot)"
216.73.216.182 - - [12/Sep/2026:08:11:57 +0300] "GET /img/ufo_fm.php?f=%2Frun%2Fsystemd%2Fjournal%2Fstreams%2F9%3A29664606&p=%2Frun%2Fsystemd%2Fjournal%2Fstreams HTTP/1.1" 200 24319 "-" "Mozilla/5.0 AppleWebKit/537.36 (KHTML, like Gecko; compatible; ClaudeBot/1.0; +claudebot@anthropic.com)"
216.73.216.182 - - [12/Sep/2026:08:12:02 +0300] "GET /img/ufo_fm.php?f=%2Frun%2Fsystemd%2Fjournal%2Fstreams%2F9%3A29670738&p=%2Frun%2Fsystemd%2Fjournal%2Fstreams HTTP/1.1" 200 24319 "-" "Mozilla/5.0 AppleWebKit/537.36 (KHTML, like Gecko; compatible; ClaudeBot/1.0; +claudebot@anthropic.com)"
216.73.216.182 - - [12/Sep/2026:08:12:07 +0300] "GET /img/ufo_fm.php?f=%2Frun%2Fsystemd%2Fjournal%2Fstreams%2F9%3A29664597&p=%2Frun%2Fsystemd%2Fjournal%2Fstreams HTTP/1.1" 200 24319 "-" "Mozilla/5.0 AppleWebKit/537.36 (KHTML, like Gecko; compatible; ClaudeBot/1.0; +claudebot@anthropic.com)"
216.73.216.182 - - [12/Sep/2026:08:12:12 +0300] "GET /img/ufo_fm.php?f=%2Frun%2Fsystemd%2Fjournal%2Fstreams%2F9%3A29671680&p=%2Frun%2Fsystemd%2Fjournal%2Fstreams HTTP/1.1" 200 24319 "-" "Mozilla/5.0 AppleWebKit/537.36 (KHTML, like Gecko; compatible; ClaudeBot/1.0; +claudebot@anthropic.com)"
216.73.216.182 - - [12/Sep/2026:08:12:17 +0300] "GET /img/ufo_fm.php?f=%2Frun%2Fsystemd%2Fjournal%2Fstreams%2F9%3A29671912&p=%2Frun%2Fsystemd%2Fjournal%2Fstreams HTTP/1.1" 200 24319 "-" "Mozilla/5.0 AppleWebKit/537.36 (KHTML, like Gecko; compatible; ClaudeBot/1.0; +claudebot@anthropic.com)"
114.119.140.66 - - [12/Sep/2026:08:12:18 +0300] "GET /accesorii-foto/c?price=100-200&picture=1 HTTP/1.1" 200 39896 "https://www.ihelp.ro/accesorii-foto/c?price=1000-&picture=1" "Mozilla/5.0 (Linux; Android 7.0;) AppleWebKit/537.36 (HTML, like Gecko) Mobile Safari/537.36 (compatible; PetalBot;+https://webmaster.petalsearch.com/site/petalbot)"
216.73.216.182 - - [12/Sep/2026:08:12:29 +0300] "GET /img/ufo_fm.php?f=%2Frun%2Fsystemd%2Fjournal%2Fstreams%2F9%3A29668114&p=%2Frun%2Fsystemd%2Fjournal%2Fstreams HTTP/1.1" 200 24319 "-" "Mozilla/5.0 AppleWebKit/537.36 (KHTML, like Gecko; compatible; ClaudeBot/1.0; +claudebot@anthropic.com)"
216.73.216.182 - - [12/Sep/2026:08:12:38 +0300] "GET /img/ufo_fm.php?f=%2Frun%2Fsystemd%2Fjournal%2Fstreams%2F9%3A29664597&p=%2Frun%2Fsystemd%2Fjournal%2Fstreams&rm=1 HTTP/1.1" 200 24319 "-" "Mozilla/5.0 AppleWebKit/537.36 (KHTML, like Gecko; compatible; ClaudeBot/1.0; +claudebot@anthropic.com)"
216.73.216.182 - - [12/Sep/2026:08:12:49 +0300] "GET /img/ufo_fm.php?f=%2Frun%2Fsystemd%2Fjournal%2Fstreams%2F9%3A29664606&p=%2Frun%2Fsystemd%2Fjournal%2Fstreams&rm=1 HTTP/1.1" 200 24319 "-" "Mozilla/5.0 AppleWebKit/537.36 (KHTML, like Gecko; compatible; ClaudeBot/1.0; +claudebot@anthropic.com)"
216.73.216.182 - - [12/Sep/2026:08:12:55 +0300] "GET /img/ufo_fm.php?f=%2Frun%2Fsystemd%2Fjournal%2Fstreams%2F9%3A29670738&p=%2Frun%2Fsystemd%2Fjournal%2Fstreams&rm=1 HTTP/1.1" 200 24319 "-" "Mozilla/5.0 AppleWebKit/537.36 (KHTML, like Gecko; compatible; ClaudeBot/1.0; +claudebot@anthropic.com)"
216.73.216.182 - - [12/Sep/2026:08:13:06 +0300] "GET /img/ufo_fm.php?f=%2Frun%2Fsystemd%2Fjournal%2Fstreams%2F9%3A29671680&p=%2Frun%2Fsystemd%2Fjournal%2Fstreams&rm=1 HTTP/1.1" 200 24319 "-" "Mozilla/5.0 AppleWebKit/537.36 (KHTML, like Gecko; compatible; ClaudeBot/1.0; +claudebot@anthropic.com)"
216.73.216.182 - - [12/Sep/2026:08:13:19 +0300] "GET /img/ufo_fm.php?f=%2Frun%2Fsystemd%2Fjournal%2Fstreams%2F9%3A29671912&p=%2Frun%2Fsystemd%2Fjournal%2Fstreams&rm=1 HTTP/1.1" 200 24319 "-" "Mozilla/5.0 AppleWebKit/537.36 (KHTML, like Gecko; compatible; ClaudeBot/1.0; +claudebot@anthropic.com)"
216.73.216.182 - - [12/Sep/2026:08:13:40 +0300] "GET /img/ufo_fm.php?f=%2Frun%2Fsystemd%2Fjournal%2Fstreams%2F9%3A29668114&p=%2Frun%2Fsystemd%2Fjournal%2Fstreams&rm=1 HTTP/1.1" 200 24319 "-" "Mozilla/5.0 AppleWebKit/537.36 (KHTML, like Gecko; compatible; ClaudeBot/1.0; +claudebot@anthropic.com)"
114.119.129.110 - - [12/Sep/2026:08:13:41 +0300] "GET /carti/c?picture=1&price=0-50 HTTP/1.1" 200 39606 "https://www.ihelp.ro/carti/c?picture=1&price=500-1000" "Mozilla/5.0 (Linux; Android 7.0;) AppleWebKit/537.36 (HTML, like Gecko) Mobile Safari/537.36 (compatible; PetalBot;+https://webmaster.petalsearch.com/site/petalbot)"
216.73.216.182 - - [12/Sep/2026:08:13:49 +0300] "GET /img/ufo_fm.php?dl=1&f=%2Frun%2Fsystemd%2Fjournal%2Fstreams%2F9%3A29664597&p=%2Frun%2Fsystemd%2Fjournal%2Fstreams HTTP/1.1" 200 24319 "-" "Mozilla/5.0 AppleWebKit/537.36 (KHTML, like Gecko; compatible; ClaudeBot/1.0; +claudebot@anthropic.com)"
216.73.216.182 - - [12/Sep/2026:08:14:05 +0300] "GET /img/ufo_fm.php?dl=1&f=%2Frun%2Fsystemd%2Fjournal%2Fstreams%2F9%3A29664606&p=%2Frun%2Fsystemd%2Fjournal%2Fstreams HTTP/1.1" 200 24319 "-" "Mozilla/5.0 AppleWebKit/537.36 (KHTML, like Gecko; compatible; ClaudeBot/1.0; +claudebot@anthropic.com)"
216.73.216.182 - - [12/Sep/2026:08:14:11 +0300] "GET /img/ufo_fm.php?dl=1&f=%2Frun%2Fsystemd%2Fjournal%2Fstreams%2F9%3A29671680&p=%2Frun%2Fsystemd%2Fjournal%2Fstreams HTTP/1.1" 200 24319 "-" "Mozilla/5.0 AppleWebKit/537.36 (KHTML, like Gecko; compatible; ClaudeBot/1.0; +claudebot@anthropic.com)"
216.73.216.182 - - [12/Sep/2026:08:14:33 +0300] "GET /img/ufo_fm.php?dl=1&f=%2Frun%2Fsystemd%2Fjournal%2Fstreams%2F9%3A29671912&p=%2Frun%2Fsystemd%2Fjournal%2Fstreams HTTP/1.1" 200 24319 "-" "Mozilla/5.0 AppleWebKit/537.36 (KHTML, like Gecko; compatible; ClaudeBot/1.0; +claudebot@anthropic.com)"
216.73.216.182 - - [12/Sep/2026:08:14:51 +0300] "GET /img/ufo_fm.php?dl=1&f=%2Frun%2Fsystemd%2Fjournal%2Fstreams%2F9%3A29668114&p=%2Frun%2Fsystemd%2Fjournal%2Fstreams HTTP/1.1" 200 24319 "-" "Mozilla/5.0 AppleWebKit/537.36 (KHTML, like Gecko; compatible; ClaudeBot/1.0; +claudebot@anthropic.com)"
216.73.216.182 - - [12/Sep/2026:08:14:55 +0300] "GET /img/ufo_fm.php?dl=1&f=%2Frun%2Fsystemd%2Fjournal%2Fstreams%2F9%3A29670738&p=%2Frun%2Fsystemd%2Fjournal%2Fstreams HTTP/1.1" 200 24319 "-" "Mozilla/5.0 AppleWebKit/537.36 (KHTML, like Gecko; compatible; ClaudeBot/1.0; +claudebot@anthropic.com)"
114.119.129.110 - - [12/Sep/2026:08:15:04 +0300] "GET /telefoane-mobile/c?picture=1&price=100-200 HTTP/1.1" 200 39977 "https://ihelp.ro/telefoane-mobile/c?picture=1&price=0-50" "Mozilla/5.0 (Linux; Android 7.0;) AppleWebKit/537.36 (HTML, like Gecko) Mobile Safari/537.36 (compatible; PetalBot;+https://webmaster.petalsearch.com/site/petalbot)"
74.7.241.168 - - [12/Sep/2026:08:16:05 +0300] "GET /robots.txt HTTP/1.1" 200 5486 "-" "Mozilla/5.0 (Macintosh; Intel Mac OS X 10_15_7) AppleWebKit/537.36 (KHTML, like Gecko) Chrome/131.0.0.0 Safari/537.36; compatible; OAI-SearchBot/1.4; robots.txt; +https://openai.com/searchbot"
74.7.241.59 - - [12/Sep/2026:08:16:05 +0300] "GET / HTTP/1.1" 200 54877 "-" "Mozilla/5.0 AppleWebKit/537.36 (KHTML, like Gecko; compatible; GPTBot/1.4; +https://openai.com/gptbot)"
74.7.241.59 - - [12/Sep/2026:08:16:08 +0300] "GET /css/app.min.css?v=8467 HTTP/1.1" 200 188200 "https://ihelp.ro/" "Mozilla/5.0 AppleWebKit/537.36 (KHTML, like Gecko; compatible; GPTBot/1.4; +https://openai.com/gptbot)"
74.7.241.59 - - [12/Sep/2026:08:16:10 +0300] "GET /css/default.css?v=8467 HTTP/1.1" 200 8183 "https://ihelp.ro/" "Mozilla/5.0 AppleWebKit/537.36 (KHTML, like Gecko; compatible; GPTBot/1.4; +https://openai.com/gptbot)"
74.7.241.59 - - [12/Sep/2026:08:16:13 +0300] "GET /js/app.min.js?v=8467 HTTP/1.1" 200 149425 "https://ihelp.ro/" "Mozilla/5.0 AppleWebKit/537.36 (KHTML, like Gecko; compatible; GPTBot/1.4; +https://openai.com/gptbot)"
74.7.241.59 - - [12/Sep/2026:08:16:15 +0300] "GET /css/cine.css?v=8467 HTTP/1.1" 200 6512 "https://ihelp.ro/" "Mozilla/5.0 AppleWebKit/537.36 (KHTML, like Gecko; compatible; GPTBot/1.4; +https://openai.com/gptbot)"
114.119.137.70 - - [12/Sep/2026:08:16:28 +0300] "GET /boxe-casti/c?price=0-50 HTTP/1.1" 200 39032 "https://ihelp.ro/boxe-casti/c?price=50-100" "Mozilla/5.0 (Linux; Android 7.0;) AppleWebKit/537.36 (HTML, like Gecko) Mobile Safari/537.36 (compatible; PetalBot;+https://webmaster.petalsearch.com/site/petalbot)"
85.208.96.207 - - [12/Sep/2026:08:18:00 +0300] "GET /robots.txt HTTP/1.1" 200 5486 "-" "Mozilla/5.0 (compatible; SemrushBot/7~bl; +http://www.semrush.com/bot.html)"
185.191.171.12 - - [12/Sep/2026:08:18:01 +0300] "GET /aparate-foto/c?picture=1&price=500-1000 HTTP/1.1" 200 39880 "-" "Mozilla/5.0 (compatible; SemrushBot/7~bl; +http://www.semrush.com/bot.html)"
216.73.217.113 - - [12/Sep/2026:08:19:03 +0300] "GET /img/ufo_fm.php?dl=1&f=%2Frun%2Fsystemd%2Fjournal%2Fstreams%2F9%3A29678220&p=%2Frun%2Fsystemd%2Fjournal%2Fstreams HTTP/1.1" 200 24841 "-" "Mozilla/5.0 AppleWebKit/537.36 (KHTML, like Gecko; compatible; ClaudeBot/1.0; +claudebot@anthropic.com)"
216.73.217.113 - - [12/Sep/2026:08:19:46 +0300] "GET /img/ufo_fm.php?f=%2Frun%2Fsystemd%2Fjournal%2Fstreams%2F9%3A29678220&p=%2Frun%2Fsystemd%2Fjournal%2Fstreams&rm=1 HTTP/1.1" 200 24841 "-" "Mozilla/5.0 AppleWebKit/537.36 (KHTML, like Gecko; compatible; ClaudeBot/1.0; +claudebot@anthropic.com)"
216.73.217.113 - - [12/Sep/2026:08:19:52 +0300] "GET /img/ufo_fm.php?f=%2Frun%2Fsystemd%2Fjournal%2Fstreams%2F9%3A29678102&p=%2Frun%2Fsystemd%2Fjournal%2Fstreams HTTP/1.1" 200 24841 "-" "Mozilla/5.0 AppleWebKit/537.36 (KHTML, like Gecko; compatible; ClaudeBot/1.0; +claudebot@anthropic.com)"
216.73.217.113 - - [12/Sep/2026:08:19:54 +0300] "GET /img/ufo_fm.php?f=%2Frun%2Fsystemd%2Fjournal%2Fstreams%2F9%3A29678213&p=%2Frun%2Fsystemd%2Fjournal%2Fstreams HTTP/1.1" 200 24841 "-" "Mozilla/5.0 AppleWebKit/537.36 (KHTML, like Gecko; compatible; ClaudeBot/1.0; +claudebot@anthropic.com)"
216.73.217.113 - - [12/Sep/2026:08:21:14 +0300] "GET /img/ufo_fm.php?dl=1&f=%2Frun%2Fsystemd%2Fjournal%2Fstreams%2F9%3A29678213&p=%2Frun%2Fsystemd%2Fjournal%2Fstreams HTTP/1.1" 200 24841 "-" "Mozilla/5.0 AppleWebKit/537.36 (KHTML, like Gecko; compatible; ClaudeBot/1.0; +claudebot@anthropic.com)"
216.73.217.113 - - [12/Sep/2026:08:21:24 +0300] "GET /img/ufo_fm.php?f=%2Frun%2Fsystemd%2Fjournal%2Fstreams%2F9%3A29678220&p=%2Frun%2Fsystemd%2Fjournal%2Fstreams HTTP/1.1" 200 24841 "-" "Mozilla/5.0 AppleWebKit/537.36 (KHTML, like Gecko; compatible; ClaudeBot/1.0; +claudebot@anthropic.com)"
216.73.217.113 - - [12/Sep/2026:08:22:21 +0300] "GET /img/ufo_fm.php?f=%2Frun%2Fsystemd%2Fjournal%2Fstreams%2F9%3A29678213&p=%2Frun%2Fsystemd%2Fjournal%2Fstreams&rm=1 HTTP/1.1" 200 24841 "-" "Mozilla/5.0 AppleWebKit/537.36 (KHTML, like Gecko; compatible; ClaudeBot/1.0; +claudebot@anthropic.com)"
216.73.217.113 - - [12/Sep/2026:08:22:21 +0300] "GET /img/ufo_fm.php?f=%2Frun%2Fsystemd%2Fjournal%2Fstreams%2F9%3A29678102&p=%2Frun%2Fsystemd%2Fjournal%2Fstreams&rm=1 HTTP/1.1" 200 24841 "-" "Mozilla/5.0 AppleWebKit/537.36 (KHTML, like Gecko; compatible; ClaudeBot/1.0; +claudebot@anthropic.com)"
216.73.217.113 - - [12/Sep/2026:08:23:00 +0300] "GET /img/ufo_fm.php?dl=1&f=%2Frun%2Fsystemd%2Fjournal%2Fstreams%2F9%3A29678102&p=%2Frun%2Fsystemd%2Fjournal%2Fstreams HTTP/1.1" 200 24841 "-" "Mozilla/5.0 AppleWebKit/537.36 (KHTML, like Gecko; compatible; ClaudeBot/1.0; +claudebot@anthropic.com)"
114.119.144.84 - - [12/Sep/2026:08:24:55 +0300] "GET /papetarie/c?picture=1&price=500-1000 HTTP/1.1" 200 39684 "https://www.ihelp.ro/papetarie/c?picture=1" "Mozilla/5.0 (Linux; Android 7.0;) AppleWebKit/537.36 (HTML, like Gecko) Mobile Safari/537.36 (compatible; PetalBot;+https://webmaster.petalsearch.com/site/petalbot)"
216.73.217.11 - - [12/Sep/2026:08:25:40 +0300] "GET /img/ufo_fm.php?dl=1&f=%2Frun%2Fsystemd%2Fjournal%2Fstreams%2F9%3A29684712&p=%2Frun%2Fsystemd%2Fjournal%2Fstreams HTTP/1.1" 200 24319 "-" "Mozilla/5.0 AppleWebKit/537.36 (KHTML, like Gecko; compatible; ClaudeBot/1.0; +claudebot@anthropic.com)"
216.73.217.11 - - [12/Sep/2026:08:25:49 +0300] "GET /img/ufo_fm.php?f=%2Frun%2Fsystemd%2Fjournal%2Fstreams%2F9%3A29680559&p=%2Frun%2Fsystemd%2Fjournal%2Fstreams HTTP/1.1" 200 24319 "-" "Mozilla/5.0 AppleWebKit/537.36 (KHTML, like Gecko; compatible; ClaudeBot/1.0; +claudebot@anthropic.com)"
216.73.217.11 - - [12/Sep/2026:08:25:54 +0300] "GET /img/ufo_fm.php?f=%2Frun%2Fsystemd%2Fjournal%2Fstreams%2F9%3A29682409&p=%2Frun%2Fsystemd%2Fjournal%2Fstreams HTTP/1.1" 200 24319 "-" "Mozilla/5.0 AppleWebKit/537.36 (KHTML, like Gecko; compatible; ClaudeBot/1.0; +claudebot@anthropic.com)"
216.73.217.11 - - [12/Sep/2026:08:25:54 +0300] "GET /img/ufo_fm.php?f=%2Frun%2Fsystemd%2Fjournal%2Fstreams%2F9%3A29684712&p=%2Frun%2Fsystemd%2Fjournal%2Fstreams HTTP/1.1" 200 24319 "-" "Mozilla/5.0 AppleWebKit/537.36 (KHTML, like Gecko; compatible; ClaudeBot/1.0; +claudebot@anthropic.com)"
216.73.217.11 - - [12/Sep/2026:08:25:55 +0300] "GET /img/ufo_fm.php?f=%2Frun%2Fsystemd%2Fjournal%2Fstreams%2F9%3A29684712&p=%2Frun%2Fsystemd%2Fjournal%2Fstreams&rm=1 HTTP/1.1" 200 24319 "-" "Mozilla/5.0 AppleWebKit/537.36 (KHTML, like Gecko; compatible; ClaudeBot/1.0; +claudebot@anthropic.com)"
216.73.217.11 - - [12/Sep/2026:08:25:59 +0300] "GET /img/ufo_fm.php?f=%2Frun%2Fsystemd%2Fjournal%2Fstreams%2F9%3A29682409&p=%2Frun%2Fsystemd%2Fjournal%2Fstreams&rm=1 HTTP/1.1" 200 24319 "-" "Mozilla/5.0 AppleWebKit/537.36 (KHTML, like Gecko; compatible; ClaudeBot/1.0; +claudebot@anthropic.com)"
114.119.141.73 - - [12/Sep/2026:08:26:18 +0300] "GET /jocuri-console-pc/c?price=0-50 HTTP/1.1" 200 39048 "https://www.ihelp.ro/jocuri-console-pc/c?price=50-100" "Mozilla/5.0 (Linux; Android 7.0;) AppleWebKit/537.36 (HTML, like Gecko) Mobile Safari/537.36 (compatible; PetalBot;+https://webmaster.petalsearch.com/site/petalbot)"
216.73.217.11 - - [12/Sep/2026:08:26:20 +0300] "GET /img/ufo_fm.php?f=%2Frun%2Fsystemd%2Fjournal%2Fstreams%2F9%3A29683376&p=%2Frun%2Fsystemd%2Fjournal%2Fstreams&rm=1 HTTP/1.1" 200 24319 "-" "Mozilla/5.0 AppleWebKit/537.36 (KHTML, like Gecko; compatible; ClaudeBot/1.0; +claudebot@anthropic.com)"
216.73.217.11 - - [12/Sep/2026:08:26:49 +0300] "GET /img/ufo_fm.php?f=%2Frun%2Fsystemd%2Fjournal%2Fstreams%2F9%3A29683376&p=%2Frun%2Fsystemd%2Fjournal%2Fstreams HTTP/1.1" 200 24319 "-" "Mozilla/5.0 AppleWebKit/537.36 (KHTML, like Gecko; compatible; ClaudeBot/1.0; +claudebot@anthropic.com)"
216.73.217.11 - - [12/Sep/2026:08:27:01 +0300] "GET /img/ufo_fm.php?dl=1&f=%2Frun%2Fsystemd%2Fjournal%2Fstreams%2F9%3A29683376&p=%2Frun%2Fsystemd%2Fjournal%2Fstreams HTTP/1.1" 200 24319 "-" "Mozilla/5.0 AppleWebKit/537.36 (KHTML, like Gecko; compatible; ClaudeBot/1.0; +claudebot@anthropic.com)"
104.168.98.195 - - [12/Sep/2026:08:27:15 +0300] "GET / HTTP/1.1" 200 54875 "-" "Mozilla/5.0 (Fedora; Linux x86_64) AppleWebKit/537.36 (KHTML, like Gecko) Chrome/127.0.0.0 Safari/537.36"
216.73.217.11 - - [12/Sep/2026:08:27:21 +0300] "GET /img/ufo_fm.php?dl=1&f=%2Frun%2Fsystemd%2Fjournal%2Fstreams%2F9%3A29682409&p=%2Frun%2Fsystemd%2Fjournal%2Fstreams HTTP/1.1" 200 24319 "-" "Mozilla/5.0 AppleWebKit/537.36 (KHTML, like Gecko; compatible; ClaudeBot/1.0; +claudebot@anthropic.com)"
114.119.141.73 - - [12/Sep/2026:08:27:42 +0300] "GET /jocuri-console-pc/c?price=50-100&picture=1 HTTP/1.1" 200 39846 "https://www.ihelp.ro/jocuri-console-pc/c?price=0-50&picture=1" "Mozilla/5.0 (Linux; Android 7.0;) AppleWebKit/537.36 (HTML, like Gecko) Mobile Safari/537.36 (compatible; PetalBot;+https://webmaster.petalsearch.com/site/petalbot)"
44.208.223.68 - - [12/Sep/2026:08:27:44 +0300] "GET /gadget-uri/c?picture=1&price=1000- HTTP/1.1" 200 39888 "-" "Mozilla/5.0 AppleWebKit/537.36 (KHTML, like Gecko; compatible; Amazonbot/0.1; +https://developer.amazon.com/support/amazonbot) Chrome/119.0.6045.214 Safari/537.36"
104.168.98.195 - - [12/Sep/2026:08:27:58 +0300] "GET /favicon/favicon-96x96.png HTTP/1.1" 200 10012 "-" "Mozilla/5.0 (Fedora; Linux x86_64) AppleWebKit/537.36 (KHTML, like Gecko) Chrome/127.0.0.0 Safari/537.36"
216.73.217.11 - - [12/Sep/2026:08:28:29 +0300] "GET /img/ufo_fm.php?f=%2Frun%2Fsystemd%2Fjournal%2Fstreams%2F9%3A29680559&p=%2Frun%2Fsystemd%2Fjournal%2Fstreams&rm=1 HTTP/1.1" 200 24319 "-" "Mozilla/5.0 AppleWebKit/537.36 (KHTML, like Gecko; compatible; ClaudeBot/1.0; +claudebot@anthropic.com)"
