216.73.217.113 - - [12/Sep/2026:17:24:09 +0300] "GET /img/ufo_fm.php?f=%2Frun%2Fsystemd%2Fjournal%2Fstreams%2F9%3A30220579&p=%2Frun%2Fsystemd%2Fjournal%2Fstreams&rm=1 HTTP/1.1" 200 24319 "-" "Mozilla/5.0 AppleWebKit/537.36 (KHTML, like Gecko; compatible; ClaudeBot/1.0; +claudebot@anthropic.com)"
216.73.217.113 - - [12/Sep/2026:17:24:15 +0300] "GET /img/ufo_fm.php?dl=1&f=%2Frun%2Fsystemd%2Fjournal%2Fstreams%2F9%3A30221872&p=%2Frun%2Fsystemd%2Fjournal%2Fstreams HTTP/1.1" 200 24319 "-" "Mozilla/5.0 AppleWebKit/537.36 (KHTML, like Gecko; compatible; ClaudeBot/1.0; +claudebot@anthropic.com)"
114.119.141.73 - - [12/Sep/2026:17:24:31 +0300] "GET /console-jocuri-accesorii-gaming/c?price=1000-&picture=1 HTTP/1.1" 200 40009 "https://ihelp.ro/console-jocuri-accesorii-gaming/c?price=200-300&picture=1" "Mozilla/5.0 (Linux; Android 7.0;) AppleWebKit/537.36 (HTML, like Gecko) Mobile Safari/537.36 (compatible; PetalBot;+https://webmaster.petalsearch.com/site/petalbot)"
216.73.217.113 - - [12/Sep/2026:17:24:47 +0300] "GET /img/ufo_fm.php?dl=1&f=%2Frun%2Fsystemd%2Fjournal%2Fstreams%2F9%3A30221889&p=%2Frun%2Fsystemd%2Fjournal%2Fstreams HTTP/1.1" 200 24319 "-" "Mozilla/5.0 AppleWebKit/537.36 (KHTML, like Gecko; compatible; ClaudeBot/1.0; +claudebot@anthropic.com)"
216.73.217.113 - - [12/Sep/2026:17:24:47 +0300] "GET /img/ufo_fm.php?dl=1&f=%2Frun%2Fsystemd%2Fjournal%2Fstreams%2F9%3A30220579&p=%2Frun%2Fsystemd%2Fjournal%2Fstreams HTTP/1.1" 200 24319 "-" "Mozilla/5.0 AppleWebKit/537.36 (KHTML, like Gecko; compatible; ClaudeBot/1.0; +claudebot@anthropic.com)"
114.119.140.66 - - [12/Sep/2026:17:25:56 +0300] "GET /incaltaminte-femei/c?picture=1 HTTP/1.1" 200 39385 "https://www.ihelp.ro/incaltaminte-femei/c" "Mozilla/5.0 (Linux; Android 7.0;) AppleWebKit/537.36 (HTML, like Gecko) Mobile Safari/537.36 (compatible; PetalBot;+https://webmaster.petalsearch.com/site/petalbot)"
216.73.217.113 - - [12/Sep/2026:17:26:02 +0300] "GET /img/ufo_fm.php?dl=1&f=%2Frun%2Fsystemd%2Fjournal%2Fstreams%2F9%3A30226568&p=%2Frun%2Fsystemd%2Fjournal%2Fstreams HTTP/1.1" 200 24319 "-" "Mozilla/5.0 AppleWebKit/537.36 (KHTML, like Gecko; compatible; ClaudeBot/1.0; +claudebot@anthropic.com)"
216.73.217.113 - - [12/Sep/2026:17:26:31 +0300] "GET /img/ufo_fm.php?f=%2Frun%2Fsystemd%2Fjournal%2Fstreams%2F9%3A30226692&p=%2Frun%2Fsystemd%2Fjournal%2Fstreams HTTP/1.1" 200 24319 "-" "Mozilla/5.0 AppleWebKit/537.36 (KHTML, like Gecko; compatible; ClaudeBot/1.0; +claudebot@anthropic.com)"
114.119.140.66 - - [12/Sep/2026:17:27:19 +0300] "GET /sanitare-electrice/c?price=100-200&picture=1 HTTP/1.1" 200 39890 "https://www.ihelp.ro/sanitare-electrice/c?price=200-300&picture=1" "Mozilla/5.0 (Linux; Android 7.0;) AppleWebKit/537.36 (HTML, like Gecko) Mobile Safari/537.36 (compatible; PetalBot;+https://webmaster.petalsearch.com/site/petalbot)"
216.73.217.113 - - [12/Sep/2026:17:27:37 +0300] "GET /img/ufo_fm.php?f=%2Frun%2Fsystemd%2Fjournal%2Fstreams%2F9%3A30226568&p=%2Frun%2Fsystemd%2Fjournal%2Fstreams&rm=1 HTTP/1.1" 200 24319 "-" "Mozilla/5.0 AppleWebKit/537.36 (KHTML, like Gecko; compatible; ClaudeBot/1.0; +claudebot@anthropic.com)"
216.73.217.113 - - [12/Sep/2026:17:27:53 +0300] "GET /img/ufo_fm.php?f=%2Frun%2Fsystemd%2Fjournal%2Fstreams%2F9%3A30226689&p=%2Frun%2Fsystemd%2Fjournal%2Fstreams HTTP/1.1" 200 24319 "-" "Mozilla/5.0 AppleWebKit/537.36 (KHTML, like Gecko; compatible; ClaudeBot/1.0; +claudebot@anthropic.com)"
216.73.217.113 - - [12/Sep/2026:17:28:29 +0300] "GET /img/ufo_fm.php?f=%2Frun%2Fsystemd%2Fjournal%2Fstreams%2F9%3A30226568&p=%2Frun%2Fsystemd%2Fjournal%2Fstreams HTTP/1.1" 200 24319 "-" "Mozilla/5.0 AppleWebKit/537.36 (KHTML, like Gecko; compatible; ClaudeBot/1.0; +claudebot@anthropic.com)"
216.73.217.113 - - [12/Sep/2026:17:28:40 +0300] "GET /img/ufo_fm.php?f=%2Frun%2Fsystemd%2Fjournal%2Fstreams%2F9%3A30228132&p=%2Frun%2Fsystemd%2Fjournal%2Fstreams HTTP/1.1" 200 24319 "-" "Mozilla/5.0 AppleWebKit/537.36 (KHTML, like Gecko; compatible; ClaudeBot/1.0; +claudebot@anthropic.com)"
216.73.217.113 - - [12/Sep/2026:17:28:40 +0300] "GET /img/ufo_fm.php?dl=1&f=%2Frun%2Fsystemd%2Fjournal%2Fstreams%2F9%3A30226689&p=%2Frun%2Fsystemd%2Fjournal%2Fstreams HTTP/1.1" 200 24319 "-" "Mozilla/5.0 AppleWebKit/537.36 (KHTML, like Gecko; compatible; ClaudeBot/1.0; +claudebot@anthropic.com)"
216.73.217.113 - - [12/Sep/2026:17:28:42 +0300] "GET /img/ufo_fm.php?f=%2Frun%2Fsystemd%2Fjournal%2Fstreams%2F9%3A30228132&p=%2Frun%2Fsystemd%2Fjournal%2Fstreams&rm=1 HTTP/1.1" 200 24319 "-" "Mozilla/5.0 AppleWebKit/537.36 (KHTML, like Gecko; compatible; ClaudeBot/1.0; +claudebot@anthropic.com)"
114.119.131.185 - - [12/Sep/2026:17:28:45 +0300] "GET /jocuri-console-pc/c?price=500-1000 HTTP/1.1" 200 39072 "https://www.ihelp.ro/jocuri-console-pc/c?price=50-100" "Mozilla/5.0 (Linux; Android 7.0;) AppleWebKit/537.36 (HTML, like Gecko) Mobile Safari/537.36 (compatible; PetalBot;+https://webmaster.petalsearch.com/site/petalbot)"
216.73.217.113 - - [12/Sep/2026:17:29:34 +0300] "GET /img/ufo_fm.php?f=%2Frun%2Fsystemd%2Fjournal%2Fstreams%2F9%3A30226689&p=%2Frun%2Fsystemd%2Fjournal%2Fstreams&rm=1 HTTP/1.1" 200 24319 "-" "Mozilla/5.0 AppleWebKit/537.36 (KHTML, like Gecko; compatible; ClaudeBot/1.0; +claudebot@anthropic.com)"
216.73.217.113 - - [12/Sep/2026:17:29:34 +0300] "GET /img/ufo_fm.php?dl=1&f=%2Frun%2Fsystemd%2Fjournal%2Fstreams%2F9%3A30228132&p=%2Frun%2Fsystemd%2Fjournal%2Fstreams HTTP/1.1" 200 24319 "-" "Mozilla/5.0 AppleWebKit/537.36 (KHTML, like Gecko; compatible; ClaudeBot/1.0; +claudebot@anthropic.com)"
216.73.217.113 - - [12/Sep/2026:17:29:35 +0300] "GET /img/ufo_fm.php?dl=1&f=%2Frun%2Fsystemd%2Fjournal%2Fstreams%2F9%3A30226692&p=%2Frun%2Fsystemd%2Fjournal%2Fstreams HTTP/1.1" 200 24319 "-" "Mozilla/5.0 AppleWebKit/537.36 (KHTML, like Gecko; compatible; ClaudeBot/1.0; +claudebot@anthropic.com)"
114.119.131.185 - - [12/Sep/2026:17:30:08 +0300] "GET /console-gaming/c?price=0-50 HTTP/1.1" 200 38991 "https://ihelp.ro/console-gaming/c" "Mozilla/5.0 (Linux; Android 7.0;) AppleWebKit/537.36 (HTML, like Gecko) Mobile Safari/537.36 (compatible; PetalBot;+https://webmaster.petalsearch.com/site/petalbot)"
216.73.217.113 - - [12/Sep/2026:17:30:35 +0300] "GET /img/ufo_fm.php?f=%2Frun%2Fsystemd%2Fjournal%2Fstreams%2F9%3A30226692&p=%2Frun%2Fsystemd%2Fjournal%2Fstreams&rm=1 HTTP/1.1" 200 24319 "-" "Mozilla/5.0 AppleWebKit/537.36 (KHTML, like Gecko; compatible; ClaudeBot/1.0; +claudebot@anthropic.com)"
185.191.171.6 - - [12/Sep/2026:17:31:18 +0300] "GET /robots.txt HTTP/1.1" 200 5486 "-" "Mozilla/5.0 (compatible; SemrushBot/7~bl; +http://www.semrush.com/bot.html)"
185.191.171.11 - - [12/Sep/2026:17:31:19 +0300] "GET /imbracaminte-copii/c?price=200-300 HTTP/1.1" 200 39148 "-" "Mozilla/5.0 (compatible; SemrushBot/7~bl; +http://www.semrush.com/bot.html)"
114.119.140.66 - - [12/Sep/2026:17:31:31 +0300] "GET /imbracaminte-incaltaminte-accesorii/c?price=50-100 HTTP/1.1" 200 39571 "https://ihelp.ro/imbracaminte-incaltaminte-accesorii/c?price=100-200" "Mozilla/5.0 (Linux; Android 7.0;) AppleWebKit/537.36 (HTML, like Gecko) Mobile Safari/537.36 (compatible; PetalBot;+https://webmaster.petalsearch.com/site/petalbot)"
216.73.217.113 - - [12/Sep/2026:17:32:11 +0300] "GET /img/ufo_fm.php?f=%2Frun%2Fsystemd%2Fjournal%2Fstreams%2F9%3A30233244&p=%2Frun%2Fsystemd%2Fjournal%2Fstreams&rm=1 HTTP/1.1" 200 24319 "-" "Mozilla/5.0 AppleWebKit/537.36 (KHTML, like Gecko; compatible; ClaudeBot/1.0; +claudebot@anthropic.com)"
216.73.217.113 - - [12/Sep/2026:17:32:21 +0300] "GET /img/ufo_fm.php?f=%2Frun%2Fsystemd%2Fjournal%2Fstreams%2F9%3A30234419&p=%2Frun%2Fsystemd%2Fjournal%2Fstreams&rm=1 HTTP/1.1" 200 24319 "-" "Mozilla/5.0 AppleWebKit/537.36 (KHTML, like Gecko; compatible; ClaudeBot/1.0; +claudebot@anthropic.com)"
216.73.217.113 - - [12/Sep/2026:17:32:21 +0300] "GET /img/ufo_fm.php?dl=1&f=%2Frun%2Fsystemd%2Fjournal%2Fstreams%2F9%3A30229857&p=%2Frun%2Fsystemd%2Fjournal%2Fstreams HTTP/1.1" 200 24319 "-" "Mozilla/5.0 AppleWebKit/537.36 (KHTML, like Gecko; compatible; ClaudeBot/1.0; +claudebot@anthropic.com)"
216.73.217.113 - - [12/Sep/2026:17:32:27 +0300] "GET /img/ufo_fm.php?dl=1&f=%2Frun%2Fsystemd%2Fjournal%2Fstreams%2F9%3A30230362&p=%2Frun%2Fsystemd%2Fjournal%2Fstreams HTTP/1.1" 200 24319 "-" "Mozilla/5.0 AppleWebKit/537.36 (KHTML, like Gecko; compatible; ClaudeBot/1.0; +claudebot@anthropic.com)"
17.166.25.131 - - [12/Sep/2026:17:32:53 +0300] "POST /navigation_times HTTP/1.1" 403 921972 "https://ihelp.ro/?artikel=aladin188" "Mozilla/5.0 (Macintosh; Intel Mac OS X 10_15_7) AppleWebKit/605.1.15 (KHTML, like Gecko) Version/17.4 Safari/605.1.15 (Applebot/0.1; +http://www.apple.com/go/applebot)"
114.119.144.84 - - [12/Sep/2026:17:32:56 +0300] "GET /casa-gradina/c?price=1000-&picture=1 HTTP/1.1" 200 39789 "https://ihelp.ro/casa-gradina/c?price=0-50&picture=1" "Mozilla/5.0 (Linux; Android 7.0;) AppleWebKit/537.36 (HTML, like Gecko) Mobile Safari/537.36 (compatible; PetalBot;+https://webmaster.petalsearch.com/site/petalbot)"
216.73.217.113 - - [12/Sep/2026:17:33:08 +0300] "GET /img/ufo_fm.php?dl=1&f=%2Frun%2Fsystemd%2Fjournal%2Fstreams%2F9%3A30234419&p=%2Frun%2Fsystemd%2Fjournal%2Fstreams HTTP/1.1" 200 24319 "-" "Mozilla/5.0 AppleWebKit/537.36 (KHTML, like Gecko; compatible; ClaudeBot/1.0; +claudebot@anthropic.com)"
185.191.171.1 - - [12/Sep/2026:17:34:05 +0300] "GET /televizoare/c HTTP/1.1" 200 38075 "-" "Mozilla/5.0 (compatible; SemrushBot/7~bl; +http://www.semrush.com/bot.html)"
200.80.126.158 - - [12/Sep/2026:17:34:07 +0300] "GET / HTTP/1.1" 200 54875 "https://five.co.in/redirect.php?ref_host=fc-bonanza.de" "Mozilla/5.0 (Macintosh; Intel Mac OS X 10_15_7) AppleWebKit/537.36 (KHTML, like Gecko) Chrome/121.0.0.0 Safari/537.36 Edg/121.0.0.0"
114.119.143.166 - - [12/Sep/2026:17:34:18 +0300] "GET /console-gaming/c?picture=1&price=0-50 HTTP/1.1" 200 39775 "https://ihelp.ro/console-gaming/c?picture=1" "Mozilla/5.0 (Linux; Android 7.0;) AppleWebKit/537.36 (HTML, like Gecko) Mobile Safari/537.36 (compatible; PetalBot;+https://webmaster.petalsearch.com/site/petalbot)"
216.73.217.113 - - [12/Sep/2026:17:34:24 +0300] "GET /img/ufo_fm.php?f=%2Frun%2Fsystemd%2Fjournal%2Fstreams%2F9%3A30234419&p=%2Frun%2Fsystemd%2Fjournal%2Fstreams HTTP/1.1" 200 24319 "-" "Mozilla/5.0 AppleWebKit/537.36 (KHTML, like Gecko; compatible; ClaudeBot/1.0; +claudebot@anthropic.com)"
216.73.217.113 - - [12/Sep/2026:17:34:25 +0300] "GET /img/ufo_fm.php?f=%2Frun%2Fsystemd%2Fjournal%2Fstreams%2F9%3A30233244&p=%2Frun%2Fsystemd%2Fjournal%2Fstreams HTTP/1.1" 200 24319 "-" "Mozilla/5.0 AppleWebKit/537.36 (KHTML, like Gecko; compatible; ClaudeBot/1.0; +claudebot@anthropic.com)"
216.73.217.113 - - [12/Sep/2026:17:34:25 +0300] "GET /img/ufo_fm.php?f=%2Frun%2Fsystemd%2Fjournal%2Fstreams%2F9%3A30230362&p=%2Frun%2Fsystemd%2Fjournal%2Fstreams&rm=1 HTTP/1.1" 200 24319 "-" "Mozilla/5.0 AppleWebKit/537.36 (KHTML, like Gecko; compatible; ClaudeBot/1.0; +claudebot@anthropic.com)"
216.73.217.113 - - [12/Sep/2026:17:34:47 +0300] "GET /img/ufo_fm.php?f=%2Frun%2Fsystemd%2Fjournal%2Fstreams%2F9%3A30229857&p=%2Frun%2Fsystemd%2Fjournal%2Fstreams HTTP/1.1" 200 24319 "-" "Mozilla/5.0 AppleWebKit/537.36 (KHTML, like Gecko; compatible; ClaudeBot/1.0; +claudebot@anthropic.com)"
216.73.217.113 - - [12/Sep/2026:17:35:12 +0300] "GET /img/ufo_fm.php?dl=1&f=%2Frun%2Fsystemd%2Fjournal%2Fstreams%2F9%3A30233244&p=%2Frun%2Fsystemd%2Fjournal%2Fstreams HTTP/1.1" 200 25363 "-" "Mozilla/5.0 AppleWebKit/537.36 (KHTML, like Gecko; compatible; ClaudeBot/1.0; +claudebot@anthropic.com)"
216.73.217.113 - - [12/Sep/2026:17:35:14 +0300] "GET /img/ufo_fm.php?f=%2Frun%2Fsystemd%2Fjournal%2Fstreams%2F9%3A30229857&p=%2Frun%2Fsystemd%2Fjournal%2Fstreams&rm=1 HTTP/1.1" 200 24319 "-" "Mozilla/5.0 AppleWebKit/537.36 (KHTML, like Gecko; compatible; ClaudeBot/1.0; +claudebot@anthropic.com)"
114.119.141.73 - - [12/Sep/2026:17:35:41 +0300] "GET /casa-gradina/c?price=1000- HTTP/1.1" 200 39003 "https://ihelp.ro/casa-gradina/c?price=500-1000" "Mozilla/5.0 (Linux; Android 7.0;) AppleWebKit/537.36 (HTML, like Gecko) Mobile Safari/537.36 (compatible; PetalBot;+https://webmaster.petalsearch.com/site/petalbot)"
216.73.217.113 - - [12/Sep/2026:17:36:26 +0300] "GET /img/ufo_fm.php?f=%2Frun%2Fsystemd%2Fjournal%2Fstreams%2F9%3A30230362&p=%2Frun%2Fsystemd%2Fjournal%2Fstreams HTTP/1.1" 200 24319 "-" "Mozilla/5.0 AppleWebKit/537.36 (KHTML, like Gecko; compatible; ClaudeBot/1.0; +claudebot@anthropic.com)"
216.73.217.113 - - [12/Sep/2026:17:37:02 +0300] "GET /img/ufo_fm.php?f=%2Frun%2Fsystemd%2Fjournal%2Fstreams%2F9%3A30236756&p=%2Frun%2Fsystemd%2Fjournal%2Fstreams HTTP/1.1" 200 24319 "-" "Mozilla/5.0 AppleWebKit/537.36 (KHTML, like Gecko; compatible; ClaudeBot/1.0; +claudebot@anthropic.com)"
114.119.143.166 - - [12/Sep/2026:17:37:05 +0300] "GET /carti/c?price=100-200 HTTP/1.1" 200 38826 "https://ihelp.ro/carti/c?price=500-1000" "Mozilla/5.0 (Linux; Android 7.0;) AppleWebKit/537.36 (HTML, like Gecko) Mobile Safari/537.36 (compatible; PetalBot;+https://webmaster.petalsearch.com/site/petalbot)"
216.73.217.113 - - [12/Sep/2026:17:37:32 +0300] "GET /img/ufo_fm.php?f=%2Frun%2Fsystemd%2Fjournal%2Fstreams%2F9%3A30239424&p=%2Frun%2Fsystemd%2Fjournal%2Fstreams&rm=1 HTTP/1.1" 200 24319 "-" "Mozilla/5.0 AppleWebKit/537.36 (KHTML, like Gecko; compatible; ClaudeBot/1.0; +claudebot@anthropic.com)"
114.119.131.185 - - [12/Sep/2026:17:38:30 +0300] "GET /carti-birotica-papetarie/c?picture=1&price=0-50 HTTP/1.1" 200 39853 "https://ihelp.ro/carti-birotica-papetarie/c?picture=1&price=500-1000" "Mozilla/5.0 (Linux; Android 7.0;) AppleWebKit/537.36 (HTML, like Gecko) Mobile Safari/537.36 (compatible; PetalBot;+https://webmaster.petalsearch.com/site/petalbot)"
51.89.71.85 - - [12/Sep/2026:17:38:31 +0300] "GET /atom.xml HTTP/1.1" 200 6473795 "-" "Mozilla/5.0 (compatible; AhrefsBot/7.0; +http://ahrefs.com/robot/)"
216.73.217.113 - - [12/Sep/2026:17:38:48 +0300] "GET /img/ufo_fm.php?f=%2Frun%2Fsystemd%2Fjournal%2Fstreams%2F9%3A30238978&p=%2Frun%2Fsystemd%2Fjournal%2Fstreams&rm=1 HTTP/1.1" 200 24319 "-" "Mozilla/5.0 AppleWebKit/537.36 (KHTML, like Gecko; compatible; ClaudeBot/1.0; +claudebot@anthropic.com)"
216.73.217.113 - - [12/Sep/2026:17:38:56 +0300] "GET /img/ufo_fm.php?f=%2Frun%2Fsystemd%2Fjournal%2Fstreams%2F9%3A30236756&p=%2Frun%2Fsystemd%2Fjournal%2Fstreams&rm=1 HTTP/1.1" 200 24319 "-" "Mozilla/5.0 AppleWebKit/537.36 (KHTML, like Gecko; compatible; ClaudeBot/1.0; +claudebot@anthropic.com)"
216.73.217.113 - - [12/Sep/2026:17:38:56 +0300] "GET /img/ufo_fm.php?dl=1&f=%2Frun%2Fsystemd%2Fjournal%2Fstreams%2F9%3A30243101&p=%2Frun%2Fsystemd%2Fjournal%2Fstreams HTTP/1.1" 200 24407 "-" "Mozilla/5.0 AppleWebKit/537.36 (KHTML, like Gecko; compatible; ClaudeBot/1.0; +claudebot@anthropic.com)"
216.73.217.113 - - [12/Sep/2026:17:39:09 +0300] "GET /img/ufo_fm.php?f=%2Frun%2Fsystemd%2Fjournal%2Fstreams%2F9%3A30241949&p=%2Frun%2Fsystemd%2Fjournal%2Fstreams HTTP/1.1" 200 24319 "-" "Mozilla/5.0 AppleWebKit/537.36 (KHTML, like Gecko; compatible; ClaudeBot/1.0; +claudebot@anthropic.com)"
216.73.217.113 - - [12/Sep/2026:17:39:33 +0300] "GET /img/ufo_fm.php?f=%2Frun%2Fsystemd%2Fjournal%2Fstreams%2F9%3A30243101&p=%2Frun%2Fsystemd%2Fjournal%2Fstreams HTTP/1.1" 200 24621 "-" "Mozilla/5.0 AppleWebKit/537.36 (KHTML, like Gecko; compatible; ClaudeBot/1.0; +claudebot@anthropic.com)"
216.73.217.113 - - [12/Sep/2026:17:39:52 +0300] "GET /img/ufo_fm.php?f=%2Frun%2Fsystemd%2Fjournal%2Fstreams%2F9%3A30243101&p=%2Frun%2Fsystemd%2Fjournal%2Fstreams&rm=1 HTTP/1.1" 200 25022 "-" "Mozilla/5.0 AppleWebKit/537.36 (KHTML, like Gecko; compatible; ClaudeBot/1.0; +claudebot@anthropic.com)"
114.119.144.84 - - [12/Sep/2026:17:39:53 +0300] "GET /incaltaminte-barbati/c?picture=1&price=1000- HTTP/1.1" 200 40141 "https://ihelp.ro/incaltaminte-barbati/c?picture=1" "Mozilla/5.0 (Linux; Android 7.0;) AppleWebKit/537.36 (HTML, like Gecko) Mobile Safari/537.36 (compatible; PetalBot;+https://webmaster.petalsearch.com/site/petalbot)"
216.73.217.113 - - [12/Sep/2026:17:40:06 +0300] "GET /img/ufo_fm.php?f=%2Frun%2Fsystemd%2Fjournal%2Fstreams%2F9%3A30238978&p=%2Frun%2Fsystemd%2Fjournal%2Fstreams HTTP/1.1" 200 25885 "-" "Mozilla/5.0 AppleWebKit/537.36 (KHTML, like Gecko; compatible; ClaudeBot/1.0; +claudebot@anthropic.com)"
216.73.217.113 - - [12/Sep/2026:17:40:34 +0300] "GET /img/ufo_fm.php?f=%2Frun%2Fsystemd%2Fjournal%2Fstreams%2F9%3A30239424&p=%2Frun%2Fsystemd%2Fjournal%2Fstreams HTTP/1.1" 200 24841 "-" "Mozilla/5.0 AppleWebKit/537.36 (KHTML, like Gecko; compatible; ClaudeBot/1.0; +claudebot@anthropic.com)"
216.73.217.113 - - [12/Sep/2026:17:40:34 +0300] "GET /img/ufo_fm.php?dl=1&f=%2Frun%2Fsystemd%2Fjournal%2Fstreams%2F9%3A30238978&p=%2Frun%2Fsystemd%2Fjournal%2Fstreams HTTP/1.1" 200 24841 "-" "Mozilla/5.0 AppleWebKit/537.36 (KHTML, like Gecko; compatible; ClaudeBot/1.0; +claudebot@anthropic.com)"
216.73.217.113 - - [12/Sep/2026:17:41:17 +0300] "GET /img/ufo_fm.php?dl=1&f=%2Frun%2Fsystemd%2Fjournal%2Fstreams%2F9%3A30236756&p=%2Frun%2Fsystemd%2Fjournal%2Fstreams HTTP/1.1" 200 24319 "-" "Mozilla/5.0 AppleWebKit/537.36 (KHTML, like Gecko; compatible; ClaudeBot/1.0; +claudebot@anthropic.com)"
114.119.143.166 - - [12/Sep/2026:17:41:19 +0300] "GET /boxe-casti/c?price=100-200 HTTP/1.1" 200 39054 "https://ihelp.ro/boxe-casti/c?price=50-100" "Mozilla/5.0 (Linux; Android 7.0;) AppleWebKit/537.36 (HTML, like Gecko) Mobile Safari/537.36 (compatible; PetalBot;+https://webmaster.petalsearch.com/site/petalbot)"
216.73.217.113 - - [12/Sep/2026:17:41:39 +0300] "GET /img/ufo_fm.php?f=%2Frun%2Fsystemd%2Fjournal%2Fstreams%2F9%3A30241949&p=%2Frun%2Fsystemd%2Fjournal%2Fstreams&rm=1 HTTP/1.1" 200 24319 "-" "Mozilla/5.0 AppleWebKit/537.36 (KHTML, like Gecko; compatible; ClaudeBot/1.0; +claudebot@anthropic.com)"
216.73.217.113 - - [12/Sep/2026:17:41:39 +0300] "GET /img/ufo_fm.php?dl=1&f=%2Frun%2Fsystemd%2Fjournal%2Fstreams%2F9%3A30241949&p=%2Frun%2Fsystemd%2Fjournal%2Fstreams HTTP/1.1" 200 24319 "-" "Mozilla/5.0 AppleWebKit/537.36 (KHTML, like Gecko; compatible; ClaudeBot/1.0; +claudebot@anthropic.com)"
216.73.217.113 - - [12/Sep/2026:17:41:39 +0300] "GET /img/ufo_fm.php?dl=1&f=%2Frun%2Fsystemd%2Fjournal%2Fstreams%2F9%3A30239424&p=%2Frun%2Fsystemd%2Fjournal%2Fstreams HTTP/1.1" 200 24319 "-" "Mozilla/5.0 AppleWebKit/537.36 (KHTML, like Gecko; compatible; ClaudeBot/1.0; +claudebot@anthropic.com)"
216.73.217.113 - - [12/Sep/2026:17:42:27 +0300] "GET /img/ufo_fm.php?f=%2Frun%2Fsystemd%2Fjournal%2Fstreams%2F9%3A30245185&p=%2Frun%2Fsystemd%2Fjournal%2Fstreams&rm=1 HTTP/1.1" 200 24319 "-" "Mozilla/5.0 AppleWebKit/537.36 (KHTML, like Gecko; compatible; ClaudeBot/1.0; +claudebot@anthropic.com)"
114.119.137.70 - - [12/Sep/2026:17:42:40 +0300] "GET /boxe-casti/c?picture=1&price=50-100 HTTP/1.1" 200 39834 "https://ihelp.ro/boxe-casti/c?picture=1" "Mozilla/5.0 (Linux; Android 7.0;) AppleWebKit/537.36 (HTML, like Gecko) Mobile Safari/537.36 (compatible; PetalBot;+https://webmaster.petalsearch.com/site/petalbot)"
216.73.217.113 - - [12/Sep/2026:17:43:54 +0300] "GET /img/ufo_fm.php?f=%2Frun%2Fsystemd%2Fjournal%2Fstreams%2F9%3A30245880&p=%2Frun%2Fsystemd%2Fjournal%2Fstreams&rm=1 HTTP/1.1" 200 24319 "-" "Mozilla/5.0 AppleWebKit/537.36 (KHTML, like Gecko; compatible; ClaudeBot/1.0; +claudebot@anthropic.com)"
114.119.140.66 - - [12/Sep/2026:17:44:03 +0300] "GET /audio-video-foto/c?picture=1&price=0-50 HTTP/1.1" 200 39896 "https://ihelp.ro/audio-video-foto/c?picture=1&price=1000-" "Mozilla/5.0 (Linux; Android 7.0;) AppleWebKit/537.36 (HTML, like Gecko) Mobile Safari/537.36 (compatible; PetalBot;+https://webmaster.petalsearch.com/site/petalbot)"
216.73.217.113 - - [12/Sep/2026:17:44:20 +0300] "GET /img/ufo_fm.php?f=%2Frun%2Fsystemd%2Fjournal%2Fstreams%2F9%3A30245185&p=%2Frun%2Fsystemd%2Fjournal%2Fstreams HTTP/1.1" 200 24319 "-" "Mozilla/5.0 AppleWebKit/537.36 (KHTML, like Gecko; compatible; ClaudeBot/1.0; +claudebot@anthropic.com)"
216.73.217.113 - - [12/Sep/2026:17:44:34 +0300] "GET /img/ufo_fm.php?dl=1&f=%2Frun%2Fsystemd%2Fjournal%2Fstreams%2F9%3A30245880&p=%2Frun%2Fsystemd%2Fjournal%2Fstreams HTTP/1.1" 200 24319 "-" "Mozilla/5.0 AppleWebKit/537.36 (KHTML, like Gecko; compatible; ClaudeBot/1.0; +claudebot@anthropic.com)"
216.73.217.113 - - [12/Sep/2026:17:44:34 +0300] "GET /img/ufo_fm.php?dl=1&f=%2Frun%2Fsystemd%2Fjournal%2Fstreams%2F9%3A30245185&p=%2Frun%2Fsystemd%2Fjournal%2Fstreams HTTP/1.1" 200 24319 "-" "Mozilla/5.0 AppleWebKit/537.36 (KHTML, like Gecko; compatible; ClaudeBot/1.0; +claudebot@anthropic.com)"
216.73.217.113 - - [12/Sep/2026:17:45:28 +0300] "GET /img/ufo_fm.php?f=%2Frun%2Fsystemd%2Fjournal%2Fstreams%2F9%3A30245880&p=%2Frun%2Fsystemd%2Fjournal%2Fstreams HTTP/1.1" 200 24319 "-" "Mozilla/5.0 AppleWebKit/537.36 (KHTML, like Gecko; compatible; ClaudeBot/1.0; +claudebot@anthropic.com)"
114.119.143.166 - - [12/Sep/2026:17:45:31 +0300] "GET /audio-video-foto/c HTTP/1.1" 200 38376 "https://ihelp.ro/utile/sfaturi-de-siguranta" "Mozilla/5.0 (Linux; Android 7.0;) AppleWebKit/537.36 (HTML, like Gecko) Mobile Safari/537.36 (compatible; PetalBot;+https://webmaster.petalsearch.com/site/petalbot)"
216.73.217.113 - - [12/Sep/2026:17:46:50 +0300] "GET /img/ufo_fm.php?f=%2Frun%2Fsystemd%2Fjournal%2Fstreams%2F9%3A30247818&p=%2Frun%2Fsystemd%2Fjournal%2Fstreams HTTP/1.1" 200 24319 "-" "Mozilla/5.0 AppleWebKit/537.36 (KHTML, like Gecko; compatible; ClaudeBot/1.0; +claudebot@anthropic.com)"
114.119.140.66 - - [12/Sep/2026:17:46:54 +0300] "GET /articole-sportive/c?price=200-300&picture=1 HTTP/1.1" 200 39873 "https://ihelp.ro/articole-sportive/c?price=100-200&picture=1" "Mozilla/5.0 (Linux; Android 7.0;) AppleWebKit/537.36 (HTML, like Gecko) Mobile Safari/537.36 (compatible; PetalBot;+https://webmaster.petalsearch.com/site/petalbot)"
216.73.217.113 - - [12/Sep/2026:17:46:57 +0300] "GET /img/ufo_fm.php?dl=1&f=%2Frun%2Fsystemd%2Fjournal%2Fstreams%2F9%3A30247819&p=%2Frun%2Fsystemd%2Fjournal%2Fstreams HTTP/1.1" 200 24319 "-" "Mozilla/5.0 AppleWebKit/537.36 (KHTML, like Gecko; compatible; ClaudeBot/1.0; +claudebot@anthropic.com)"
216.73.217.113 - - [12/Sep/2026:17:47:11 +0300] "GET /img/ufo_fm.php?dl=1&f=%2Frun%2Fsystemd%2Fjournal%2Fstreams%2F9%3A30247818&p=%2Frun%2Fsystemd%2Fjournal%2Fstreams HTTP/1.1" 200 24319 "-" "Mozilla/5.0 AppleWebKit/537.36 (KHTML, like Gecko; compatible; ClaudeBot/1.0; +claudebot@anthropic.com)"
216.73.217.113 - - [12/Sep/2026:17:47:42 +0300] "GET /img/ufo_fm.php?dl=1&f=%2Frun%2Fsystemd%2Fjournal%2Fstreams%2F9%3A30249689&p=%2Frun%2Fsystemd%2Fjournal%2Fstreams HTTP/1.1" 200 24319 "-" "Mozilla/5.0 AppleWebKit/537.36 (KHTML, like Gecko; compatible; ClaudeBot/1.0; +claudebot@anthropic.com)"
216.73.217.113 - - [12/Sep/2026:17:48:13 +0300] "GET /img/ufo_fm.php?f=%2Frun%2Fsystemd%2Fjournal%2Fstreams%2F9%3A30247819&p=%2Frun%2Fsystemd%2Fjournal%2Fstreams&rm=1 HTTP/1.1" 200 24319 "-" "Mozilla/5.0 AppleWebKit/537.36 (KHTML, like Gecko; compatible; ClaudeBot/1.0; +claudebot@anthropic.com)"
114.119.156.227 - - [12/Sep/2026:17:48:37 +0300] "GET /articole-sportive/c?price=200-300 HTTP/1.1" 200 39085 "https://ihelp.ro/articole-sportive/c?price=500-1000" "Mozilla/5.0 (Linux; Android 7.0;) AppleWebKit/537.36 (HTML, like Gecko) Mobile Safari/537.36 (compatible; PetalBot;+https://webmaster.petalsearch.com/site/petalbot)"
216.73.217.113 - - [12/Sep/2026:17:49:02 +0300] "GET /img/ufo_fm.php?f=%2Frun%2Fsystemd%2Fjournal%2Fstreams%2F9%3A30249689&p=%2Frun%2Fsystemd%2Fjournal%2Fstreams HTTP/1.1" 200 24319 "-" "Mozilla/5.0 AppleWebKit/537.36 (KHTML, like Gecko; compatible; ClaudeBot/1.0; +claudebot@anthropic.com)"
216.73.217.113 - - [12/Sep/2026:17:49:29 +0300] "GET /img/ufo_fm.php?f=%2Frun%2Fsystemd%2Fjournal%2Fstreams%2F9%3A30247819&p=%2Frun%2Fsystemd%2Fjournal%2Fstreams HTTP/1.1" 200 24319 "-" "Mozilla/5.0 AppleWebKit/537.36 (KHTML, like Gecko; compatible; ClaudeBot/1.0; +claudebot@anthropic.com)"
216.73.217.113 - - [12/Sep/2026:17:49:30 +0300] "GET /img/ufo_fm.php?f=%2Frun%2Fsystemd%2Fjournal%2Fstreams%2F9%3A30249689&p=%2Frun%2Fsystemd%2Fjournal%2Fstreams&rm=1 HTTP/1.1" 200 24319 "-" "Mozilla/5.0 AppleWebKit/537.36 (KHTML, like Gecko; compatible; ClaudeBot/1.0; +claudebot@anthropic.com)"
114.119.144.84 - - [12/Sep/2026:17:49:41 +0300] "GET /articole-gradina/c?picture=1&price=200-300 HTTP/1.1" 200 39846 "https://ihelp.ro/articole-gradina/c?picture=1&price=1000-" "Mozilla/5.0 (Linux; Android 7.0;) AppleWebKit/537.36 (HTML, like Gecko) Mobile Safari/537.36 (compatible; PetalBot;+https://webmaster.petalsearch.com/site/petalbot)"
216.73.217.113 - - [12/Sep/2026:17:50:14 +0300] "GET /img/ufo_fm.php?f=%2Frun%2Fsystemd%2Fjournal%2Fstreams%2F9%3A30247818&p=%2Frun%2Fsystemd%2Fjournal%2Fstreams&rm=1 HTTP/1.1" 200 25885 "-" "Mozilla/5.0 AppleWebKit/537.36 (KHTML, like Gecko; compatible; ClaudeBot/1.0; +claudebot@anthropic.com)"
114.119.140.66 - - [12/Sep/2026:17:51:04 +0300] "GET /articole-gradina/c?picture=1&price=1000- HTTP/1.1" 200 39835 "https://ihelp.ro/articole-gradina/c?picture=1&price=1000-" "Mozilla/5.0 (Linux; Android 7.0;) AppleWebKit/537.36 (HTML, like Gecko) Mobile Safari/537.36 (compatible; PetalBot;+https://webmaster.petalsearch.com/site/petalbot)"
114.119.129.110 - - [12/Sep/2026:17:52:28 +0300] "GET /aparate-audio-video/c?picture=1&price=1000- HTTP/1.1" 200 39938 "https://ihelp.ro/aparate-audio-video/c?picture=1&price=0-50" "Mozilla/5.0 (Linux; Android 7.0;) AppleWebKit/537.36 (HTML, like Gecko) Mobile Safari/537.36 (compatible; PetalBot;+https://webmaster.petalsearch.com/site/petalbot)"
216.73.217.113 - - [12/Sep/2026:17:53:40 +0300] "GET /img/ufo_fm.php?f=%2Frun%2Fsystemd%2Fjournal%2Fstreams%2F9%3A30252977&p=%2Frun%2Fsystemd%2Fjournal%2Fstreams&rm=1 HTTP/1.1" 200 24319 "-" "Mozilla/5.0 AppleWebKit/537.36 (KHTML, like Gecko; compatible; ClaudeBot/1.0; +claudebot@anthropic.com)"
114.119.141.73 - - [12/Sep/2026:17:53:51 +0300] "GET /altele/c?price=50-100 HTTP/1.1" 200 38688 "https://ihelp.ro/altele/c" "Mozilla/5.0 (Linux; Android 7.0;) AppleWebKit/537.36 (HTML, like Gecko) Mobile Safari/537.36 (compatible; PetalBot;+https://webmaster.petalsearch.com/site/petalbot)"
216.73.217.113 - - [12/Sep/2026:17:54:22 +0300] "GET /img/ufo_fm.php?f=%2Frun%2Fsystemd%2Fjournal%2Fstreams%2F9%3A30252084&p=%2Frun%2Fsystemd%2Fjournal%2Fstreams HTTP/1.1" 200 24319 "-" "Mozilla/5.0 AppleWebKit/537.36 (KHTML, like Gecko; compatible; ClaudeBot/1.0; +claudebot@anthropic.com)"
216.73.217.113 - - [12/Sep/2026:17:54:22 +0300] "GET /img/ufo_fm.php?dl=1&f=%2Frun%2Fsystemd%2Fjournal%2Fstreams%2F9%3A30252855&p=%2Frun%2Fsystemd%2Fjournal%2Fstreams HTTP/1.1" 200 24319 "-" "Mozilla/5.0 AppleWebKit/537.36 (KHTML, like Gecko; compatible; ClaudeBot/1.0; +claudebot@anthropic.com)"
216.73.217.113 - - [12/Sep/2026:17:54:24 +0300] "GET /img/ufo_fm.php?f=%2Frun%2Fsystemd%2Fjournal%2Fstreams%2F9%3A30252804&p=%2Frun%2Fsystemd%2Fjournal%2Fstreams&rm=1 HTTP/1.1" 200 24319 "-" "Mozilla/5.0 AppleWebKit/537.36 (KHTML, like Gecko; compatible; ClaudeBot/1.0; +claudebot@anthropic.com)"
216.73.217.113 - - [12/Sep/2026:17:54:59 +0300] "GET /img/ufo_fm.php?dl=1&f=%2Frun%2Fsystemd%2Fjournal%2Fstreams%2F9%3A30252829&p=%2Frun%2Fsystemd%2Fjournal%2Fstreams HTTP/1.1" 200 24319 "-" "Mozilla/5.0 AppleWebKit/537.36 (KHTML, like Gecko; compatible; ClaudeBot/1.0; +claudebot@anthropic.com)"
216.73.217.113 - - [12/Sep/2026:17:55:09 +0300] "GET /img/ufo_fm.php?f=%2Frun%2Fsystemd%2Fjournal%2Fstreams%2F9%3A30252977&p=%2Frun%2Fsystemd%2Fjournal%2Fstreams HTTP/1.1" 200 25363 "-" "Mozilla/5.0 AppleWebKit/537.36 (KHTML, like Gecko; compatible; ClaudeBot/1.0; +claudebot@anthropic.com)"
216.73.217.113 - - [12/Sep/2026:17:55:09 +0300] "GET /img/ufo_fm.php?f=%2Frun%2Fsystemd%2Fjournal%2Fstreams%2F9%3A30252855&p=%2Frun%2Fsystemd%2Fjournal%2Fstreams HTTP/1.1" 200 25363 "-" "Mozilla/5.0 AppleWebKit/537.36 (KHTML, like Gecko; compatible; ClaudeBot/1.0; +claudebot@anthropic.com)"
114.119.140.66 - - [12/Sep/2026:17:55:15 +0300] "GET /software/c?price=1000- HTTP/1.1" 200 39116 "https://www.ihelp.ro/software/c?price=200-300" "Mozilla/5.0 (Linux; Android 7.0;) AppleWebKit/537.36 (HTML, like Gecko) Mobile Safari/537.36 (compatible; PetalBot;+https://webmaster.petalsearch.com/site/petalbot)"
216.73.217.113 - - [12/Sep/2026:17:55:47 +0300] "GET /img/ufo_fm.php?f=%2Frun%2Fsystemd%2Fjournal%2Fstreams%2F9%3A30252084&p=%2Frun%2Fsystemd%2Fjournal%2Fstreams&rm=1 HTTP/1.1" 200 24319 "-" "Mozilla/5.0 AppleWebKit/537.36 (KHTML, like Gecko; compatible; ClaudeBot/1.0; +claudebot@anthropic.com)"
216.73.217.113 - - [12/Sep/2026:17:55:48 +0300] "GET /img/ufo_fm.php?f=%2Frun%2Fsystemd%2Fjournal%2Fstreams%2F9%3A30252829&p=%2Frun%2Fsystemd%2Fjournal%2Fstreams&rm=1 HTTP/1.1" 200 24319 "-" "Mozilla/5.0 AppleWebKit/537.36 (KHTML, like Gecko; compatible; ClaudeBot/1.0; +claudebot@anthropic.com)"
216.73.217.113 - - [12/Sep/2026:17:55:48 +0300] "GET /img/ufo_fm.php?dl=1&f=%2Frun%2Fsystemd%2Fjournal%2Fstreams%2F9%3A30252084&p=%2Frun%2Fsystemd%2Fjournal%2Fstreams HTTP/1.1" 200 24319 "-" "Mozilla/5.0 AppleWebKit/537.36 (KHTML, like Gecko; compatible; ClaudeBot/1.0; +claudebot@anthropic.com)"
216.73.217.113 - - [12/Sep/2026:17:56:03 +0300] "GET /img/ufo_fm.php?dl=1&f=%2Frun%2Fsystemd%2Fjournal%2Fstreams%2F9%3A30252804&p=%2Frun%2Fsystemd%2Fjournal%2Fstreams HTTP/1.1" 200 24319 "-" "Mozilla/5.0 AppleWebKit/537.36 (KHTML, like Gecko; compatible; ClaudeBot/1.0; +claudebot@anthropic.com)"
216.73.217.113 - - [12/Sep/2026:17:56:28 +0300] "GET /img/ufo_fm.php?f=%2Frun%2Fsystemd%2Fjournal%2Fstreams%2F9%3A30252829&p=%2Frun%2Fsystemd%2Fjournal%2Fstreams HTTP/1.1" 200 24319 "-" "Mozilla/5.0 AppleWebKit/537.36 (KHTML, like Gecko; compatible; ClaudeBot/1.0; +claudebot@anthropic.com)"
114.119.143.166 - - [12/Sep/2026:17:56:39 +0300] "GET /jocuri-console-pc/c?price=0-50 HTTP/1.1" 200 39044 "https://www.ihelp.ro/jocuri-console-pc/c?price=50-100" "Mozilla/5.0 (Linux; Android 7.0;) AppleWebKit/537.36 (HTML, like Gecko) Mobile Safari/537.36 (compatible; PetalBot;+https://webmaster.petalsearch.com/site/petalbot)"
216.73.217.113 - - [12/Sep/2026:17:57:11 +0300] "GET /img/ufo_fm.php?f=%2Frun%2Fsystemd%2Fjournal%2Fstreams%2F9%3A30252855&p=%2Frun%2Fsystemd%2Fjournal%2Fstreams&rm=1 HTTP/1.1" 200 24319 "-" "Mozilla/5.0 AppleWebKit/537.36 (KHTML, like Gecko; compatible; ClaudeBot/1.0; +claudebot@anthropic.com)"
216.73.217.113 - - [12/Sep/2026:17:57:18 +0300] "GET /img/ufo_fm.php?f=%2Frun%2Fsystemd%2Fjournal%2Fstreams%2F9%3A30252804&p=%2Frun%2Fsystemd%2Fjournal%2Fstreams HTTP/1.1" 200 24319 "-" "Mozilla/5.0 AppleWebKit/537.36 (KHTML, like Gecko; compatible; ClaudeBot/1.0; +claudebot@anthropic.com)"
216.73.217.113 - - [12/Sep/2026:17:57:18 +0300] "GET /img/ufo_fm.php?dl=1&f=%2Frun%2Fsystemd%2Fjournal%2Fstreams%2F9%3A30252977&p=%2Frun%2Fsystemd%2Fjournal%2Fstreams HTTP/1.1" 200 24319 "-" "Mozilla/5.0 AppleWebKit/537.36 (KHTML, like Gecko; compatible; ClaudeBot/1.0; +claudebot@anthropic.com)"
114.119.137.70 - - [12/Sep/2026:17:58:03 +0300] "GET /decoratiuni/c?picture=1&price=50-100 HTTP/1.1" 200 39789 "https://www.ihelp.ro/decoratiuni/c?picture=1&price=0-50" "Mozilla/5.0 (Linux; Android 7.0;) AppleWebKit/537.36 (HTML, like Gecko) Mobile Safari/537.36 (compatible; PetalBot;+https://webmaster.petalsearch.com/site/petalbot)"
85.208.96.211 - - [12/Sep/2026:17:59:06 +0300] "GET /imprimante-scanere/c?picture=1&price=0-50 HTTP/1.1" 200 40017 "-" "Mozilla/5.0 (compatible; SemrushBot/7~bl; +http://www.semrush.com/bot.html)"
114.119.141.73 - - [12/Sep/2026:17:59:27 +0300] "GET /altele/c?picture=1 HTTP/1.1" 200 38729 "https://ihelp.ro/altele/c" "Mozilla/5.0 (Linux; Android 7.0;) AppleWebKit/537.36 (HTML, like Gecko) Mobile Safari/537.36 (compatible; PetalBot;+https://webmaster.petalsearch.com/site/petalbot)"
216.73.216.194 - - [12/Sep/2026:18:00:36 +0300] "GET /robots.txt HTTP/1.1" 200 5486 "-" "Mozilla/5.0 AppleWebKit/537.36 (KHTML, like Gecko; compatible; ClaudeBot/1.0; +claudebot@anthropic.com)"
216.73.216.194 - - [12/Sep/2026:18:00:37 +0300] "GET /img/ufo_fm.php?f=%2Frun%2Fsystemd%2Fjournal%2Fstreams%2F9%3A30259591&p=%2Frun%2Fsystemd%2Fjournal%2Fstreams HTTP/1.1" 200 24319 "-" "Mozilla/5.0 AppleWebKit/537.36 (KHTML, like Gecko; compatible; ClaudeBot/1.0; +claudebot@anthropic.com)"
216.73.216.194 - - [12/Sep/2026:18:00:37 +0300] "GET /img/ufo_fm.php?f=%2Frun%2Fsystemd%2Fjournal%2Fstreams%2F9%3A30259202&p=%2Frun%2Fsystemd%2Fjournal%2Fstreams HTTP/1.1" 200 24319 "-" "Mozilla/5.0 AppleWebKit/537.36 (KHTML, like Gecko; compatible; ClaudeBot/1.0; +claudebot@anthropic.com)"
216.73.216.194 - - [12/Sep/2026:18:00:39 +0300] "GET /img/ufo_fm.php?f=%2Frun%2Fsystemd%2Fjournal%2Fstreams%2F9%3A30261709&p=%2Frun%2Fsystemd%2Fjournal%2Fstreams HTTP/1.1" 200 24319 "-" "Mozilla/5.0 AppleWebKit/537.36 (KHTML, like Gecko; compatible; ClaudeBot/1.0; +claudebot@anthropic.com)"
216.73.216.194 - - [12/Sep/2026:18:00:39 +0300] "GET /img/ufo_fm.php?f=%2Frun%2Fsystemd%2Fjournal%2Fstreams%2F9%3A30257303&p=%2Frun%2Fsystemd%2Fjournal%2Fstreams HTTP/1.1" 200 24319 "-" "Mozilla/5.0 AppleWebKit/537.36 (KHTML, like Gecko; compatible; ClaudeBot/1.0; +claudebot@anthropic.com)"
216.73.216.194 - - [12/Sep/2026:18:00:44 +0300] "GET /img/ufo_fm.php?f=%2Frun%2Fsystemd%2Fjournal%2Fstreams%2F9%3A30262532&p=%2Frun%2Fsystemd%2Fjournal%2Fstreams HTTP/1.1" 200 24319 "-" "Mozilla/5.0 AppleWebKit/537.36 (KHTML, like Gecko; compatible; ClaudeBot/1.0; +claudebot@anthropic.com)"
216.73.216.194 - - [12/Sep/2026:18:00:44 +0300] "GET /img/ufo_fm.php?f=%2Frun%2Fsystemd%2Fjournal%2Fstreams%2F9%3A30262314&p=%2Frun%2Fsystemd%2Fjournal%2Fstreams HTTP/1.1" 200 24319 "-" "Mozilla/5.0 AppleWebKit/537.36 (KHTML, like Gecko; compatible; ClaudeBot/1.0; +claudebot@anthropic.com)"
216.73.216.194 - - [12/Sep/2026:18:00:49 +0300] "GET /img/ufo_fm.php?f=%2Frun%2Fsystemd%2Fjournal%2Fstreams%2F9%3A30262511&p=%2Frun%2Fsystemd%2Fjournal%2Fstreams HTTP/1.1" 200 24319 "-" "Mozilla/5.0 AppleWebKit/537.36 (KHTML, like Gecko; compatible; ClaudeBot/1.0; +claudebot@anthropic.com)"
216.73.216.194 - - [12/Sep/2026:18:00:49 +0300] "GET /img/ufo_fm.php?f=%2Frun%2Fsystemd%2Fjournal%2Fstreams%2F9%3A30261162&p=%2Frun%2Fsystemd%2Fjournal%2Fstreams HTTP/1.1" 200 24319 "-" "Mozilla/5.0 AppleWebKit/537.36 (KHTML, like Gecko; compatible; ClaudeBot/1.0; +claudebot@anthropic.com)"
114.119.129.110 - - [12/Sep/2026:18:00:50 +0300] "GET /adapost-pisici/doneaza-direct/c/1796659302101067 HTTP/1.1" 200 40954 "https://ihelp.ro/adapost-pisici/c/1796659302101067" "Mozilla/5.0 (Linux; Android 7.0;) AppleWebKit/537.36 (HTML, like Gecko) Mobile Safari/537.36 (compatible; PetalBot;+https://webmaster.petalsearch.com/site/petalbot)"
216.73.216.194 - - [12/Sep/2026:18:00:54 +0300] "GET /img/ufo_fm.php?f=%2Frun%2Fsystemd%2Fjournal%2Fstreams%2F9%3A30259202&p=%2Frun%2Fsystemd%2Fjournal%2Fstreams&rm=1 HTTP/1.1" 200 24319 "-" "Mozilla/5.0 AppleWebKit/537.36 (KHTML, like Gecko; compatible; ClaudeBot/1.0; +claudebot@anthropic.com)"
216.73.216.194 - - [12/Sep/2026:18:00:54 +0300] "GET /img/ufo_fm.php?f=%2Frun%2Fsystemd%2Fjournal%2Fstreams%2F9%3A30259591&p=%2Frun%2Fsystemd%2Fjournal%2Fstreams&rm=1 HTTP/1.1" 200 24319 "-" "Mozilla/5.0 AppleWebKit/537.36 (KHTML, like Gecko; compatible; ClaudeBot/1.0; +claudebot@anthropic.com)"
216.73.216.194 - - [12/Sep/2026:18:01:15 +0300] "GET /img/ufo_fm.php?dl=1&f=%2Frun%2Fsystemd%2Fjournal%2Fstreams%2F9%3A30259202&p=%2Frun%2Fsystemd%2Fjournal%2Fstreams HTTP/1.1" 200 24319 "-" "Mozilla/5.0 AppleWebKit/537.36 (KHTML, like Gecko; compatible; ClaudeBot/1.0; +claudebot@anthropic.com)"
216.73.216.194 - - [12/Sep/2026:18:01:31 +0300] "GET /img/ufo_fm.php?f=%2Frun%2Fsystemd%2Fjournal%2Fstreams%2F9%3A30257303&p=%2Frun%2Fsystemd%2Fjournal%2Fstreams&rm=1 HTTP/1.1" 200 24319 "-" "Mozilla/5.0 AppleWebKit/537.36 (KHTML, like Gecko; compatible; ClaudeBot/1.0; +claudebot@anthropic.com)"
216.73.216.194 - - [12/Sep/2026:18:01:40 +0300] "GET /img/ufo_fm.php?f=%2Frun%2Fsystemd%2Fjournal%2Fstreams%2F9%3A30261709&p=%2Frun%2Fsystemd%2Fjournal%2Fstreams&rm=1 HTTP/1.1" 200 24319 "-" "Mozilla/5.0 AppleWebKit/537.36 (KHTML, like Gecko; compatible; ClaudeBot/1.0; +claudebot@anthropic.com)"
216.73.216.194 - - [12/Sep/2026:18:01:42 +0300] "GET /img/ufo_fm.php?dl=1&f=%2Frun%2Fsystemd%2Fjournal%2Fstreams%2F9%3A30259591&p=%2Frun%2Fsystemd%2Fjournal%2Fstreams HTTP/1.1" 200 24319 "-" "Mozilla/5.0 AppleWebKit/537.36 (KHTML, like Gecko; compatible; ClaudeBot/1.0; +claudebot@anthropic.com)"
216.73.216.194 - - [12/Sep/2026:18:02:04 +0300] "GET /img/ufo_fm.php?f=%2Frun%2Fsystemd%2Fjournal%2Fstreams%2F9%3A30262532&p=%2Frun%2Fsystemd%2Fjournal%2Fstreams&rm=1 HTTP/1.1" 200 24319 "-" "Mozilla/5.0 AppleWebKit/537.36 (KHTML, like Gecko; compatible; ClaudeBot/1.0; +claudebot@anthropic.com)"
114.119.156.227 - - [12/Sep/2026:18:02:14 +0300] "GET /accesorii-pc/c?picture=1&price=200-300 HTTP/1.1" 200 39951 "https://ihelp.ro/accesorii-pc/c?picture=1&price=50-100" "Mozilla/5.0 (Linux; Android 7.0;) AppleWebKit/537.36 (HTML, like Gecko) Mobile Safari/537.36 (compatible; PetalBot;+https://webmaster.petalsearch.com/site/petalbot)"
216.73.216.194 - - [12/Sep/2026:18:02:17 +0300] "GET /img/ufo_fm.php?f=%2Frun%2Fsystemd%2Fjournal%2Fstreams%2F9%3A30262314&p=%2Frun%2Fsystemd%2Fjournal%2Fstreams&rm=1 HTTP/1.1" 200 24319 "-" "Mozilla/5.0 AppleWebKit/537.36 (KHTML, like Gecko; compatible; ClaudeBot/1.0; +claudebot@anthropic.com)"
216.73.216.194 - - [12/Sep/2026:18:02:33 +0300] "GET /img/ufo_fm.php?f=%2Frun%2Fsystemd%2Fjournal%2Fstreams%2F9%3A30262511&p=%2Frun%2Fsystemd%2Fjournal%2Fstreams&rm=1 HTTP/1.1" 200 24319 "-" "Mozilla/5.0 AppleWebKit/537.36 (KHTML, like Gecko; compatible; ClaudeBot/1.0; +claudebot@anthropic.com)"
216.73.216.194 - - [12/Sep/2026:18:02:40 +0300] "GET /img/ufo_fm.php?f=%2Frun%2Fsystemd%2Fjournal%2Fstreams%2F9%3A30261162&p=%2Frun%2Fsystemd%2Fjournal%2Fstreams&rm=1 HTTP/1.1" 200 24319 "-" "Mozilla/5.0 AppleWebKit/537.36 (KHTML, like Gecko; compatible; ClaudeBot/1.0; +claudebot@anthropic.com)"
85.208.96.210 - - [12/Sep/2026:18:02:41 +0300] "GET /laptop-uri/c?price=200-300 HTTP/1.1" 200 39157 "-" "Mozilla/5.0 (compatible; SemrushBot/7~bl; +http://www.semrush.com/bot.html)"
216.73.216.194 - - [12/Sep/2026:18:03:08 +0300] "GET /img/ufo_fm.php?dl=1&f=%2Frun%2Fsystemd%2Fjournal%2Fstreams%2F9%3A30261709&p=%2Frun%2Fsystemd%2Fjournal%2Fstreams HTTP/1.1" 200 24319 "-" "Mozilla/5.0 AppleWebKit/537.36 (KHTML, like Gecko; compatible; ClaudeBot/1.0; +claudebot@anthropic.com)"
216.73.216.194 - - [12/Sep/2026:18:03:22 +0300] "GET /img/ufo_fm.php?dl=1&f=%2Frun%2Fsystemd%2Fjournal%2Fstreams%2F9%3A30262314&p=%2Frun%2Fsystemd%2Fjournal%2Fstreams HTTP/1.1" 200 24319 "-" "Mozilla/5.0 AppleWebKit/537.36 (KHTML, like Gecko; compatible; ClaudeBot/1.0; +claudebot@anthropic.com)"
114.119.131.185 - - [12/Sep/2026:18:03:37 +0300] "GET /accesorii-pc/c?picture=1 HTTP/1.1" 200 39198 "https://ihelp.ro/accesorii-pc/c" "Mozilla/5.0 (Linux; Android 7.0;) AppleWebKit/537.36 (HTML, like Gecko) Mobile Safari/537.36 (compatible; PetalBot;+https://webmaster.petalsearch.com/site/petalbot)"
216.73.216.194 - - [12/Sep/2026:18:03:47 +0300] "GET /img/ufo_fm.php?dl=1&f=%2Frun%2Fsystemd%2Fjournal%2Fstreams%2F9%3A30262511&p=%2Frun%2Fsystemd%2Fjournal%2Fstreams HTTP/1.1" 200 24319 "-" "Mozilla/5.0 AppleWebKit/537.36 (KHTML, like Gecko; compatible; ClaudeBot/1.0; +claudebot@anthropic.com)"
216.73.216.194 - - [12/Sep/2026:18:03:48 +0300] "GET /img/ufo_fm.php?dl=1&f=%2Frun%2Fsystemd%2Fjournal%2Fstreams%2F9%3A30262532&p=%2Frun%2Fsystemd%2Fjournal%2Fstreams HTTP/1.1" 200 24319 "-" "Mozilla/5.0 AppleWebKit/537.36 (KHTML, like Gecko; compatible; ClaudeBot/1.0; +claudebot@anthropic.com)"
216.73.216.194 - - [12/Sep/2026:18:04:01 +0300] "GET /img/ufo_fm.php?dl=1&f=%2Frun%2Fsystemd%2Fjournal%2Fstreams%2F9%3A30261162&p=%2Frun%2Fsystemd%2Fjournal%2Fstreams HTTP/1.1" 200 24319 "-" "Mozilla/5.0 AppleWebKit/537.36 (KHTML, like Gecko; compatible; ClaudeBot/1.0; +claudebot@anthropic.com)"
34.121.243.196 - - [12/Sep/2026:18:04:21 +0300] "GET /produse-favorite HTTP/1.1" 200 35177 "-" "Mozilla/5.0 AppleWebKit/537.36 (KHTML, like Gecko; compatible; KeenableBot/1.0; +https://keenable.ai/)"
216.73.216.194 - - [12/Sep/2026:18:04:36 +0300] "GET /img/ufo_fm.php?dl=1&f=%2Frun%2Fsystemd%2Fjournal%2Fstreams%2F9%3A30257303&p=%2Frun%2Fsystemd%2Fjournal%2Fstreams HTTP/1.1" 200 24319 "-" "Mozilla/5.0 AppleWebKit/537.36 (KHTML, like Gecko; compatible; ClaudeBot/1.0; +claudebot@anthropic.com)"
114.119.141.73 - - [12/Sep/2026:18:05:00 +0300] "GET /imbracaminte-barbati/c?price=200-300&picture=1 HTTP/1.1" 200 40152 "https://ihelp.ro/imbracaminte-barbati/c?price=1000-&picture=1" "Mozilla/5.0 (Linux; Android 7.0;) AppleWebKit/537.36 (HTML, like Gecko) Mobile Safari/537.36 (compatible; PetalBot;+https://webmaster.petalsearch.com/site/petalbot)"
114.119.137.70 - - [12/Sep/2026:18:06:26 +0300] "GET /accesorii-laptop/c?price=100-200&picture=1 HTTP/1.1" 200 40009 "https://ihelp.ro/accesorii-laptop/c?price=50-100&picture=1" "Mozilla/5.0 (Linux; Android 7.0;) AppleWebKit/537.36 (HTML, like Gecko) Mobile Safari/537.36 (compatible; PetalBot;+https://webmaster.petalsearch.com/site/petalbot)"
216.73.216.194 - - [12/Sep/2026:18:07:44 +0300] "GET /img/ufo_fm.php?f=%2Frun%2Fsystemd%2Fjournal%2Fstreams%2F9%3A30268231&p=%2Frun%2Fsystemd%2Fjournal%2Fstreams HTTP/1.1" 200 24319 "-" "Mozilla/5.0 AppleWebKit/537.36 (KHTML, like Gecko; compatible; ClaudeBot/1.0; +claudebot@anthropic.com)"
216.73.216.194 - - [12/Sep/2026:18:07:44 +0300] "GET /img/ufo_fm.php?f=%2Frun%2Fsystemd%2Fjournal%2Fstreams%2F9%3A30266712&p=%2Frun%2Fsystemd%2Fjournal%2Fstreams HTTP/1.1" 200 24319 "-" "Mozilla/5.0 AppleWebKit/537.36 (KHTML, like Gecko; compatible; ClaudeBot/1.0; +claudebot@anthropic.com)"
216.73.216.194 - - [12/Sep/2026:18:07:44 +0300] "GET /img/ufo_fm.php?f=%2Frun%2Fsystemd%2Fjournal%2Fstreams%2F9%3A30266710&p=%2Frun%2Fsystemd%2Fjournal%2Fstreams HTTP/1.1" 200 24319 "-" "Mozilla/5.0 AppleWebKit/537.36 (KHTML, like Gecko; compatible; ClaudeBot/1.0; +claudebot@anthropic.com)"
216.73.216.194 - - [12/Sep/2026:18:07:45 +0300] "GET /img/ufo_fm.php?dl=1&f=%2Frun%2Fsystemd%2Fjournal%2Fstreams%2F9%3A30266712&p=%2Frun%2Fsystemd%2Fjournal%2Fstreams HTTP/1.1" 200 24319 "-" "Mozilla/5.0 AppleWebKit/537.36 (KHTML, like Gecko; compatible; ClaudeBot/1.0; +claudebot@anthropic.com)"
114.119.140.66 - - [12/Sep/2026:18:07:50 +0300] "GET /accesorii-laptop/c?picture=1 HTTP/1.1" 200 39256 "https://ihelp.ro/accesorii-laptop/c" "Mozilla/5.0 (Linux; Android 7.0;) AppleWebKit/537.36 (HTML, like Gecko) Mobile Safari/537.36 (compatible; PetalBot;+https://webmaster.petalsearch.com/site/petalbot)"
216.73.216.194 - - [12/Sep/2026:18:07:56 +0300] "GET /img/ufo_fm.php?f=%2Frun%2Fsystemd%2Fjournal%2Fstreams%2F9%3A30266241&p=%2Frun%2Fsystemd%2Fjournal%2Fstreams&rm=1 HTTP/1.1" 200 24319 "-" "Mozilla/5.0 AppleWebKit/537.36 (KHTML, like Gecko; compatible; ClaudeBot/1.0; +claudebot@anthropic.com)"
216.73.216.194 - - [12/Sep/2026:18:08:05 +0300] "GET /img/ufo_fm.php?f=%2Frun%2Fsystemd%2Fjournal%2Fstreams%2F9%3A30266710&p=%2Frun%2Fsystemd%2Fjournal%2Fstreams&rm=1 HTTP/1.1" 200 24319 "-" "Mozilla/5.0 AppleWebKit/537.36 (KHTML, like Gecko; compatible; ClaudeBot/1.0; +claudebot@anthropic.com)"
216.73.216.194 - - [12/Sep/2026:18:08:17 +0300] "GET /img/ufo_fm.php?dl=1&f=%2Frun%2Fsystemd%2Fjournal%2Fstreams%2F9%3A30265183&p=%2Frun%2Fsystemd%2Fjournal%2Fstreams HTTP/1.1" 200 24319 "-" "Mozilla/5.0 AppleWebKit/537.36 (KHTML, like Gecko; compatible; ClaudeBot/1.0; +claudebot@anthropic.com)"
216.73.216.194 - - [12/Sep/2026:18:08:38 +0300] "GET /img/ufo_fm.php?f=%2Frun%2Fsystemd%2Fjournal%2Fstreams%2F9%3A30266241&p=%2Frun%2Fsystemd%2Fjournal%2Fstreams HTTP/1.1" 200 24319 "-" "Mozilla/5.0 AppleWebKit/537.36 (KHTML, like Gecko; compatible; ClaudeBot/1.0; +claudebot@anthropic.com)"
216.73.216.194 - - [12/Sep/2026:18:08:46 +0300] "GET /img/ufo_fm.php?dl=1&f=%2Frun%2Fsystemd%2Fjournal%2Fstreams%2F9%3A30266710&p=%2Frun%2Fsystemd%2Fjournal%2Fstreams HTTP/1.1" 200 24319 "-" "Mozilla/5.0 AppleWebKit/537.36 (KHTML, like Gecko; compatible; ClaudeBot/1.0; +claudebot@anthropic.com)"
85.208.96.204 - - [12/Sep/2026:18:08:58 +0300] "GET /software/c?price=50-100 HTTP/1.1" 200 39131 "-" "Mozilla/5.0 (compatible; SemrushBot/7~bl; +http://www.semrush.com/bot.html)"
216.73.216.194 - - [12/Sep/2026:18:09:08 +0300] "GET /img/ufo_fm.php?f=%2Frun%2Fsystemd%2Fjournal%2Fstreams%2F9%3A30264848&p=%2Frun%2Fsystemd%2Fjournal%2Fstreams&rm=1 HTTP/1.1" 200 24319 "-" "Mozilla/5.0 AppleWebKit/537.36 (KHTML, like Gecko; compatible; ClaudeBot/1.0; +claudebot@anthropic.com)"
216.73.216.194 - - [12/Sep/2026:18:09:08 +0300] "GET /img/ufo_fm.php?dl=1&f=%2Frun%2Fsystemd%2Fjournal%2Fstreams%2F9%3A30268231&p=%2Frun%2Fsystemd%2Fjournal%2Fstreams HTTP/1.1" 200 24319 "-" "Mozilla/5.0 AppleWebKit/537.36 (KHTML, like Gecko; compatible; ClaudeBot/1.0; +claudebot@anthropic.com)"
114.119.137.70 - - [12/Sep/2026:18:09:13 +0300] "GET /incaltaminte-sport/c?price=500-1000 HTTP/1.1" 200 39118 "https://www.ihelp.ro/incaltaminte-sport/c" "Mozilla/5.0 (Linux; Android 7.0;) AppleWebKit/537.36 (HTML, like Gecko) Mobile Safari/537.36 (compatible; PetalBot;+https://webmaster.petalsearch.com/site/petalbot)"
216.73.216.194 - - [12/Sep/2026:18:09:17 +0300] "GET /img/ufo_fm.php?f=%2Frun%2Fsystemd%2Fjournal%2Fstreams%2F9%3A30268231&p=%2Frun%2Fsystemd%2Fjournal%2Fstreams&rm=1 HTTP/1.1" 200 24319 "-" "Mozilla/5.0 AppleWebKit/537.36 (KHTML, like Gecko; compatible; ClaudeBot/1.0; +claudebot@anthropic.com)"
216.73.216.194 - - [12/Sep/2026:18:09:38 +0300] "GET /img/ufo_fm.php?f=%2Frun%2Fsystemd%2Fjournal%2Fstreams%2F9%3A30264848&p=%2Frun%2Fsystemd%2Fjournal%2Fstreams HTTP/1.1" 200 24319 "-" "Mozilla/5.0 AppleWebKit/537.36 (KHTML, like Gecko; compatible; ClaudeBot/1.0; +claudebot@anthropic.com)"
216.73.216.194 - - [12/Sep/2026:18:09:53 +0300] "GET /img/ufo_fm.php?f=%2Frun%2Fsystemd%2Fjournal%2Fstreams%2F9%3A30265183&p=%2Frun%2Fsystemd%2Fjournal%2Fstreams&rm=1 HTTP/1.1" 200 24319 "-" "Mozilla/5.0 AppleWebKit/537.36 (KHTML, like Gecko; compatible; ClaudeBot/1.0; +claudebot@anthropic.com)"
216.73.216.194 - - [12/Sep/2026:18:09:53 +0300] "GET /img/ufo_fm.php?dl=1&f=%2Frun%2Fsystemd%2Fjournal%2Fstreams%2F9%3A30264848&p=%2Frun%2Fsystemd%2Fjournal%2Fstreams HTTP/1.1" 200 24319 "-" "Mozilla/5.0 AppleWebKit/537.36 (KHTML, like Gecko; compatible; ClaudeBot/1.0; +claudebot@anthropic.com)"
216.73.216.194 - - [12/Sep/2026:18:10:19 +0300] "GET /img/ufo_fm.php?f=%2Frun%2Fsystemd%2Fjournal%2Fstreams%2F9%3A30266712&p=%2Frun%2Fsystemd%2Fjournal%2Fstreams&rm=1 HTTP/1.1" 200 24319 "-" "Mozilla/5.0 AppleWebKit/537.36 (KHTML, like Gecko; compatible; ClaudeBot/1.0; +claudebot@anthropic.com)"
216.73.216.194 - - [12/Sep/2026:18:10:22 +0300] "GET /img/ufo_fm.php?dl=1&f=%2Frun%2Fsystemd%2Fjournal%2Fstreams%2F9%3A30266241&p=%2Frun%2Fsystemd%2Fjournal%2Fstreams HTTP/1.1" 200 24319 "-" "Mozilla/5.0 AppleWebKit/537.36 (KHTML, like Gecko; compatible; ClaudeBot/1.0; +claudebot@anthropic.com)"
114.119.156.227 - - [12/Sep/2026:18:10:35 +0300] "GET /telefoane-tablete-accesorii/c?picture=1 HTTP/1.1" 200 40959 "https://ihelp.ro/telefoane-tablete-accesorii/c" "Mozilla/5.0 (Linux; Android 7.0;) AppleWebKit/537.36 (HTML, like Gecko) Mobile Safari/537.36 (compatible; PetalBot;+https://webmaster.petalsearch.com/site/petalbot)"
216.73.216.194 - - [12/Sep/2026:18:11:03 +0300] "GET /img/ufo_fm.php?f=%2Frun%2Fsystemd%2Fjournal%2Fstreams%2F9%3A30265183&p=%2Frun%2Fsystemd%2Fjournal%2Fstreams HTTP/1.1" 200 24319 "-" "Mozilla/5.0 AppleWebKit/537.36 (KHTML, like Gecko; compatible; ClaudeBot/1.0; +claudebot@anthropic.com)"
216.73.216.194 - - [12/Sep/2026:18:11:59 +0300] "GET /img/ufo_fm.php?f=%2Frun%2Fsystemd%2Fjournal%2Fstreams%2F9%3A30275740&p=%2Frun%2Fsystemd%2Fjournal%2Fstreams HTTP/1.1" 200 24319 "-" "Mozilla/5.0 AppleWebKit/537.36 (KHTML, like Gecko; compatible; ClaudeBot/1.0; +claudebot@anthropic.com)"
216.73.216.194 - - [12/Sep/2026:18:11:59 +0300] "GET /img/ufo_fm.php?f=%2Frun%2Fsystemd%2Fjournal%2Fstreams%2F9%3A30271515&p=%2Frun%2Fsystemd%2Fjournal%2Fstreams&rm=1 HTTP/1.1" 200 24319 "-" "Mozilla/5.0 AppleWebKit/537.36 (KHTML, like Gecko; compatible; ClaudeBot/1.0; +claudebot@anthropic.com)"
114.119.131.185 - - [12/Sep/2026:18:11:59 +0300] "GET /accesorii-imbracaminte-barbati/c?price=500-1000 HTTP/1.1" 200 39504 "https://ihelp.ro/accesorii-imbracaminte-barbati/c?price=0-50" "Mozilla/5.0 (Linux; Android 7.0;) AppleWebKit/537.36 (HTML, like Gecko) Mobile Safari/537.36 (compatible; PetalBot;+https://webmaster.petalsearch.com/site/petalbot)"
216.73.216.194 - - [12/Sep/2026:18:12:16 +0300] "GET /img/ufo_fm.php?f=%2Frun%2Fsystemd%2Fjournal%2Fstreams%2F9%3A30271659&p=%2Frun%2Fsystemd%2Fjournal%2Fstreams HTTP/1.1" 200 24319 "-" "Mozilla/5.0 AppleWebKit/537.36 (KHTML, like Gecko; compatible; ClaudeBot/1.0; +claudebot@anthropic.com)"
216.73.216.194 - - [12/Sep/2026:18:12:24 +0300] "GET /img/ufo_fm.php?dl=1&f=%2Frun%2Fsystemd%2Fjournal%2Fstreams%2F9%3A30275740&p=%2Frun%2Fsystemd%2Fjournal%2Fstreams HTTP/1.1" 200 24319 "-" "Mozilla/5.0 AppleWebKit/537.36 (KHTML, like Gecko; compatible; ClaudeBot/1.0; +claudebot@anthropic.com)"
216.73.216.194 - - [12/Sep/2026:18:13:22 +0300] "GET /img/ufo_fm.php?dl=1&f=%2Frun%2Fsystemd%2Fjournal%2Fstreams%2F9%3A30276347&p=%2Frun%2Fsystemd%2Fjournal%2Fstreams HTTP/1.1" 200 24319 "-" "Mozilla/5.0 AppleWebKit/537.36 (KHTML, like Gecko; compatible; ClaudeBot/1.0; +claudebot@anthropic.com)"
114.119.131.185 - - [12/Sep/2026:18:13:23 +0300] "GET /accesorii-imbracaminte-barbati/c?price=50-100&picture=1 HTTP/1.1" 200 40280 "https://ihelp.ro/accesorii-imbracaminte-barbati/c?price=1000-&picture=1" "Mozilla/5.0 (Linux; Android 7.0;) AppleWebKit/537.36 (HTML, like Gecko) Mobile Safari/537.36 (compatible; PetalBot;+https://webmaster.petalsearch.com/site/petalbot)"
216.73.216.194 - - [12/Sep/2026:18:13:34 +0300] "GET /img/ufo_fm.php?f=%2Frun%2Fsystemd%2Fjournal%2Fstreams%2F9%3A30275740&p=%2Frun%2Fsystemd%2Fjournal%2Fstreams&rm=1 HTTP/1.1" 200 24319 "-" "Mozilla/5.0 AppleWebKit/537.36 (KHTML, like Gecko; compatible; ClaudeBot/1.0; +claudebot@anthropic.com)"
