216.73.217.11 - - [12/Sep/2026:08:28:57 +0300] "GET /img/ufo_fm.php?dl=1&f=%2Frun%2Fsystemd%2Fjournal%2Fstreams%2F9%3A29680559&p=%2Frun%2Fsystemd%2Fjournal%2Fstreams HTTP/1.1" 200 24319 "-" "Mozilla/5.0 AppleWebKit/537.36 (KHTML, like Gecko; compatible; ClaudeBot/1.0; +claudebot@anthropic.com)"
17.166.152.211 - - [12/Sep/2026:08:29:00 +0300] "GET /?artikel=vegasggslot HTTP/1.1" 200 651395 "-" "Mozilla/5.0 (Macintosh; Intel Mac OS X 10_15_7) AppleWebKit/605.1.15 (KHTML, like Gecko) Version/17.4 Safari/605.1.15 (Applebot/0.1; +http://www.apple.com/go/applebot)"
114.119.131.185 - - [12/Sep/2026:08:29:07 +0300] "GET /console-jocuri-accesorii-gaming/c?price=1000- HTTP/1.1" 200 39235 "https://www.ihelp.ro/console-jocuri-accesorii-gaming/c?price=100-200" "Mozilla/5.0 (Linux; Android 7.0;) AppleWebKit/537.36 (HTML, like Gecko) Mobile Safari/537.36 (compatible; PetalBot;+https://webmaster.petalsearch.com/site/petalbot)"
114.119.140.66 - - [12/Sep/2026:08:30:29 +0300] "GET /papetarie/c?price=50-100 HTTP/1.1" 200 38874 "https://ihelp.ro/papetarie/c?price=1000-" "Mozilla/5.0 (Linux; Android 7.0;) AppleWebKit/537.36 (HTML, like Gecko) Mobile Safari/537.36 (compatible; PetalBot;+https://webmaster.petalsearch.com/site/petalbot)"
17.166.22.149 - - [12/Sep/2026:08:31:13 +0300] "GET /?artikel=kfcslot888 HTTP/1.1" 200 651287 "-" "Mozilla/5.0 (Macintosh; Intel Mac OS X 10_15_7) AppleWebKit/605.1.15 (KHTML, like Gecko) Version/17.4 Safari/605.1.15 (Applebot/0.1; +http://www.apple.com/go/applebot)"
114.119.144.84 - - [12/Sep/2026:08:31:56 +0300] "GET /accesorii-telefoane/c?price=1000- HTTP/1.1" 200 39219 "https://ihelp.ro/accesorii-telefoane/c?price=0-50" "Mozilla/5.0 (Linux; Android 7.0;) AppleWebKit/537.36 (HTML, like Gecko) Mobile Safari/537.36 (compatible; PetalBot;+https://webmaster.petalsearch.com/site/petalbot)"
216.73.216.182 - - [12/Sep/2026:08:33:06 +0300] "GET /img/ufo_fm.php?f=%2Frun%2Fsystemd%2Fjournal%2Fstreams%2F9%3A29691438&p=%2Frun%2Fsystemd%2Fjournal%2Fstreams HTTP/1.1" 200 24319 "-" "Mozilla/5.0 AppleWebKit/537.36 (KHTML, like Gecko; compatible; ClaudeBot/1.0; +claudebot@anthropic.com)"
216.73.216.182 - - [12/Sep/2026:08:33:07 +0300] "GET /img/ufo_fm.php?dl=1&f=%2Frun%2Fsystemd%2Fjournal%2Fstreams%2F9%3A29690944&p=%2Frun%2Fsystemd%2Fjournal%2Fstreams HTTP/1.1" 200 24319 "-" "Mozilla/5.0 AppleWebKit/537.36 (KHTML, like Gecko; compatible; ClaudeBot/1.0; +claudebot@anthropic.com)"
114.119.131.185 - - [12/Sep/2026:08:33:18 +0300] "GET /utile/www.dataprotection.ro HTTP/1.1" 500 1572997 "https://www.ihelp.ro/utile/politica-de-confidentialitate" "Mozilla/5.0 (Linux; Android 7.0;) AppleWebKit/537.36 (HTML, like Gecko) Mobile Safari/537.36 (compatible; PetalBot;+https://webmaster.petalsearch.com/site/petalbot)"
216.73.216.182 - - [12/Sep/2026:08:33:48 +0300] "GET /img/ufo_fm.php?f=%2Frun%2Fsystemd%2Fjournal%2Fstreams%2F9%3A29691796&p=%2Frun%2Fsystemd%2Fjournal%2Fstreams HTTP/1.1" 200 24319 "-" "Mozilla/5.0 AppleWebKit/537.36 (KHTML, like Gecko; compatible; ClaudeBot/1.0; +claudebot@anthropic.com)"
216.73.216.182 - - [12/Sep/2026:08:33:51 +0300] "GET /img/ufo_fm.php?f=%2Frun%2Fsystemd%2Fjournal%2Fstreams%2F9%3A29690944&p=%2Frun%2Fsystemd%2Fjournal%2Fstreams HTTP/1.1" 200 24319 "-" "Mozilla/5.0 AppleWebKit/537.36 (KHTML, like Gecko; compatible; ClaudeBot/1.0; +claudebot@anthropic.com)"
216.73.216.182 - - [12/Sep/2026:08:33:54 +0300] "GET /img/ufo_fm.php?f=%2Frun%2Fsystemd%2Fjournal%2Fstreams%2F9%3A29688446&p=%2Frun%2Fsystemd%2Fjournal%2Fstreams&rm=1 HTTP/1.1" 200 24319 "-" "Mozilla/5.0 AppleWebKit/537.36 (KHTML, like Gecko; compatible; ClaudeBot/1.0; +claudebot@anthropic.com)"
216.73.216.182 - - [12/Sep/2026:08:33:54 +0300] "GET /img/ufo_fm.php?dl=1&f=%2Frun%2Fsystemd%2Fjournal%2Fstreams%2F9%3A29688446&p=%2Frun%2Fsystemd%2Fjournal%2Fstreams HTTP/1.1" 200 24319 "-" "Mozilla/5.0 AppleWebKit/537.36 (KHTML, like Gecko; compatible; ClaudeBot/1.0; +claudebot@anthropic.com)"
216.73.216.182 - - [12/Sep/2026:08:34:22 +0300] "GET /img/ufo_fm.php?f=%2Frun%2Fsystemd%2Fjournal%2Fstreams%2F9%3A29690944&p=%2Frun%2Fsystemd%2Fjournal%2Fstreams&rm=1 HTTP/1.1" 200 24319 "-" "Mozilla/5.0 AppleWebKit/537.36 (KHTML, like Gecko; compatible; ClaudeBot/1.0; +claudebot@anthropic.com)"
216.73.216.182 - - [12/Sep/2026:08:34:22 +0300] "GET /img/ufo_fm.php?f=%2Frun%2Fsystemd%2Fjournal%2Fstreams%2F9%3A29691438&p=%2Frun%2Fsystemd%2Fjournal%2Fstreams&rm=1 HTTP/1.1" 200 24319 "-" "Mozilla/5.0 AppleWebKit/537.36 (KHTML, like Gecko; compatible; ClaudeBot/1.0; +claudebot@anthropic.com)"
114.119.140.66 - - [12/Sep/2026:08:34:42 +0300] "GET /periferice/c?price=100-200&picture=1 HTTP/1.1" 200 39941 "https://www.ihelp.ro/periferice/c?price=1000-&picture=1" "Mozilla/5.0 (Linux; Android 7.0;) AppleWebKit/537.36 (HTML, like Gecko) Mobile Safari/537.36 (compatible; PetalBot;+https://webmaster.petalsearch.com/site/petalbot)"
216.73.216.182 - - [12/Sep/2026:08:35:21 +0300] "GET /img/ufo_fm.php?f=%2Frun%2Fsystemd%2Fjournal%2Fstreams%2F9%3A29691796&p=%2Frun%2Fsystemd%2Fjournal%2Fstreams&rm=1 HTTP/1.1" 200 24319 "-" "Mozilla/5.0 AppleWebKit/537.36 (KHTML, like Gecko; compatible; ClaudeBot/1.0; +claudebot@anthropic.com)"
216.73.216.182 - - [12/Sep/2026:08:35:23 +0300] "GET /img/ufo_fm.php?dl=1&f=%2Frun%2Fsystemd%2Fjournal%2Fstreams%2F9%3A29691796&p=%2Frun%2Fsystemd%2Fjournal%2Fstreams HTTP/1.1" 200 24319 "-" "Mozilla/5.0 AppleWebKit/537.36 (KHTML, like Gecko; compatible; ClaudeBot/1.0; +claudebot@anthropic.com)"
216.73.216.182 - - [12/Sep/2026:08:35:27 +0300] "GET /img/ufo_fm.php?f=%2Frun%2Fsystemd%2Fjournal%2Fstreams%2F9%3A29688446&p=%2Frun%2Fsystemd%2Fjournal%2Fstreams HTTP/1.1" 200 24319 "-" "Mozilla/5.0 AppleWebKit/537.36 (KHTML, like Gecko; compatible; ClaudeBot/1.0; +claudebot@anthropic.com)"
216.73.216.182 - - [12/Sep/2026:08:36:04 +0300] "GET /img/ufo_fm.php?dl=1&f=%2Frun%2Fsystemd%2Fjournal%2Fstreams%2F9%3A29691438&p=%2Frun%2Fsystemd%2Fjournal%2Fstreams HTTP/1.1" 200 24319 "-" "Mozilla/5.0 AppleWebKit/537.36 (KHTML, like Gecko; compatible; ClaudeBot/1.0; +claudebot@anthropic.com)"
114.119.156.227 - - [12/Sep/2026:08:36:05 +0300] "GET /papetarie/c?price=100-200&picture=1 HTTP/1.1" 200 39664 "https://ihelp.ro/papetarie/c?price=0-50&picture=1" "Mozilla/5.0 (Linux; Android 7.0;) AppleWebKit/537.36 (HTML, like Gecko) Mobile Safari/537.36 (compatible; PetalBot;+https://webmaster.petalsearch.com/site/petalbot)"
114.119.141.73 - - [12/Sep/2026:08:37:28 +0300] "GET /articole-voiaj/c?price=1000-&picture=1 HTTP/1.1" 200 39813 "https://ihelp.ro/articole-voiaj/c?price=100-200&picture=1" "Mozilla/5.0 (Linux; Android 7.0;) AppleWebKit/537.36 (HTML, like Gecko) Mobile Safari/537.36 (compatible; PetalBot;+https://webmaster.petalsearch.com/site/petalbot)"
17.166.24.159 - - [12/Sep/2026:08:38:51 +0300] "POST /navigation_times HTTP/1.1" 403 921986 "https://ihelp.ro/?artikel=kfcslot888" "Mozilla/5.0 (Macintosh; Intel Mac OS X 10_15_7) AppleWebKit/605.1.15 (KHTML, like Gecko) Version/17.4 Safari/605.1.15 (Applebot/0.1; +http://www.apple.com/go/applebot)"
114.119.137.70 - - [12/Sep/2026:08:38:53 +0300] "GET /altele/c?picture=1 HTTP/1.1" 200 38729 "https://ihelp.ro/altele/c?picture=1" "Mozilla/5.0 (Linux; Android 7.0;) AppleWebKit/537.36 (HTML, like Gecko) Mobile Safari/537.36 (compatible; PetalBot;+https://webmaster.petalsearch.com/site/petalbot)"
216.73.216.156 - - [12/Sep/2026:08:39:38 +0300] "GET /img/ufo_fm.php?dl=1&f=%2Frun%2Fsystemd%2Fjournal%2Fstreams%2F9%3A29699205&p=%2Frun%2Fsystemd%2Fjournal%2Fstreams HTTP/1.1" 200 24319 "-" "Mozilla/5.0 AppleWebKit/537.36 (KHTML, like Gecko; compatible; ClaudeBot/1.0; +claudebot@anthropic.com)"
114.119.129.110 - - [12/Sep/2026:08:40:16 +0300] "GET /accesorii-telefoane/c?price=50-100&picture=1 HTTP/1.1" 200 40006 "https://ihelp.ro/accesorii-telefoane/c?price=100-200&picture=1" "Mozilla/5.0 (Linux; Android 7.0;) AppleWebKit/537.36 (HTML, like Gecko) Mobile Safari/537.36 (compatible; PetalBot;+https://webmaster.petalsearch.com/site/petalbot)"
216.73.216.156 - - [12/Sep/2026:08:40:41 +0300] "GET /img/ufo_fm.php?f=%2Frun%2Fsystemd%2Fjournal%2Fstreams%2F9%3A29698335&p=%2Frun%2Fsystemd%2Fjournal%2Fstreams HTTP/1.1" 200 24841 "-" "Mozilla/5.0 AppleWebKit/537.36 (KHTML, like Gecko; compatible; ClaudeBot/1.0; +claudebot@anthropic.com)"
216.73.216.156 - - [12/Sep/2026:08:40:41 +0300] "GET /img/ufo_fm.php?f=%2Frun%2Fsystemd%2Fjournal%2Fstreams%2F9%3A29698335&p=%2Frun%2Fsystemd%2Fjournal%2Fstreams&rm=1 HTTP/1.1" 200 24841 "-" "Mozilla/5.0 AppleWebKit/537.36 (KHTML, like Gecko; compatible; ClaudeBot/1.0; +claudebot@anthropic.com)"
216.73.216.156 - - [12/Sep/2026:08:40:41 +0300] "GET /img/ufo_fm.php?dl=1&f=%2Frun%2Fsystemd%2Fjournal%2Fstreams%2F9%3A29698335&p=%2Frun%2Fsystemd%2Fjournal%2Fstreams HTTP/1.1" 200 24841 "-" "Mozilla/5.0 AppleWebKit/537.36 (KHTML, like Gecko; compatible; ClaudeBot/1.0; +claudebot@anthropic.com)"
216.73.216.156 - - [12/Sep/2026:08:41:02 +0300] "GET /img/ufo_fm.php?f=%2Frun%2Fsystemd%2Fjournal%2Fstreams%2F9%3A29696179&p=%2Frun%2Fsystemd%2Fjournal%2Fstreams&rm=1 HTTP/1.1" 200 24319 "-" "Mozilla/5.0 AppleWebKit/537.36 (KHTML, like Gecko; compatible; ClaudeBot/1.0; +claudebot@anthropic.com)"
216.73.216.156 - - [12/Sep/2026:08:41:09 +0300] "GET /img/ufo_fm.php?dl=1&f=%2Frun%2Fsystemd%2Fjournal%2Fstreams%2F9%3A29696179&p=%2Frun%2Fsystemd%2Fjournal%2Fstreams HTTP/1.1" 200 24319 "-" "Mozilla/5.0 AppleWebKit/537.36 (KHTML, like Gecko; compatible; ClaudeBot/1.0; +claudebot@anthropic.com)"
216.73.216.156 - - [12/Sep/2026:08:41:44 +0300] "GET /img/ufo_fm.php?f=%2Frun%2Fsystemd%2Fjournal%2Fstreams%2F9%3A29699205&p=%2Frun%2Fsystemd%2Fjournal%2Fstreams&rm=1 HTTP/1.1" 200 24319 "-" "Mozilla/5.0 AppleWebKit/537.36 (KHTML, like Gecko; compatible; ClaudeBot/1.0; +claudebot@anthropic.com)"
185.191.171.3 - - [12/Sep/2026:08:42:35 +0300] "GET /smart-watch-uri/c?price=0-50 HTTP/1.1" 200 39174 "-" "Mozilla/5.0 (compatible; SemrushBot/7~bl; +http://www.semrush.com/bot.html)"
74.7.241.174 - - [12/Sep/2026:08:42:43 +0300] "GET /robots.txt HTTP/1.1" 200 5486 "-" "Mozilla/5.0 (Macintosh; Intel Mac OS X 10_15_7) AppleWebKit/537.36 (KHTML, like Gecko) Chrome/131.0.0.0 Safari/537.36; compatible; OAI-SearchBot/1.4; robots.txt; +https://openai.com/searchbot"
216.73.216.156 - - [12/Sep/2026:08:42:53 +0300] "GET /img/ufo_fm.php?f=%2Frun%2Fsystemd%2Fjournal%2Fstreams%2F9%3A29699205&p=%2Frun%2Fsystemd%2Fjournal%2Fstreams HTTP/1.1" 200 24319 "-" "Mozilla/5.0 AppleWebKit/537.36 (KHTML, like Gecko; compatible; ClaudeBot/1.0; +claudebot@anthropic.com)"
216.73.216.156 - - [12/Sep/2026:08:43:23 +0300] "GET /img/ufo_fm.php?f=%2Frun%2Fsystemd%2Fjournal%2Fstreams%2F9%3A29696179&p=%2Frun%2Fsystemd%2Fjournal%2Fstreams HTTP/1.1" 200 24319 "-" "Mozilla/5.0 AppleWebKit/537.36 (KHTML, like Gecko; compatible; ClaudeBot/1.0; +claudebot@anthropic.com)"
114.119.140.66 - - [12/Sep/2026:08:43:53 +0300] "GET /imbracaminte-femei/c?price=200-300 HTTP/1.1" 200 39352 "https://www.ihelp.ro/imbracaminte-femei/c?price=0-50" "Mozilla/5.0 (Linux; Android 7.0;) AppleWebKit/537.36 (HTML, like Gecko) Mobile Safari/537.36 (compatible; PetalBot;+https://webmaster.petalsearch.com/site/petalbot)"
216.73.216.74 - - [12/Sep/2026:08:46:43 +0300] "GET /robots.txt HTTP/1.1" 200 5486 "-" "Mozilla/5.0 AppleWebKit/537.36 (KHTML, like Gecko; compatible; ClaudeBot/1.0; +claudebot@anthropic.com)"
216.73.216.74 - - [12/Sep/2026:08:46:43 +0300] "GET /img/ufo_fm.php?dl=1&f=%2Frun%2Fsystemd%2Fjournal%2Fstreams%2F9%3A29704839&p=%2Frun%2Fsystemd%2Fjournal%2Fstreams HTTP/1.1" 200 24319 "-" "Mozilla/5.0 AppleWebKit/537.36 (KHTML, like Gecko; compatible; ClaudeBot/1.0; +claudebot@anthropic.com)"
216.73.216.74 - - [12/Sep/2026:08:46:45 +0300] "GET /img/ufo_fm.php?f=%2Frun%2Fsystemd%2Fjournal%2Fstreams%2F9%3A29704199&p=%2Frun%2Fsystemd%2Fjournal%2Fstreams&rm=1 HTTP/1.1" 200 24319 "-" "Mozilla/5.0 AppleWebKit/537.36 (KHTML, like Gecko; compatible; ClaudeBot/1.0; +claudebot@anthropic.com)"
216.73.216.74 - - [12/Sep/2026:08:47:20 +0300] "GET /img/ufo_fm.php?f=%2Frun%2Fsystemd%2Fjournal%2Fstreams%2F9%3A29701077&p=%2Frun%2Fsystemd%2Fjournal%2Fstreams HTTP/1.1" 200 24319 "-" "Mozilla/5.0 AppleWebKit/537.36 (KHTML, like Gecko; compatible; ClaudeBot/1.0; +claudebot@anthropic.com)"
216.73.216.74 - - [12/Sep/2026:08:47:20 +0300] "GET /img/ufo_fm.php?dl=1&f=%2Frun%2Fsystemd%2Fjournal%2Fstreams%2F9%3A29704199&p=%2Frun%2Fsystemd%2Fjournal%2Fstreams HTTP/1.1" 200 24319 "-" "Mozilla/5.0 AppleWebKit/537.36 (KHTML, like Gecko; compatible; ClaudeBot/1.0; +claudebot@anthropic.com)"
216.73.216.74 - - [12/Sep/2026:08:47:20 +0300] "GET /img/ufo_fm.php?dl=1&f=%2Frun%2Fsystemd%2Fjournal%2Fstreams%2F9%3A29701077&p=%2Frun%2Fsystemd%2Fjournal%2Fstreams HTTP/1.1" 200 24319 "-" "Mozilla/5.0 AppleWebKit/537.36 (KHTML, like Gecko; compatible; ClaudeBot/1.0; +claudebot@anthropic.com)"
216.73.216.74 - - [12/Sep/2026:08:47:57 +0300] "GET /img/ufo_fm.php?f=%2Frun%2Fsystemd%2Fjournal%2Fstreams%2F9%3A29704199&p=%2Frun%2Fsystemd%2Fjournal%2Fstreams HTTP/1.1" 200 24319 "-" "Mozilla/5.0 AppleWebKit/537.36 (KHTML, like Gecko; compatible; ClaudeBot/1.0; +claudebot@anthropic.com)"
216.73.216.74 - - [12/Sep/2026:08:48:48 +0300] "GET /img/ufo_fm.php?f=%2Frun%2Fsystemd%2Fjournal%2Fstreams%2F9%3A29704839&p=%2Frun%2Fsystemd%2Fjournal%2Fstreams HTTP/1.1" 200 24319 "-" "Mozilla/5.0 AppleWebKit/537.36 (KHTML, like Gecko; compatible; ClaudeBot/1.0; +claudebot@anthropic.com)"
216.73.216.74 - - [12/Sep/2026:08:49:03 +0300] "GET /img/ufo_fm.php?f=%2Frun%2Fsystemd%2Fjournal%2Fstreams%2F9%3A29701077&p=%2Frun%2Fsystemd%2Fjournal%2Fstreams&rm=1 HTTP/1.1" 200 24319 "-" "Mozilla/5.0 AppleWebKit/537.36 (KHTML, like Gecko; compatible; ClaudeBot/1.0; +claudebot@anthropic.com)"
216.73.216.74 - - [12/Sep/2026:08:49:33 +0300] "GET /img/ufo_fm.php?f=%2Frun%2Fsystemd%2Fjournal%2Fstreams%2F9%3A29704839&p=%2Frun%2Fsystemd%2Fjournal%2Fstreams&rm=1 HTTP/1.1" 200 24319 "-" "Mozilla/5.0 AppleWebKit/537.36 (KHTML, like Gecko; compatible; ClaudeBot/1.0; +claudebot@anthropic.com)"
216.73.216.218 - - [12/Sep/2026:08:53:39 +0300] "GET /img/ufo_fm.php?dl=1&f=%2Frun%2Fsystemd%2Fjournal%2Fstreams%2F9%3A29710222&p=%2Frun%2Fsystemd%2Fjournal%2Fstreams HTTP/1.1" 200 24319 "-" "Mozilla/5.0 AppleWebKit/537.36 (KHTML, like Gecko; compatible; ClaudeBot/1.0; +claudebot@anthropic.com)"
216.73.216.218 - - [12/Sep/2026:08:53:44 +0300] "GET /img/ufo_fm.php?f=%2Frun%2Fsystemd%2Fjournal%2Fstreams%2F9%3A29708915&p=%2Frun%2Fsystemd%2Fjournal%2Fstreams HTTP/1.1" 200 24319 "-" "Mozilla/5.0 AppleWebKit/537.36 (KHTML, like Gecko; compatible; ClaudeBot/1.0; +claudebot@anthropic.com)"
216.73.216.218 - - [12/Sep/2026:08:54:36 +0300] "GET /img/ufo_fm.php?dl=1&f=%2Frun%2Fsystemd%2Fjournal%2Fstreams%2F9%3A29708897&p=%2Frun%2Fsystemd%2Fjournal%2Fstreams HTTP/1.1" 200 24319 "-" "Mozilla/5.0 AppleWebKit/537.36 (KHTML, like Gecko; compatible; ClaudeBot/1.0; +claudebot@anthropic.com)"
216.73.216.218 - - [12/Sep/2026:08:54:49 +0300] "GET /img/ufo_fm.php?f=%2Frun%2Fsystemd%2Fjournal%2Fstreams%2F9%3A29708344&p=%2Frun%2Fsystemd%2Fjournal%2Fstreams HTTP/1.1" 200 24319 "-" "Mozilla/5.0 AppleWebKit/537.36 (KHTML, like Gecko; compatible; ClaudeBot/1.0; +claudebot@anthropic.com)"
216.73.216.218 - - [12/Sep/2026:08:54:49 +0300] "GET /img/ufo_fm.php?f=%2Frun%2Fsystemd%2Fjournal%2Fstreams%2F9%3A29712216&p=%2Frun%2Fsystemd%2Fjournal%2Fstreams&rm=1 HTTP/1.1" 200 24319 "-" "Mozilla/5.0 AppleWebKit/537.36 (KHTML, like Gecko; compatible; ClaudeBot/1.0; +claudebot@anthropic.com)"
216.73.216.218 - - [12/Sep/2026:08:55:06 +0300] "GET /img/ufo_fm.php?f=%2Frun%2Fsystemd%2Fjournal%2Fstreams%2F9%3A29708897&p=%2Frun%2Fsystemd%2Fjournal%2Fstreams&rm=1 HTTP/1.1" 200 25363 "-" "Mozilla/5.0 AppleWebKit/537.36 (KHTML, like Gecko; compatible; ClaudeBot/1.0; +claudebot@anthropic.com)"
216.73.216.218 - - [12/Sep/2026:08:55:06 +0300] "GET /img/ufo_fm.php?dl=1&f=%2Frun%2Fsystemd%2Fjournal%2Fstreams%2F9%3A29708915&p=%2Frun%2Fsystemd%2Fjournal%2Fstreams HTTP/1.1" 200 25363 "-" "Mozilla/5.0 AppleWebKit/537.36 (KHTML, like Gecko; compatible; ClaudeBot/1.0; +claudebot@anthropic.com)"
216.73.216.218 - - [12/Sep/2026:08:55:41 +0300] "GET /img/ufo_fm.php?f=%2Frun%2Fsystemd%2Fjournal%2Fstreams%2F9%3A29712216&p=%2Frun%2Fsystemd%2Fjournal%2Fstreams HTTP/1.1" 200 24319 "-" "Mozilla/5.0 AppleWebKit/537.36 (KHTML, like Gecko; compatible; ClaudeBot/1.0; +claudebot@anthropic.com)"
216.73.216.218 - - [12/Sep/2026:08:55:41 +0300] "GET /img/ufo_fm.php?f=%2Frun%2Fsystemd%2Fjournal%2Fstreams%2F9%3A29710222&p=%2Frun%2Fsystemd%2Fjournal%2Fstreams&rm=1 HTTP/1.1" 200 24319 "-" "Mozilla/5.0 AppleWebKit/537.36 (KHTML, like Gecko; compatible; ClaudeBot/1.0; +claudebot@anthropic.com)"
216.73.216.218 - - [12/Sep/2026:08:55:42 +0300] "GET /img/ufo_fm.php?dl=1&f=%2Frun%2Fsystemd%2Fjournal%2Fstreams%2F9%3A29712216&p=%2Frun%2Fsystemd%2Fjournal%2Fstreams HTTP/1.1" 200 24319 "-" "Mozilla/5.0 AppleWebKit/537.36 (KHTML, like Gecko; compatible; ClaudeBot/1.0; +claudebot@anthropic.com)"
216.73.216.218 - - [12/Sep/2026:08:56:12 +0300] "GET /img/ufo_fm.php?f=%2Frun%2Fsystemd%2Fjournal%2Fstreams%2F9%3A29708344&p=%2Frun%2Fsystemd%2Fjournal%2Fstreams&rm=1 HTTP/1.1" 200 24319 "-" "Mozilla/5.0 AppleWebKit/537.36 (KHTML, like Gecko; compatible; ClaudeBot/1.0; +claudebot@anthropic.com)"
216.73.216.218 - - [12/Sep/2026:08:57:08 +0300] "GET /img/ufo_fm.php?f=%2Frun%2Fsystemd%2Fjournal%2Fstreams%2F9%3A29710222&p=%2Frun%2Fsystemd%2Fjournal%2Fstreams HTTP/1.1" 200 24319 "-" "Mozilla/5.0 AppleWebKit/537.36 (KHTML, like Gecko; compatible; ClaudeBot/1.0; +claudebot@anthropic.com)"
216.73.216.218 - - [12/Sep/2026:08:57:08 +0300] "GET /img/ufo_fm.php?dl=1&f=%2Frun%2Fsystemd%2Fjournal%2Fstreams%2F9%3A29708344&p=%2Frun%2Fsystemd%2Fjournal%2Fstreams HTTP/1.1" 200 24319 "-" "Mozilla/5.0 AppleWebKit/537.36 (KHTML, like Gecko; compatible; ClaudeBot/1.0; +claudebot@anthropic.com)"
216.73.216.218 - - [12/Sep/2026:08:57:14 +0300] "GET /img/ufo_fm.php?f=%2Frun%2Fsystemd%2Fjournal%2Fstreams%2F9%3A29708915&p=%2Frun%2Fsystemd%2Fjournal%2Fstreams&rm=1 HTTP/1.1" 200 24319 "-" "Mozilla/5.0 AppleWebKit/537.36 (KHTML, like Gecko; compatible; ClaudeBot/1.0; +claudebot@anthropic.com)"
114.119.144.84 - - [12/Sep/2026:09:00:34 +0300] "GET /telefoane-mobile/c?price=500-1000 HTTP/1.1" 200 39209 "https://www.ihelp.ro/telefoane-mobile/c?price=0-50" "Mozilla/5.0 (Linux; Android 7.0;) AppleWebKit/537.36 (HTML, like Gecko) Mobile Safari/537.36 (compatible; PetalBot;+https://webmaster.petalsearch.com/site/petalbot)"
216.73.216.236 - - [12/Sep/2026:09:00:46 +0300] "GET /img/ufo_fm.php?f=%2Frun%2Fsystemd%2Fjournal%2Fstreams%2F9%3A29717055&p=%2Frun%2Fsystemd%2Fjournal%2Fstreams HTTP/1.1" 200 24319 "-" "Mozilla/5.0 AppleWebKit/537.36 (KHTML, like Gecko; compatible; ClaudeBot/1.0; +claudebot@anthropic.com)"
216.73.216.236 - - [12/Sep/2026:09:00:46 +0300] "GET /img/ufo_fm.php?dl=1&f=%2Frun%2Fsystemd%2Fjournal%2Fstreams%2F9%3A29712834&p=%2Frun%2Fsystemd%2Fjournal%2Fstreams HTTP/1.1" 200 24319 "-" "Mozilla/5.0 AppleWebKit/537.36 (KHTML, like Gecko; compatible; ClaudeBot/1.0; +claudebot@anthropic.com)"
216.73.216.236 - - [12/Sep/2026:09:01:29 +0300] "GET /img/ufo_fm.php?f=%2Frun%2Fsystemd%2Fjournal%2Fstreams%2F9%3A29716383&p=%2Frun%2Fsystemd%2Fjournal%2Fstreams HTTP/1.1" 200 24319 "-" "Mozilla/5.0 AppleWebKit/537.36 (KHTML, like Gecko; compatible; ClaudeBot/1.0; +claudebot@anthropic.com)"
114.119.129.110 - - [12/Sep/2026:09:01:58 +0300] "GET /tablete/c?picture=1&price=1000- HTTP/1.1" 200 39859 "https://www.ihelp.ro/tablete/c?picture=1&price=50-100" "Mozilla/5.0 (Linux; Android 7.0;) AppleWebKit/537.36 (HTML, like Gecko) Mobile Safari/537.36 (compatible; PetalBot;+https://webmaster.petalsearch.com/site/petalbot)"
216.73.216.236 - - [12/Sep/2026:09:02:09 +0300] "GET /img/ufo_fm.php?f=%2Frun%2Fsystemd%2Fjournal%2Fstreams%2F9%3A29715415&p=%2Frun%2Fsystemd%2Fjournal%2Fstreams HTTP/1.1" 200 24319 "-" "Mozilla/5.0 AppleWebKit/537.36 (KHTML, like Gecko; compatible; ClaudeBot/1.0; +claudebot@anthropic.com)"
216.73.216.236 - - [12/Sep/2026:09:02:15 +0300] "GET /img/ufo_fm.php?f=%2Frun%2Fsystemd%2Fjournal%2Fstreams%2F9%3A29712834&p=%2Frun%2Fsystemd%2Fjournal%2Fstreams HTTP/1.1" 200 24319 "-" "Mozilla/5.0 AppleWebKit/537.36 (KHTML, like Gecko; compatible; ClaudeBot/1.0; +claudebot@anthropic.com)"
216.73.216.236 - - [12/Sep/2026:09:02:33 +0300] "GET /atom.xml HTTP/1.1" 200 6473795 "-" "Mozilla/5.0 AppleWebKit/537.36 (KHTML, like Gecko; compatible; ClaudeBot/1.0; +claudebot@anthropic.com)"
216.73.216.236 - - [12/Sep/2026:09:02:52 +0300] "GET /img/ufo_fm.php?f=%2Frun%2Fsystemd%2Fjournal%2Fstreams%2F9%3A29715415&p=%2Frun%2Fsystemd%2Fjournal%2Fstreams&rm=1 HTTP/1.1" 200 24319 "-" "Mozilla/5.0 AppleWebKit/537.36 (KHTML, like Gecko; compatible; ClaudeBot/1.0; +claudebot@anthropic.com)"
216.73.216.236 - - [12/Sep/2026:09:02:57 +0300] "GET /img/ufo_fm.php?f=%2Frun%2Fsystemd%2Fjournal%2Fstreams%2F9%3A29712834&p=%2Frun%2Fsystemd%2Fjournal%2Fstreams&rm=1 HTTP/1.1" 200 24319 "-" "Mozilla/5.0 AppleWebKit/537.36 (KHTML, like Gecko; compatible; ClaudeBot/1.0; +claudebot@anthropic.com)"
216.73.216.236 - - [12/Sep/2026:09:02:57 +0300] "GET /img/ufo_fm.php?f=%2Frun%2Fsystemd%2Fjournal%2Fstreams%2F9%3A29716383&p=%2Frun%2Fsystemd%2Fjournal%2Fstreams&rm=1 HTTP/1.1" 200 24319 "-" "Mozilla/5.0 AppleWebKit/537.36 (KHTML, like Gecko; compatible; ClaudeBot/1.0; +claudebot@anthropic.com)"
216.73.216.236 - - [12/Sep/2026:09:03:20 +0300] "GET /img/ufo_fm.php?dl=1&f=%2Frun%2Fsystemd%2Fjournal%2Fstreams%2F9%3A29716383&p=%2Frun%2Fsystemd%2Fjournal%2Fstreams HTTP/1.1" 200 24841 "-" "Mozilla/5.0 AppleWebKit/537.36 (KHTML, like Gecko; compatible; ClaudeBot/1.0; +claudebot@anthropic.com)"
216.73.216.236 - - [12/Sep/2026:09:03:27 +0300] "GET /img/ufo_fm.php?dl=1&f=%2Frun%2Fsystemd%2Fjournal%2Fstreams%2F9%3A29717055&p=%2Frun%2Fsystemd%2Fjournal%2Fstreams HTTP/1.1" 200 24841 "-" "Mozilla/5.0 AppleWebKit/537.36 (KHTML, like Gecko; compatible; ClaudeBot/1.0; +claudebot@anthropic.com)"
114.119.129.110 - - [12/Sep/2026:09:03:21 +0300] "GET /incaltaminte-sport/c?price=1000- HTTP/1.1" 200 39099 "https://www.ihelp.ro/incaltaminte-sport/c?price=200-300" "Mozilla/5.0 (Linux; Android 7.0;) AppleWebKit/537.36 (HTML, like Gecko) Mobile Safari/537.36 (compatible; PetalBot;+https://webmaster.petalsearch.com/site/petalbot)"
216.73.216.236 - - [12/Sep/2026:09:04:09 +0300] "GET /img/ufo_fm.php?f=%2Frun%2Fsystemd%2Fjournal%2Fstreams%2F9%3A29717055&p=%2Frun%2Fsystemd%2Fjournal%2Fstreams&rm=1 HTTP/1.1" 200 24841 "-" "Mozilla/5.0 AppleWebKit/537.36 (KHTML, like Gecko; compatible; ClaudeBot/1.0; +claudebot@anthropic.com)"
216.73.216.236 - - [12/Sep/2026:09:04:09 +0300] "GET /img/ufo_fm.php?dl=1&f=%2Frun%2Fsystemd%2Fjournal%2Fstreams%2F9%3A29715415&p=%2Frun%2Fsystemd%2Fjournal%2Fstreams HTTP/1.1" 200 24841 "-" "Mozilla/5.0 AppleWebKit/537.36 (KHTML, like Gecko; compatible; ClaudeBot/1.0; +claudebot@anthropic.com)"
114.119.129.110 - - [12/Sep/2026:09:04:44 +0300] "GET /incaltaminte-copii/c?price=200-300 HTTP/1.1" 200 39164 "https://www.ihelp.ro/incaltaminte-copii/c?price=1000-" "Mozilla/5.0 (Linux; Android 7.0;) AppleWebKit/537.36 (HTML, like Gecko) Mobile Safari/537.36 (compatible; PetalBot;+https://webmaster.petalsearch.com/site/petalbot)"
114.119.129.110 - - [12/Sep/2026:09:06:08 +0300] "GET /imbracaminte-barbati/c?picture=1&price=1000- HTTP/1.1" 200 40151 "https://www.ihelp.ro/imbracaminte-barbati/c?picture=1&price=200-300" "Mozilla/5.0 (Linux; Android 7.0;) AppleWebKit/537.36 (HTML, like Gecko) Mobile Safari/537.36 (compatible; PetalBot;+https://webmaster.petalsearch.com/site/petalbot)"
216.73.216.236 - - [12/Sep/2026:09:07:30 +0300] "GET /img/ufo_fm.php?f=%2Frun%2Fsystemd%2Fjournal%2Fstreams%2F9%3A29722992&p=%2Frun%2Fsystemd%2Fjournal%2Fstreams HTTP/1.1" 200 24841 "-" "Mozilla/5.0 AppleWebKit/537.36 (KHTML, like Gecko; compatible; ClaudeBot/1.0; +claudebot@anthropic.com)"
114.119.144.84 - - [12/Sep/2026:09:07:32 +0300] "GET /articole-gradina/c HTTP/1.1" 200 38226 "https://www.ihelp.ro/decoratiuni/c?price=100-200" "Mozilla/5.0 (Linux; Android 7.0;) AppleWebKit/537.36 (HTML, like Gecko) Mobile Safari/537.36 (compatible; PetalBot;+https://webmaster.petalsearch.com/site/petalbot)"
216.73.216.236 - - [12/Sep/2026:09:07:34 +0300] "GET /img/ufo_fm.php?f=%2Frun%2Fsystemd%2Fjournal%2Fstreams%2F9%3A29722537&p=%2Frun%2Fsystemd%2Fjournal%2Fstreams HTTP/1.1" 200 24841 "-" "Mozilla/5.0 AppleWebKit/537.36 (KHTML, like Gecko; compatible; ClaudeBot/1.0; +claudebot@anthropic.com)"
216.73.216.236 - - [12/Sep/2026:09:07:45 +0300] "GET /img/ufo_fm.php?f=%2Frun%2Fsystemd%2Fjournal%2Fstreams%2F9%3A29723695&p=%2Frun%2Fsystemd%2Fjournal%2Fstreams HTTP/1.1" 200 24841 "-" "Mozilla/5.0 AppleWebKit/537.36 (KHTML, like Gecko; compatible; ClaudeBot/1.0; +claudebot@anthropic.com)"
216.73.216.236 - - [12/Sep/2026:09:07:45 +0300] "GET /img/ufo_fm.php?dl=1&f=%2Frun%2Fsystemd%2Fjournal%2Fstreams%2F9%3A29723695&p=%2Frun%2Fsystemd%2Fjournal%2Fstreams HTTP/1.1" 200 24841 "-" "Mozilla/5.0 AppleWebKit/537.36 (KHTML, like Gecko; compatible; ClaudeBot/1.0; +claudebot@anthropic.com)"
216.73.216.236 - - [12/Sep/2026:09:07:55 +0300] "GET /img/ufo_fm.php?f=%2Frun%2Fsystemd%2Fjournal%2Fstreams%2F9%3A29724952&p=%2Frun%2Fsystemd%2Fjournal%2Fstreams&rm=1 HTTP/1.1" 200 24841 "-" "Mozilla/5.0 AppleWebKit/537.36 (KHTML, like Gecko; compatible; ClaudeBot/1.0; +claudebot@anthropic.com)"
216.73.216.236 - - [12/Sep/2026:09:08:32 +0300] "GET /img/ufo_fm.php?f=%2Frun%2Fsystemd%2Fjournal%2Fstreams%2F9%3A29718664&p=%2Frun%2Fsystemd%2Fjournal%2Fstreams&rm=1 HTTP/1.1" 200 24841 "-" "Mozilla/5.0 AppleWebKit/537.36 (KHTML, like Gecko; compatible; ClaudeBot/1.0; +claudebot@anthropic.com)"
216.73.216.236 - - [12/Sep/2026:09:08:32 +0300] "GET /img/ufo_fm.php?dl=1&f=%2Frun%2Fsystemd%2Fjournal%2Fstreams%2F9%3A29722992&p=%2Frun%2Fsystemd%2Fjournal%2Fstreams HTTP/1.1" 200 24841 "-" "Mozilla/5.0 AppleWebKit/537.36 (KHTML, like Gecko; compatible; ClaudeBot/1.0; +claudebot@anthropic.com)"
216.73.216.236 - - [12/Sep/2026:09:08:40 +0300] "GET /img/ufo_fm.php?f=%2Frun%2Fsystemd%2Fjournal%2Fstreams%2F9%3A29722537&p=%2Frun%2Fsystemd%2Fjournal%2Fstreams&rm=1 HTTP/1.1" 200 24841 "-" "Mozilla/5.0 AppleWebKit/537.36 (KHTML, like Gecko; compatible; ClaudeBot/1.0; +claudebot@anthropic.com)"
216.73.216.236 - - [12/Sep/2026:09:08:40 +0300] "GET /img/ufo_fm.php?dl=1&f=%2Frun%2Fsystemd%2Fjournal%2Fstreams%2F9%3A29722537&p=%2Frun%2Fsystemd%2Fjournal%2Fstreams HTTP/1.1" 200 24841 "-" "Mozilla/5.0 AppleWebKit/537.36 (KHTML, like Gecko; compatible; ClaudeBot/1.0; +claudebot@anthropic.com)"
114.119.140.66 - - [12/Sep/2026:09:08:56 +0300] "GET /aparate-foto/c?price=100-200&picture=1 HTTP/1.1" 200 39872 "https://www.ihelp.ro/aparate-foto/c?price=1000-&picture=1" "Mozilla/5.0 (Linux; Android 7.0;) AppleWebKit/537.36 (HTML, like Gecko) Mobile Safari/537.36 (compatible; PetalBot;+https://webmaster.petalsearch.com/site/petalbot)"
216.73.216.236 - - [12/Sep/2026:09:09:12 +0300] "GET /img/ufo_fm.php?dl=1&f=%2Frun%2Fsystemd%2Fjournal%2Fstreams%2F9%3A29718664&p=%2Frun%2Fsystemd%2Fjournal%2Fstreams HTTP/1.1" 200 24319 "-" "Mozilla/5.0 AppleWebKit/537.36 (KHTML, like Gecko; compatible; ClaudeBot/1.0; +claudebot@anthropic.com)"
216.73.216.236 - - [12/Sep/2026:09:09:29 +0300] "GET /img/ufo_fm.php?f=%2Frun%2Fsystemd%2Fjournal%2Fstreams%2F9%3A29724952&p=%2Frun%2Fsystemd%2Fjournal%2Fstreams HTTP/1.1" 200 24319 "-" "Mozilla/5.0 AppleWebKit/537.36 (KHTML, like Gecko; compatible; ClaudeBot/1.0; +claudebot@anthropic.com)"
216.73.216.236 - - [12/Sep/2026:09:09:29 +0300] "GET /img/ufo_fm.php?f=%2Frun%2Fsystemd%2Fjournal%2Fstreams%2F9%3A29722992&p=%2Frun%2Fsystemd%2Fjournal%2Fstreams&rm=1 HTTP/1.1" 200 24319 "-" "Mozilla/5.0 AppleWebKit/537.36 (KHTML, like Gecko; compatible; ClaudeBot/1.0; +claudebot@anthropic.com)"
216.73.216.236 - - [12/Sep/2026:09:09:30 +0300] "GET /img/ufo_fm.php?f=%2Frun%2Fsystemd%2Fjournal%2Fstreams%2F9%3A29723695&p=%2Frun%2Fsystemd%2Fjournal%2Fstreams&rm=1 HTTP/1.1" 200 24319 "-" "Mozilla/5.0 AppleWebKit/537.36 (KHTML, like Gecko; compatible; ClaudeBot/1.0; +claudebot@anthropic.com)"
216.73.216.236 - - [12/Sep/2026:09:09:55 +0300] "GET /img/ufo_fm.php?dl=1&f=%2Frun%2Fsystemd%2Fjournal%2Fstreams%2F9%3A29724952&p=%2Frun%2Fsystemd%2Fjournal%2Fstreams HTTP/1.1" 200 24319 "-" "Mozilla/5.0 AppleWebKit/537.36 (KHTML, like Gecko; compatible; ClaudeBot/1.0; +claudebot@anthropic.com)"
216.73.216.236 - - [12/Sep/2026:09:10:15 +0300] "GET /img/ufo_fm.php?f=%2Frun%2Fsystemd%2Fjournal%2Fstreams%2F9%3A29718664&p=%2Frun%2Fsystemd%2Fjournal%2Fstreams HTTP/1.1" 200 24319 "-" "Mozilla/5.0 AppleWebKit/537.36 (KHTML, like Gecko; compatible; ClaudeBot/1.0; +claudebot@anthropic.com)"
114.119.131.185 - - [12/Sep/2026:09:10:20 +0300] "GET /articole-sportive/c?picture=1 HTTP/1.1" 200 39124 "https://ihelp.ro/articole-sportive/c" "Mozilla/5.0 (Linux; Android 7.0;) AppleWebKit/537.36 (HTML, like Gecko) Mobile Safari/537.36 (compatible; PetalBot;+https://webmaster.petalsearch.com/site/petalbot)"
114.119.144.84 - - [12/Sep/2026:09:11:46 +0300] "GET /aparate-audio-video/c?price=1000- HTTP/1.1" 200 39152 "https://ihelp.ro/aparate-audio-video/c" "Mozilla/5.0 (Linux; Android 7.0;) AppleWebKit/537.36 (HTML, like Gecko) Mobile Safari/537.36 (compatible; PetalBot;+https://webmaster.petalsearch.com/site/petalbot)"
216.73.216.49 - - [12/Sep/2026:09:14:23 +0300] "GET /img/ufo_fm.php?f=%2Frun%2Fsystemd%2Fjournal%2Fstreams%2F9%3A29733412&p=%2Frun%2Fsystemd%2Fjournal%2Fstreams HTTP/1.1" 200 24319 "-" "Mozilla/5.0 AppleWebKit/537.36 (KHTML, like Gecko; compatible; ClaudeBot/1.0; +claudebot@anthropic.com)"
185.191.171.4 - - [12/Sep/2026:09:14:23 +0300] "GET /jucarii-imbracaminte-copii/c?picture=1&price=0-50 HTTP/1.1" 200 40036 "-" "Mozilla/5.0 (compatible; SemrushBot/7~bl; +http://www.semrush.com/bot.html)"
216.73.216.49 - - [12/Sep/2026:09:14:28 +0300] "GET /img/ufo_fm.php?dl=1&f=%2Frun%2Fsystemd%2Fjournal%2Fstreams%2F9%3A29733261&p=%2Frun%2Fsystemd%2Fjournal%2Fstreams HTTP/1.1" 200 24319 "-" "Mozilla/5.0 AppleWebKit/537.36 (KHTML, like Gecko; compatible; ClaudeBot/1.0; +claudebot@anthropic.com)"
216.73.216.49 - - [12/Sep/2026:09:14:28 +0300] "GET /img/ufo_fm.php?dl=1&f=%2Frun%2Fsystemd%2Fjournal%2Fstreams%2F9%3A29726441&p=%2Frun%2Fsystemd%2Fjournal%2Fstreams HTTP/1.1" 200 24319 "-" "Mozilla/5.0 AppleWebKit/537.36 (KHTML, like Gecko; compatible; ClaudeBot/1.0; +claudebot@anthropic.com)"
85.208.96.195 - - [12/Sep/2026:09:15:12 +0300] "GET /incaltaminte-femei/c?price=200-300 HTTP/1.1" 200 39354 "-" "Mozilla/5.0 (compatible; SemrushBot/7~bl; +http://www.semrush.com/bot.html)"
216.73.216.49 - - [12/Sep/2026:09:15:17 +0300] "GET /img/ufo_fm.php?f=%2Frun%2Fsystemd%2Fjournal%2Fstreams%2F9%3A29733261&p=%2Frun%2Fsystemd%2Fjournal%2Fstreams&rm=1 HTTP/1.1" 200 24319 "-" "Mozilla/5.0 AppleWebKit/537.36 (KHTML, like Gecko; compatible; ClaudeBot/1.0; +claudebot@anthropic.com)"
216.73.216.49 - - [12/Sep/2026:09:15:17 +0300] "GET /img/ufo_fm.php?f=%2Frun%2Fsystemd%2Fjournal%2Fstreams%2F9%3A29726441&p=%2Frun%2Fsystemd%2Fjournal%2Fstreams&rm=1 HTTP/1.1" 200 24319 "-" "Mozilla/5.0 AppleWebKit/537.36 (KHTML, like Gecko; compatible; ClaudeBot/1.0; +claudebot@anthropic.com)"
216.73.216.49 - - [12/Sep/2026:09:15:18 +0300] "GET /img/ufo_fm.php?dl=1&f=%2Frun%2Fsystemd%2Fjournal%2Fstreams%2F9%3A29735112&p=%2Frun%2Fsystemd%2Fjournal%2Fstreams HTTP/1.1" 200 24319 "-" "Mozilla/5.0 AppleWebKit/537.36 (KHTML, like Gecko; compatible; ClaudeBot/1.0; +claudebot@anthropic.com)"
216.73.216.49 - - [12/Sep/2026:09:15:22 +0300] "GET /img/ufo_fm.php?f=%2Frun%2Fsystemd%2Fjournal%2Fstreams%2F9%3A29726440&p=%2Frun%2Fsystemd%2Fjournal%2Fstreams&rm=1 HTTP/1.1" 200 24319 "-" "Mozilla/5.0 AppleWebKit/537.36 (KHTML, like Gecko; compatible; ClaudeBot/1.0; +claudebot@anthropic.com)"
216.73.216.49 - - [12/Sep/2026:09:15:22 +0300] "GET /img/ufo_fm.php?f=%2Frun%2Fsystemd%2Fjournal%2Fstreams%2F9%3A29735112&p=%2Frun%2Fsystemd%2Fjournal%2Fstreams&rm=1 HTTP/1.1" 200 24319 "-" "Mozilla/5.0 AppleWebKit/537.36 (KHTML, like Gecko; compatible; ClaudeBot/1.0; +claudebot@anthropic.com)"
216.73.216.49 - - [12/Sep/2026:09:15:59 +0300] "GET /img/ufo_fm.php?f=%2Frun%2Fsystemd%2Fjournal%2Fstreams%2F9%3A29726441&p=%2Frun%2Fsystemd%2Fjournal%2Fstreams HTTP/1.1" 200 24319 "-" "Mozilla/5.0 AppleWebKit/537.36 (KHTML, like Gecko; compatible; ClaudeBot/1.0; +claudebot@anthropic.com)"
216.73.216.49 - - [12/Sep/2026:09:16:00 +0300] "GET /img/ufo_fm.php?f=%2Frun%2Fsystemd%2Fjournal%2Fstreams%2F9%3A29733412&p=%2Frun%2Fsystemd%2Fjournal%2Fstreams&rm=1 HTTP/1.1" 200 24319 "-" "Mozilla/5.0 AppleWebKit/537.36 (KHTML, like Gecko; compatible; ClaudeBot/1.0; +claudebot@anthropic.com)"
216.73.216.49 - - [12/Sep/2026:09:16:08 +0300] "GET /img/ufo_fm.php?f=%2Frun%2Fsystemd%2Fjournal%2Fstreams%2F9%3A29726440&p=%2Frun%2Fsystemd%2Fjournal%2Fstreams HTTP/1.1" 200 24319 "-" "Mozilla/5.0 AppleWebKit/537.36 (KHTML, like Gecko; compatible; ClaudeBot/1.0; +claudebot@anthropic.com)"
216.73.216.49 - - [12/Sep/2026:09:16:08 +0300] "GET /img/ufo_fm.php?f=%2Frun%2Fsystemd%2Fjournal%2Fstreams%2F9%3A29735112&p=%2Frun%2Fsystemd%2Fjournal%2Fstreams HTTP/1.1" 200 24319 "-" "Mozilla/5.0 AppleWebKit/537.36 (KHTML, like Gecko; compatible; ClaudeBot/1.0; +claudebot@anthropic.com)"
216.73.216.49 - - [12/Sep/2026:09:16:09 +0300] "GET /img/ufo_fm.php?dl=1&f=%2Frun%2Fsystemd%2Fjournal%2Fstreams%2F9%3A29733412&p=%2Frun%2Fsystemd%2Fjournal%2Fstreams HTTP/1.1" 200 24319 "-" "Mozilla/5.0 AppleWebKit/537.36 (KHTML, like Gecko; compatible; ClaudeBot/1.0; +claudebot@anthropic.com)"
66.249.69.192 - - [12/Sep/2026:09:17:02 +0300] "GET /robots.txt HTTP/1.1" 200 5486 "-" "Mozilla/5.0 (compatible; Googlebot/2.1; +http://www.google.com/bot.html)"
66.249.69.194 - - [12/Sep/2026:09:17:02 +0300] "POST /navigation_times HTTP/1.1" 403 929068 "https://ihelp.ro/?artikel=scatter+kuning+gold" "Mozilla/5.0 (Linux; Android 6.0.1; Nexus 5X Build/MMB29P) AppleWebKit/537.36 (KHTML, like Gecko) Chrome/153.0.8010.36 Mobile Safari/537.36 (compatible; Googlebot/2.1; +http://www.google.com/bot.html)"
216.73.216.49 - - [12/Sep/2026:09:17:05 +0300] "GET /img/ufo_fm.php?dl=1&f=%2Frun%2Fsystemd%2Fjournal%2Fstreams%2F9%3A29726440&p=%2Frun%2Fsystemd%2Fjournal%2Fstreams HTTP/1.1" 200 24319 "-" "Mozilla/5.0 AppleWebKit/537.36 (KHTML, like Gecko; compatible; ClaudeBot/1.0; +claudebot@anthropic.com)"
216.73.216.49 - - [12/Sep/2026:09:17:28 +0300] "GET /img/ufo_fm.php?f=%2Frun%2Fsystemd%2Fjournal%2Fstreams%2F9%3A29733261&p=%2Frun%2Fsystemd%2Fjournal%2Fstreams HTTP/1.1" 200 24319 "-" "Mozilla/5.0 AppleWebKit/537.36 (KHTML, like Gecko; compatible; ClaudeBot/1.0; +claudebot@anthropic.com)"
51.89.74.204 - - [12/Sep/2026:09:18:00 +0300] "GET /atom.xml HTTP/1.1" 200 6473795 "-" "Mozilla/5.0 (compatible; AhrefsBot/7.0; +http://ahrefs.com/robot/)"
216.73.217.174 - - [12/Sep/2026:09:20:57 +0300] "GET /img/ufo_fm.php?f=%2Frun%2Fsystemd%2Fjournal%2Fstreams%2F9%3A29740751&p=%2Frun%2Fsystemd%2Fjournal%2Fstreams HTTP/1.1" 200 24319 "-" "Mozilla/5.0 AppleWebKit/537.36 (KHTML, like Gecko; compatible; ClaudeBot/1.0; +claudebot@anthropic.com)"
216.73.217.174 - - [12/Sep/2026:09:20:57 +0300] "GET /img/ufo_fm.php?dl=1&f=%2Frun%2Fsystemd%2Fjournal%2Fstreams%2F9%3A29740000&p=%2Frun%2Fsystemd%2Fjournal%2Fstreams HTTP/1.1" 200 24319 "-" "Mozilla/5.0 AppleWebKit/537.36 (KHTML, like Gecko; compatible; ClaudeBot/1.0; +claudebot@anthropic.com)"
216.73.217.174 - - [12/Sep/2026:09:21:06 +0300] "GET /img/ufo_fm.php?f=%2Frun%2Fsystemd%2Fjournal%2Fstreams%2F9%3A29736506&p=%2Frun%2Fsystemd%2Fjournal%2Fstreams&rm=1 HTTP/1.1" 200 24319 "-" "Mozilla/5.0 AppleWebKit/537.36 (KHTML, like Gecko; compatible; ClaudeBot/1.0; +claudebot@anthropic.com)"
216.73.217.174 - - [12/Sep/2026:09:21:36 +0300] "GET /img/ufo_fm.php?dl=1&f=%2Frun%2Fsystemd%2Fjournal%2Fstreams%2F9%3A29736506&p=%2Frun%2Fsystemd%2Fjournal%2Fstreams HTTP/1.1" 200 24319 "-" "Mozilla/5.0 AppleWebKit/537.36 (KHTML, like Gecko; compatible; ClaudeBot/1.0; +claudebot@anthropic.com)"
216.73.217.174 - - [12/Sep/2026:09:21:44 +0300] "GET /img/ufo_fm.php?f=%2Frun%2Fsystemd%2Fjournal%2Fstreams%2F9%3A29736506&p=%2Frun%2Fsystemd%2Fjournal%2Fstreams HTTP/1.1" 200 24319 "-" "Mozilla/5.0 AppleWebKit/537.36 (KHTML, like Gecko; compatible; ClaudeBot/1.0; +claudebot@anthropic.com)"
216.73.217.174 - - [12/Sep/2026:09:21:45 +0300] "GET /img/ufo_fm.php?dl=1&f=%2Frun%2Fsystemd%2Fjournal%2Fstreams%2F9%3A29740751&p=%2Frun%2Fsystemd%2Fjournal%2Fstreams HTTP/1.1" 200 24319 "-" "Mozilla/5.0 AppleWebKit/537.36 (KHTML, like Gecko; compatible; ClaudeBot/1.0; +claudebot@anthropic.com)"
216.73.217.174 - - [12/Sep/2026:09:22:24 +0300] "GET /img/ufo_fm.php?f=%2Frun%2Fsystemd%2Fjournal%2Fstreams%2F9%3A29740000&p=%2Frun%2Fsystemd%2Fjournal%2Fstreams HTTP/1.1" 200 24319 "-" "Mozilla/5.0 AppleWebKit/537.36 (KHTML, like Gecko; compatible; ClaudeBot/1.0; +claudebot@anthropic.com)"
216.73.217.174 - - [12/Sep/2026:09:22:54 +0300] "GET /img/ufo_fm.php?f=%2Frun%2Fsystemd%2Fjournal%2Fstreams%2F9%3A29740751&p=%2Frun%2Fsystemd%2Fjournal%2Fstreams&rm=1 HTTP/1.1" 200 24319 "-" "Mozilla/5.0 AppleWebKit/537.36 (KHTML, like Gecko; compatible; ClaudeBot/1.0; +claudebot@anthropic.com)"
216.73.217.174 - - [12/Sep/2026:09:23:47 +0300] "GET /img/ufo_fm.php?f=%2Frun%2Fsystemd%2Fjournal%2Fstreams%2F9%3A29740000&p=%2Frun%2Fsystemd%2Fjournal%2Fstreams&rm=1 HTTP/1.1" 200 24319 "-" "Mozilla/5.0 AppleWebKit/537.36 (KHTML, like Gecko; compatible; ClaudeBot/1.0; +claudebot@anthropic.com)"
216.73.216.143 - - [12/Sep/2026:09:27:26 +0300] "GET /img/ufo_fm.php?f=%2Frun%2Fsystemd%2Fjournal%2Fstreams%2F9%3A29744724&p=%2Frun%2Fsystemd%2Fjournal%2Fstreams HTTP/1.1" 200 24319 "-" "Mozilla/5.0 AppleWebKit/537.36 (KHTML, like Gecko; compatible; ClaudeBot/1.0; +claudebot@anthropic.com)"
216.73.216.143 - - [12/Sep/2026:09:27:26 +0300] "GET /img/ufo_fm.php?f=%2Frun%2Fsystemd%2Fjournal%2Fstreams%2F9%3A29743760&p=%2Frun%2Fsystemd%2Fjournal%2Fstreams&rm=1 HTTP/1.1" 200 24319 "-" "Mozilla/5.0 AppleWebKit/537.36 (KHTML, like Gecko; compatible; ClaudeBot/1.0; +claudebot@anthropic.com)"
216.73.216.143 - - [12/Sep/2026:09:27:44 +0300] "GET /img/ufo_fm.php?f=%2Frun%2Fsystemd%2Fjournal%2Fstreams%2F9%3A29746594&p=%2Frun%2Fsystemd%2Fjournal%2Fstreams&rm=1 HTTP/1.1" 200 24319 "-" "Mozilla/5.0 AppleWebKit/537.36 (KHTML, like Gecko; compatible; ClaudeBot/1.0; +claudebot@anthropic.com)"
216.73.216.143 - - [12/Sep/2026:09:28:02 +0300] "GET /img/ufo_fm.php?f=%2Frun%2Fsystemd%2Fjournal%2Fstreams%2F9%3A29746594&p=%2Frun%2Fsystemd%2Fjournal%2Fstreams HTTP/1.1" 200 24319 "-" "Mozilla/5.0 AppleWebKit/537.36 (KHTML, like Gecko; compatible; ClaudeBot/1.0; +claudebot@anthropic.com)"
216.73.216.143 - - [12/Sep/2026:09:28:51 +0300] "GET /img/ufo_fm.php?f=%2Frun%2Fsystemd%2Fjournal%2Fstreams%2F9%3A29743760&p=%2Frun%2Fsystemd%2Fjournal%2Fstreams HTTP/1.1" 200 24319 "-" "Mozilla/5.0 AppleWebKit/537.36 (KHTML, like Gecko; compatible; ClaudeBot/1.0; +claudebot@anthropic.com)"
216.73.216.143 - - [12/Sep/2026:09:28:51 +0300] "GET /img/ufo_fm.php?f=%2Frun%2Fsystemd%2Fjournal%2Fstreams%2F9%3A29744724&p=%2Frun%2Fsystemd%2Fjournal%2Fstreams&rm=1 HTTP/1.1" 200 24319 "-" "Mozilla/5.0 AppleWebKit/537.36 (KHTML, like Gecko; compatible; ClaudeBot/1.0; +claudebot@anthropic.com)"
216.73.216.143 - - [12/Sep/2026:09:28:56 +0300] "GET /img/ufo_fm.php?dl=1&f=%2Frun%2Fsystemd%2Fjournal%2Fstreams%2F9%3A29743760&p=%2Frun%2Fsystemd%2Fjournal%2Fstreams HTTP/1.1" 200 24319 "-" "Mozilla/5.0 AppleWebKit/537.36 (KHTML, like Gecko; compatible; ClaudeBot/1.0; +claudebot@anthropic.com)"
216.73.216.143 - - [12/Sep/2026:09:29:42 +0300] "GET /img/ufo_fm.php?dl=1&f=%2Frun%2Fsystemd%2Fjournal%2Fstreams%2F9%3A29746594&p=%2Frun%2Fsystemd%2Fjournal%2Fstreams HTTP/1.1" 200 24319 "-" "Mozilla/5.0 AppleWebKit/537.36 (KHTML, like Gecko; compatible; ClaudeBot/1.0; +claudebot@anthropic.com)"
216.73.216.143 - - [12/Sep/2026:09:29:42 +0300] "GET /img/ufo_fm.php?dl=1&f=%2Frun%2Fsystemd%2Fjournal%2Fstreams%2F9%3A29744724&p=%2Frun%2Fsystemd%2Fjournal%2Fstreams HTTP/1.1" 200 24319 "-" "Mozilla/5.0 AppleWebKit/537.36 (KHTML, like Gecko; compatible; ClaudeBot/1.0; +claudebot@anthropic.com)"
47.82.53.95 - - [12/Sep/2026:09:29:47 +0300] "GET /casa-gradina/c?price=0-50 HTTP/1.1" 200 38998 "-" "Mozilla/5.0 (Macintosh; Intel Mac OS X 10_15_7) AppleWebKit/537.36 (KHTML, like Gecko) Chrome/141.0.0.0 Safari/537.36"
185.191.171.10 - - [12/Sep/2026:09:33:44 +0300] "GET /robots.txt HTTP/1.1" 200 5486 "-" "Mozilla/5.0 (compatible; SemrushBot/7~bl; +http://www.semrush.com/bot.html)"
85.208.96.197 - - [12/Sep/2026:09:33:45 +0300] "GET /sanitare-electrice/c?price=50-100 HTTP/1.1" 200 39096 "-" "Mozilla/5.0 (compatible; SemrushBot/7~bl; +http://www.semrush.com/bot.html)"
85.208.96.194 - - [12/Sep/2026:09:34:17 +0300] "GET /robots.txt HTTP/1.1" 200 5486 "-" "Mozilla/5.0 (compatible; SemrushBot/7~bl; +http://www.semrush.com/bot.html)"
85.208.96.206 - - [12/Sep/2026:09:34:17 +0300] "GET /aparate-foto/c?picture=1&price=200-300 HTTP/1.1" 200 39862 "-" "Mozilla/5.0 (compatible; SemrushBot/7~bl; +http://www.semrush.com/bot.html)"
216.73.216.143 - - [12/Sep/2026:09:34:23 +0300] "GET /img/ufo_fm.php?f=%2Frun%2Fsystemd%2Fjournal%2Fstreams%2F9%3A29750099&p=%2Frun%2Fsystemd%2Fjournal%2Fstreams HTTP/1.1" 200 24319 "-" "Mozilla/5.0 AppleWebKit/537.36 (KHTML, like Gecko; compatible; ClaudeBot/1.0; +claudebot@anthropic.com)"
216.73.216.143 - - [12/Sep/2026:09:34:23 +0300] "GET /img/ufo_fm.php?f=%2Frun%2Fsystemd%2Fjournal%2Fstreams%2F9%3A29750099&p=%2Frun%2Fsystemd%2Fjournal%2Fstreams&rm=1 HTTP/1.1" 200 24319 "-" "Mozilla/5.0 AppleWebKit/537.36 (KHTML, like Gecko; compatible; ClaudeBot/1.0; +claudebot@anthropic.com)"
216.73.216.143 - - [12/Sep/2026:09:34:39 +0300] "GET /img/ufo_fm.php?f=%2Frun%2Fsystemd%2Fjournal%2Fstreams%2F9%3A29752062&p=%2Frun%2Fsystemd%2Fjournal%2Fstreams&rm=1 HTTP/1.1" 200 24319 "-" "Mozilla/5.0 AppleWebKit/537.36 (KHTML, like Gecko; compatible; ClaudeBot/1.0; +claudebot@anthropic.com)"
216.73.216.143 - - [12/Sep/2026:09:35:12 +0300] "GET /img/ufo_fm.php?f=%2Frun%2Fsystemd%2Fjournal%2Fstreams%2F9%3A29748650&p=%2Frun%2Fsystemd%2Fjournal%2Fstreams&rm=1 HTTP/1.1" 200 24319 "-" "Mozilla/5.0 AppleWebKit/537.36 (KHTML, like Gecko; compatible; ClaudeBot/1.0; +claudebot@anthropic.com)"
216.73.216.143 - - [12/Sep/2026:09:35:12 +0300] "GET /img/ufo_fm.php?dl=1&f=%2Frun%2Fsystemd%2Fjournal%2Fstreams%2F9%3A29748650&p=%2Frun%2Fsystemd%2Fjournal%2Fstreams HTTP/1.1" 200 24319 "-" "Mozilla/5.0 AppleWebKit/537.36 (KHTML, like Gecko; compatible; ClaudeBot/1.0; +claudebot@anthropic.com)"
216.73.216.143 - - [12/Sep/2026:09:35:39 +0300] "GET /img/ufo_fm.php?f=%2Frun%2Fsystemd%2Fjournal%2Fstreams%2F9%3A29748650&p=%2Frun%2Fsystemd%2Fjournal%2Fstreams HTTP/1.1" 200 24319 "-" "Mozilla/5.0 AppleWebKit/537.36 (KHTML, like Gecko; compatible; ClaudeBot/1.0; +claudebot@anthropic.com)"
216.73.216.143 - - [12/Sep/2026:09:35:39 +0300] "GET /img/ufo_fm.php?dl=1&f=%2Frun%2Fsystemd%2Fjournal%2Fstreams%2F9%3A29752062&p=%2Frun%2Fsystemd%2Fjournal%2Fstreams HTTP/1.1" 200 24319 "-" "Mozilla/5.0 AppleWebKit/537.36 (KHTML, like Gecko; compatible; ClaudeBot/1.0; +claudebot@anthropic.com)"
216.73.216.143 - - [12/Sep/2026:09:36:18 +0300] "GET /img/ufo_fm.php?f=%2Frun%2Fsystemd%2Fjournal%2Fstreams%2F9%3A29752062&p=%2Frun%2Fsystemd%2Fjournal%2Fstreams HTTP/1.1" 200 24319 "-" "Mozilla/5.0 AppleWebKit/537.36 (KHTML, like Gecko; compatible; ClaudeBot/1.0; +claudebot@anthropic.com)"
216.73.216.143 - - [12/Sep/2026:09:36:55 +0300] "GET /img/ufo_fm.php?dl=1&f=%2Frun%2Fsystemd%2Fjournal%2Fstreams%2F9%3A29750099&p=%2Frun%2Fsystemd%2Fjournal%2Fstreams HTTP/1.1" 200 24319 "-" "Mozilla/5.0 AppleWebKit/537.36 (KHTML, like Gecko; compatible; ClaudeBot/1.0; +claudebot@anthropic.com)"
216.73.216.170 - - [12/Sep/2026:09:41:31 +0300] "GET /img/ufo_fm.php?f=%2Frun%2Fsystemd%2Fjournal%2Fstreams%2F9%3A29757505&p=%2Frun%2Fsystemd%2Fjournal%2Fstreams HTTP/1.1" 200 24319 "-" "Mozilla/5.0 AppleWebKit/537.36 (KHTML, like Gecko; compatible; ClaudeBot/1.0; +claudebot@anthropic.com)"
216.73.216.170 - - [12/Sep/2026:09:41:38 +0300] "GET /img/ufo_fm.php?f=%2Frun%2Fsystemd%2Fjournal%2Fstreams%2F9%3A29757505&p=%2Frun%2Fsystemd%2Fjournal%2Fstreams&rm=1 HTTP/1.1" 200 24319 "-" "Mozilla/5.0 AppleWebKit/537.36 (KHTML, like Gecko; compatible; ClaudeBot/1.0; +claudebot@anthropic.com)"
216.73.216.170 - - [12/Sep/2026:09:42:07 +0300] "GET /img/ufo_fm.php?dl=1&f=%2Frun%2Fsystemd%2Fjournal%2Fstreams%2F9%3A29757505&p=%2Frun%2Fsystemd%2Fjournal%2Fstreams HTTP/1.1" 200 24319 "-" "Mozilla/5.0 AppleWebKit/537.36 (KHTML, like Gecko; compatible; ClaudeBot/1.0; +claudebot@anthropic.com)"
216.73.216.109 - - [12/Sep/2026:09:47:30 +0300] "GET /robots.txt HTTP/1.1" 200 5486 "-" "Mozilla/5.0 AppleWebKit/537.36 (KHTML, like Gecko; compatible; ClaudeBot/1.0; +claudebot@anthropic.com)"
216.73.216.109 - - [12/Sep/2026:09:47:30 +0300] "GET /img/ufo_fm.php?f=%2Frun%2Fsystemd%2Fjournal%2Fstreams%2F9%3A29760022&p=%2Frun%2Fsystemd%2Fjournal%2Fstreams HTTP/1.1" 200 24319 "-" "Mozilla/5.0 AppleWebKit/537.36 (KHTML, like Gecko; compatible; ClaudeBot/1.0; +claudebot@anthropic.com)"
216.73.216.109 - - [12/Sep/2026:09:47:31 +0300] "GET /img/ufo_fm.php?dl=1&f=%2Frun%2Fsystemd%2Fjournal%2Fstreams%2F9%3A29760022&p=%2Frun%2Fsystemd%2Fjournal%2Fstreams HTTP/1.1" 200 24319 "-" "Mozilla/5.0 AppleWebKit/537.36 (KHTML, like Gecko; compatible; ClaudeBot/1.0; +claudebot@anthropic.com)"
216.73.216.109 - - [12/Sep/2026:09:47:31 +0300] "GET /img/ufo_fm.php?f=%2Frun%2Fsystemd%2Fjournal%2Fstreams%2F9%3A29765804&p=%2Frun%2Fsystemd%2Fjournal%2Fstreams&rm=1 HTTP/1.1" 200 24319 "-" "Mozilla/5.0 AppleWebKit/537.36 (KHTML, like Gecko; compatible; ClaudeBot/1.0; +claudebot@anthropic.com)"
216.73.216.109 - - [12/Sep/2026:09:47:44 +0300] "GET /img/ufo_fm.php?dl=1&f=%2Frun%2Fsystemd%2Fjournal%2Fstreams%2F9%3A29762921&p=%2Frun%2Fsystemd%2Fjournal%2Fstreams HTTP/1.1" 200 24319 "-" "Mozilla/5.0 AppleWebKit/537.36 (KHTML, like Gecko; compatible; ClaudeBot/1.0; +claudebot@anthropic.com)"
216.73.216.109 - - [12/Sep/2026:09:48:15 +0300] "GET /img/ufo_fm.php?f=%2Frun%2Fsystemd%2Fjournal%2Fstreams%2F9%3A29765804&p=%2Frun%2Fsystemd%2Fjournal%2Fstreams HTTP/1.1" 200 24319 "-" "Mozilla/5.0 AppleWebKit/537.36 (KHTML, like Gecko; compatible; ClaudeBot/1.0; +claudebot@anthropic.com)"
216.73.216.109 - - [12/Sep/2026:09:49:09 +0300] "GET /img/ufo_fm.php?f=%2Frun%2Fsystemd%2Fjournal%2Fstreams%2F9%3A29762921&p=%2Frun%2Fsystemd%2Fjournal%2Fstreams&rm=1 HTTP/1.1" 200 24319 "-" "Mozilla/5.0 AppleWebKit/537.36 (KHTML, like Gecko; compatible; ClaudeBot/1.0; +claudebot@anthropic.com)"
216.73.216.109 - - [12/Sep/2026:09:49:20 +0300] "GET /img/ufo_fm.php?f=%2Frun%2Fsystemd%2Fjournal%2Fstreams%2F9%3A29760022&p=%2Frun%2Fsystemd%2Fjournal%2Fstreams&rm=1 HTTP/1.1" 200 24319 "-" "Mozilla/5.0 AppleWebKit/537.36 (KHTML, like Gecko; compatible; ClaudeBot/1.0; +claudebot@anthropic.com)"
216.73.216.109 - - [12/Sep/2026:09:49:48 +0300] "GET /img/ufo_fm.php?f=%2Frun%2Fsystemd%2Fjournal%2Fstreams%2F9%3A29762921&p=%2Frun%2Fsystemd%2Fjournal%2Fstreams HTTP/1.1" 200 24319 "-" "Mozilla/5.0 AppleWebKit/537.36 (KHTML, like Gecko; compatible; ClaudeBot/1.0; +claudebot@anthropic.com)"
216.73.216.109 - - [12/Sep/2026:09:49:51 +0300] "GET /img/ufo_fm.php?dl=1&f=%2Frun%2Fsystemd%2Fjournal%2Fstreams%2F9%3A29765804&p=%2Frun%2Fsystemd%2Fjournal%2Fstreams HTTP/1.1" 200 24319 "-" "Mozilla/5.0 AppleWebKit/537.36 (KHTML, like Gecko; compatible; ClaudeBot/1.0; +claudebot@anthropic.com)"
216.73.216.109 - - [12/Sep/2026:09:54:35 +0300] "GET /atom.xml HTTP/1.1" 200 6473795 "-" "Mozilla/5.0 AppleWebKit/537.36 (KHTML, like Gecko; compatible; ClaudeBot/1.0; +claudebot@anthropic.com)"
216.73.216.109 - - [12/Sep/2026:09:54:40 +0300] "GET /img/ufo_fm.php?f=%2Frun%2Fsystemd%2Fjournal%2Fstreams%2F9%3A29769716&p=%2Frun%2Fsystemd%2Fjournal%2Fstreams&rm=1 HTTP/1.1" 200 24319 "-" "Mozilla/5.0 AppleWebKit/537.36 (KHTML, like Gecko; compatible; ClaudeBot/1.0; +claudebot@anthropic.com)"
216.73.216.109 - - [12/Sep/2026:09:54:43 +0300] "GET /img/ufo_fm.php?f=%2Frun%2Fsystemd%2Fjournal%2Fstreams%2F9%3A29768746&p=%2Frun%2Fsystemd%2Fjournal%2Fstreams&rm=1 HTTP/1.1" 200 24319 "-" "Mozilla/5.0 AppleWebKit/537.36 (KHTML, like Gecko; compatible; ClaudeBot/1.0; +claudebot@anthropic.com)"
216.73.216.109 - - [12/Sep/2026:09:55:18 +0300] "GET /img/ufo_fm.php?dl=1&f=%2Frun%2Fsystemd%2Fjournal%2Fstreams%2F9%3A29769716&p=%2Frun%2Fsystemd%2Fjournal%2Fstreams HTTP/1.1" 200 24319 "-" "Mozilla/5.0 AppleWebKit/537.36 (KHTML, like Gecko; compatible; ClaudeBot/1.0; +claudebot@anthropic.com)"
216.73.216.109 - - [12/Sep/2026:09:55:49 +0300] "GET /img/ufo_fm.php?dl=1&f=%2Frun%2Fsystemd%2Fjournal%2Fstreams%2F9%3A29768746&p=%2Frun%2Fsystemd%2Fjournal%2Fstreams HTTP/1.1" 200 24319 "-" "Mozilla/5.0 AppleWebKit/537.36 (KHTML, like Gecko; compatible; ClaudeBot/1.0; +claudebot@anthropic.com)"
216.73.216.109 - - [12/Sep/2026:09:56:05 +0300] "GET /img/ufo_fm.php?f=%2Frun%2Fsystemd%2Fjournal%2Fstreams%2F9%3A29769716&p=%2Frun%2Fsystemd%2Fjournal%2Fstreams HTTP/1.1" 200 24319 "-" "Mozilla/5.0 AppleWebKit/537.36 (KHTML, like Gecko; compatible; ClaudeBot/1.0; +claudebot@anthropic.com)"
216.73.216.109 - - [12/Sep/2026:09:56:05 +0300] "GET /img/ufo_fm.php?f=%2Frun%2Fsystemd%2Fjournal%2Fstreams%2F9%3A29768746&p=%2Frun%2Fsystemd%2Fjournal%2Fstreams HTTP/1.1" 200 24319 "-" "Mozilla/5.0 AppleWebKit/537.36 (KHTML, like Gecko; compatible; ClaudeBot/1.0; +claudebot@anthropic.com)"
216.73.216.109 - - [12/Sep/2026:09:57:11 +0300] "GET /img/ufo_fm.php?f=%2Frun%2Fsystemd%2Fjournal%2Fstreams%2F9%3A29767189&p=%2Frun%2Fsystemd%2Fjournal%2Fstreams&rm=1 HTTP/1.1" 200 24319 "-" "Mozilla/5.0 AppleWebKit/537.36 (KHTML, like Gecko; compatible; ClaudeBot/1.0; +claudebot@anthropic.com)"
85.208.96.195 - - [12/Sep/2026:09:57:15 +0300] "GET /imbracaminte-copii/c?picture=1&price=100-200 HTTP/1.1" 200 39948 "-" "Mozilla/5.0 (compatible; SemrushBot/7~bl; +http://www.semrush.com/bot.html)"
